{"id":4,"date":"2012-07-23T17:46:31","date_gmt":"2012-07-23T17:46:31","guid":{"rendered":"http:\/\/portfolio-pre.uqac.ca\/gabarit\/?page_id=4"},"modified":"2022-02-20T12:16:08","modified_gmt":"2022-02-20T17:16:08","slug":"presentatio","status":"publish","type":"page","link":"https:\/\/portfolio.uqac.ca\/jacinthedion\/","title":{"rendered":"Pr\u00e9sentation"},"content":{"rendered":"<p>Je suis professeure titulaire en psychologie clinique et d\u00e9veloppementale aupr\u00e8s des enfants et des adolescents, au module de psychologie dans le D\u00e9partement des sciences de la sant\u00e9 de l\u2019Universit\u00e9 du Qu\u00e9bec \u00e0 Chicoutimi.\u00a0Je suis \u00e9galement co-titulaire\u00a0de la Chaire de recherche UQAC\u2013C\u00e9gep de Jonqui\u00e8re sur la VIe et la Sant\u00e9 des Jeunes (<a href=\"https:\/\/www.visaj.ca\">VISAJ<\/a>) depuis 2016.<\/p>\n<p>Mon exp\u00e9rience en tant que psychologue clinicienne aupr\u00e8s des enfants et des adolescents a fortement influenc\u00e9 mon d\u00e9sir de me concentrer sur les forces et les capacit\u00e9s d\u2019adaptation des jeunes et de leurs familles. Mon programme de recherche vise donc \u00e0 documenter les facteurs de risque et de protection reli\u00e9s \u00e0 l\u2019adaptation psychosociale (la sant\u00e9 psychologique, la satisfaction corporelle, l\u2019estime de soi, etc.) chez les jeunes de la population g\u00e9n\u00e9rale, mais \u00e9galement chez les peuples autochtones, et chez les jeunes ayant v\u00e9cu de la maltraitance (agression sexuelle, etc.). J\u2019ai \u00e9galement d\u00e9velopp\u00e9 des approches collaboratives impliquant divers partenaires et communaut\u00e9s dans le processus de recherche, reconnaissant les forces uniques que chacun apporte aux projets r\u00e9alis\u00e9s.<\/p>\n<p>Je suis notamment chercheure r\u00e9guli\u00e8re au <a href=\"https:\/\/www.cripcas.ca\">CRIPCAS<\/a> (Centre de Recherche Interdisciplinaire sur les Probl\u00e8mes Conjugaux et les Agressions Sexuelles), \u00e0 <a href=\"https:\/\/martinehebert.uqam.ca\/projets\/evissa\/\">EVISSA <\/a>(\u00c9quipe Violence et Sant\u00e9 Sexuelle), <a href=\"https:\/\/trajetvi.ca\/\">Trajetvi <\/a>(Trajectoires de violence conjugale), au <a href=\"https:\/\/www.uqac.ca\/santedurable\/\">CISD <\/a>(Centre intersectoriel en sant\u00e9 durable), \u00e0 la <a href=\"https:\/\/www.uqac.ca\/chaireunesco\/?page_id=289\">Chaire UNESCO<\/a> en transmission culturelle chez les Premiers Peuples comme dynamique de mieux-\u00eatre et d\u2019empowerment,\u00a0 \u00e0 l&#8217;<a href=\"https:\/\/www.uqac.ca\/abeh\/\">International academy of body image, eating problems and health<\/a> ainsi que membre de la Table r\u00e9gionale en mati\u00e8re de violence conjugale et d\u2019agression sexuelle au Saguenay-Lac-St-Jean.<\/p>\n","protected":false},"excerpt":{"rendered":"<p>Je suis professeure titulaire en psychologie clinique et d\u00e9veloppementale aupr\u00e8s des enfants et des adolescents, au module de psychologie dans le D\u00e9partement des sciences de la sant\u00e9 de l\u2019Universit\u00e9 du Qu\u00e9bec \u00e0 Chicoutimi.\u00a0Je suis \u00e9galement co-titulaire\u00a0de la Chaire de recherche UQAC\u2013C\u00e9gep de Jonqui\u00e8re sur la VIe et la Sant\u00e9 des Jeunes (VISAJ) depuis 2016. Mon &hellip; <a href=\"https:\/\/portfolio.uqac.ca\/jacinthedion\/\" class=\"more-link\">Continuer la lecture de <span class=\"screen-reader-text\">Pr\u00e9sentation<\/span>  <span class=\"meta-nav\">&rarr;<\/span><\/a><\/p>\n","protected":false},"author":95,"featured_media":0,"parent":0,"menu_order":0,"comment_status":"closed","ping_status":"closed","template":"","meta":{"footnotes":""},"tags":[7,4,8,5,9],"_links":{"self":[{"href":"https:\/\/portfolio.uqac.ca\/jacinthedion\/wp-json\/wp\/v2\/pages\/4"}],"collection":[{"href":"https:\/\/portfolio.uqac.ca\/jacinthedion\/wp-json\/wp\/v2\/pages"}],"about":[{"href":"https:\/\/portfolio.uqac.ca\/jacinthedion\/wp-json\/wp\/v2\/types\/page"}],"author":[{"embeddable":true,"href":"https:\/\/portfolio.uqac.ca\/jacinthedion\/wp-json\/wp\/v2\/users\/95"}],"replies":[{"embeddable":true,"href":"https:\/\/portfolio.uqac.ca\/jacinthedion\/wp-json\/wp\/v2\/comments?post=4"}],"version-history":[{"count":32,"href":"https:\/\/portfolio.uqac.ca\/jacinthedion\/wp-json\/wp\/v2\/pages\/4\/revisions"}],"predecessor-version":[{"id":327,"href":"https:\/\/portfolio.uqac.ca\/jacinthedion\/wp-json\/wp\/v2\/pages\/4\/revisions\/327"}],"wp:attachment":[{"href":"https:\/\/portfolio.uqac.ca\/jacinthedion\/wp-json\/wp\/v2\/media?parent=4"}],"wp:term":[{"taxonomy":"post_tag","embeddable":true,"href":"https:\/\/portfolio.uqac.ca\/jacinthedion\/wp-json\/wp\/v2\/tags?post=4"}],"curies":[{"name":"wp","href":"https:\/\/api.w.org\/{rel}","templated":true}]}}