{"id":18,"date":"2012-07-23T20:05:15","date_gmt":"2012-07-23T20:05:15","guid":{"rendered":"http:\/\/portfolio-pre.uqac.ca\/gabarit\/?page_id=18"},"modified":"2020-06-04T08:53:36","modified_gmt":"2020-06-04T12:53:36","slug":"enseignement","status":"publish","type":"page","link":"https:\/\/portfolio.uqac.ca\/jacquescherblanc\/enseignement\/","title":{"rendered":"Enseignement"},"content":{"rendered":"<ul>\n<li><a href=\"https:\/\/cours.uqac.ca\/4GRP104\">4GRP104<\/a>\u00a0:\u00a0\u00c9thique et culture religieuse au Primaire<\/li>\n<li><span style=\"line-height: 1.5;\"><a href=\"https:\/\/cours.uqac.ca\/4GRP108\">4GRP108<\/a>\u00a0:\u00a0\u00c9thique et culture religieuse au Secondaire<\/span><\/li>\n<li><span style=\"line-height: 1.5;\"><a href=\"https:\/\/cours.uqac.ca\/4ant104\">4ANT104<\/a>\u00a0:\u00a0Soci\u00e9t\u00e9s, rites et symboles<\/span><\/li>\n<li><span style=\"line-height: 1.5;\"><a href=\"https:\/\/cours.uqac.ca\/4sol109\">4SOL109<\/a>\u00a0:\u00a0Aspects sociaux des univers religieux<\/span><\/li>\n<li><a href=\"https:\/\/cours.uqac.ca\/4REL102\">4REL102<\/a>:\u00a0Dimension spirituelle de l&#8217;\u00eatre humain<\/li>\n<li><a href=\"https:\/\/cours.uqac.ca\/4ETH124\">4ETH124<\/a>: Enjeux \u00e9thiques contemporains<\/li>\n<li><a href=\"https:\/\/cours.uqac.ca\/4ETH808\">4ETH808<\/a>:\u00a0Auteurs contemporains en morale et en \u00e9thique<\/li>\n<li><a href=\"https:\/\/cours.uqac.ca\/4ETH809\">4ETH809<\/a>:\u00a0\u00c9thique, spiritualit\u00e9 et sant\u00e9<\/li>\n<li><a href=\"https:\/\/cours.uqac.ca\/4SVS221\">4SVS221<\/a>: Intervention en contexte de crise et d&#8217;urgence sociale<\/li>\n<\/ul>\n<h2>Unit\u00e9 d&#8217;enseignement en \u00e9tudes religieuses, en \u00e9thique et en philosophie<\/h2>\n<p>&nbsp;<\/p>\n<p>https:\/\/youtu.be\/KbPXxQHC3QQ?t=397<\/p>\n<p>&nbsp;<\/p>\n","protected":false},"excerpt":{"rendered":"<p>4GRP104\u00a0:\u00a0\u00c9thique et culture religieuse au Primaire 4GRP108\u00a0:\u00a0\u00c9thique et culture religieuse au Secondaire 4ANT104\u00a0:\u00a0Soci\u00e9t\u00e9s, rites et symboles 4SOL109\u00a0:\u00a0Aspects sociaux des univers religieux 4REL102:\u00a0Dimension spirituelle de l&#8217;\u00eatre humain 4ETH124: Enjeux \u00e9thiques contemporains 4ETH808:\u00a0Auteurs contemporains en morale et en \u00e9thique 4ETH809:\u00a0\u00c9thique, spiritualit\u00e9 et sant\u00e9 4SVS221: Intervention en contexte de crise et d&#8217;urgence sociale Unit\u00e9 d&#8217;enseignement en \u00e9tudes religieuses, &hellip; <a href=\"https:\/\/portfolio.uqac.ca\/jacquescherblanc\/enseignement\/\" class=\"more-link\">Continuer la lecture de <span class=\"screen-reader-text\">Enseignement<\/span>  <span class=\"meta-nav\">&rarr;<\/span><\/a><\/p>\n","protected":false},"author":185,"featured_media":0,"parent":0,"menu_order":0,"comment_status":"closed","ping_status":"closed","template":"","meta":{"footnotes":""},"tags":[],"_links":{"self":[{"href":"https:\/\/portfolio.uqac.ca\/jacquescherblanc\/wp-json\/wp\/v2\/pages\/18"}],"collection":[{"href":"https:\/\/portfolio.uqac.ca\/jacquescherblanc\/wp-json\/wp\/v2\/pages"}],"about":[{"href":"https:\/\/portfolio.uqac.ca\/jacquescherblanc\/wp-json\/wp\/v2\/types\/page"}],"author":[{"embeddable":true,"href":"https:\/\/portfolio.uqac.ca\/jacquescherblanc\/wp-json\/wp\/v2\/users\/185"}],"replies":[{"embeddable":true,"href":"https:\/\/portfolio.uqac.ca\/jacquescherblanc\/wp-json\/wp\/v2\/comments?post=18"}],"version-history":[{"count":16,"href":"https:\/\/portfolio.uqac.ca\/jacquescherblanc\/wp-json\/wp\/v2\/pages\/18\/revisions"}],"predecessor-version":[{"id":201,"href":"https:\/\/portfolio.uqac.ca\/jacquescherblanc\/wp-json\/wp\/v2\/pages\/18\/revisions\/201"}],"wp:attachment":[{"href":"https:\/\/portfolio.uqac.ca\/jacquescherblanc\/wp-json\/wp\/v2\/media?parent=18"}],"wp:term":[{"taxonomy":"post_tag","embeddable":true,"href":"https:\/\/portfolio.uqac.ca\/jacquescherblanc\/wp-json\/wp\/v2\/tags?post=18"}],"curies":[{"name":"wp","href":"https:\/\/api.w.org\/{rel}","templated":true}]}}