{"id":4,"date":"2012-07-23T17:46:31","date_gmt":"2012-07-23T21:46:31","guid":{"rendered":"http:\/\/portfolio-pre.uqac.ca\/gabarit\/?page_id=4"},"modified":"2022-07-25T12:12:42","modified_gmt":"2022-07-25T16:12:42","slug":"presentation","status":"publish","type":"page","link":"https:\/\/portfolio.uqac.ca\/jeanfrancoisboucher\/","title":{"rendered":"Pr\u00e9sentation"},"content":{"rendered":"<p><strong>Num\u00e9ro ORCID:<\/strong> <a href=\"https:\/\/orcid.org\/0000-0002-2918-8057\" target=\"_blank\">0000-0002-2918-8057<\/a><\/p>\n<p><strong>TH\u00c8MES DE RECHERCHE<br \/>\n<\/strong><\/p>\n<ul>\n<li>Gestion du carbone forestier<\/li>\n<li>Att\u00e9nuation des \u00e9missions de gaz \u00e0 effet de serre<\/li>\n<li>Empreinte carbone et carboneutralit\u00e9<\/li>\n<li>\u00c9cophysiologie foresti\u00e8re<\/li>\n<li>\u00c9co-conseil<\/li>\n<\/ul>\n<p><strong>AFFILIATION<\/strong><\/p>\n<ul>\n<li>Membre r\u00e9gulier du Centre de recherche sur la bor\u00e9alie (<a title=\"CREB\" href=\"https:\/\/recherche.uqac.ca\/centre-de-recherche-sur-la-borealie\/\" target=\"_blank\">CREB<\/a>)<\/li>\n<li>Membre r\u00e9gulier du Centre d&#8217;\u00e9tude de la for\u00eat (<a href=\"https:\/\/www.cef-cfr.ca\/\" target=\"_blank\">CEF<\/a>)<\/li>\n<li>Membre r\u00e9gulier du\u00a0Centre interdisciplinaire de recherche en op\u00e9rationnalisation du d\u00e9veloppement durable (<a href=\"https:\/\/www.cirodd.org\" target=\"_blank\">CIRODD<\/a>)<\/li>\n<\/ul>\n<p class=\"MsoNormal\"><strong>BIOGRAPHIE<\/strong><\/p>\n<p class=\"MsoNormal\">Mon d\u00e9but de carri\u00e8re en recherche, lors de mes \u00e9tudes de 2i\u00e8me et 3i\u00e8me cycles, m\u2019a permis de m\u2019\u00e9tablir dans le monde de la sylviculture du pin blanc. Avec mon bagage \u00e9cophysiologique appliqu\u00e9 \u00e0 la sylviculture de la for\u00eat mixte, je m\u2019amenais dans le monde de la for\u00eat bor\u00e9ale pour mes \u00e9tudes post-doctorales \u00e0 l\u2019UQAC en 2002. L\u2019ensemble des \u00e9tudes dans lesquelles j\u2019ai \u0153uvr\u00e9 durant mes ann\u00e9es post-doctorales se sont av\u00e9r\u00e9s les toutes premi\u00e8res \u00e9tudes portant sur la remise en production des terrains d\u00e9nud\u00e9s bor\u00e9aux et se veulent le point de d\u00e9part du cr\u00e9neau de la s\u00e9questration du carbone par le boisement de ces m\u00eames terrains, incluant le projet <a href=\"https:\/\/carboneboreal.uqac.ca\/\" target=\"_blank\">Carbone bor\u00e9al<\/a> dont j&#8217;ai \u00e9t\u00e9 le responsable scientifique de 2008 \u00e0 2017. Entre 2017 et 2019, j&#8217;ai pris part <a href=\"https:\/\/mffp.gouv.qc.ca\/documents\/forets\/Rapport_final_GTFCC.pdf\" target=\"_blank\">aux recherches <\/a>du Groupe de travail For\u00eats-Changements climatiques avec des coll\u00e8gues de FPInnovations et de l&#8217;U.Laval, gr\u00e2ce \u00e0 un financement du MFFP-MDDELCC (Fonds vert). Mes travaux de recherche actuels touchent autant des projets de comptabilisation du carbone forestier en contextes divers (am\u00e9nagement forestier ou urbain, restauration de sites d\u00e9grad\u00e9s), et ce, par des \u00e9tudes terrain et des mod\u00e9lisations \u00e0 grande \u00e9chelle, que des \u00e9tudes d&#8217;empreinte carbone, de cr\u00e9dits compensatoires ou de carboneutralit\u00e9 de nature diverse, de m\u00eame que des \u00e9tudes plus fondamentales sur l&#8217;\u00e9cophysiologie de la croissance des arbres ou, encore, sur les aspects \u00e9co-conseil de la lutte aux changements climatiques et de la transition socio\u00e9cologique.<\/p>\n<p class=\"MsoNormal\">J\u2019enseigne principalement dans le <a title=\"Programme court de 2e cycle sur la gestion durable du carbone\" href=\"https:\/\/www.uqac.ca\/programme\/9044-prog-court-2e-transition-socio-ecologique\/\" target=\"_blank\">programme<\/a> court de 2e cycle en transition socio\u00e9cologique, un programme qui s\u2019adresse \u00e0 tout professionnel de l&#8217;ensemble des secteurs (transport, b\u00e2timent, industrie, \u00e9nergie, for\u00eat et agriculture) d\u00e9sireux d\u2019acqu\u00e9rir des comp\u00e9tences multiples utiles \u00e0 leur activit\u00e9 professionnelle pour l&#8217;accompagnement d&#8217;une d\u00e9marche de d\u00e9veloppement durable, de lutte aux changements climatiques\u00a0dans le contexte des march\u00e9s du carbone et d&#8217;op\u00e9rationnalisation du d\u00e9veloppement durable vis \u00e0 vis les Objectifs de DD des Nations Unis. Je suis professeur r\u00e9gulier en \u00e9co-conseil au d\u00e9partement des Sciences fondamentales de l&#8217;UQAC depuis ao\u00fbt 2014 et directeur des\u00a0Programmes d&#8217;\u00e9tudes de cycles sup\u00e9rieurs en \u00c9co-conseil depuis 2017. Je suis \u00e9galement professeur associ\u00e9 au d\u00e9partement des sciences du bois et de la for\u00eat de l&#8217;Universit\u00e9 Laval.<\/p>\n<p><strong>FORMATION<\/strong><\/p>\n<table border=\"0\" width=\"808\" cellspacing=\"0\" cellpadding=\"0\">\n<tbody>\n<tr>\n<td valign=\"top\" width=\"312\"><b>Post-doctorat<\/b>, Biologie foresti\u00e8re<br \/>\nUniversit\u00e9 du Qu\u00e9bec \u00e0 Chicoutimi (UQAC)<br \/>\nSuperviseur : Daniel Lord<b>\u00a0<\/b><\/td>\n<td valign=\"top\" width=\"112\">\n<p align=\"center\">2002-2007<\/p>\n<\/td>\n<td valign=\"top\" width=\"384\">Th\u00e8me de la recherche : Sylviculture et \u00e9cophysiologie de la remise en production des terrains d\u00e9nud\u00e9s bor\u00e9aux \/ S\u00e9questration du carbone<\/td>\n<\/tr>\n<tr>\n<td valign=\"top\" width=\"312\"><b>Ph. D.<\/b>, Sciences foresti\u00e8res<br \/>\nUniversit\u00e9 Laval, Qu\u00e9bec<br \/>\nDirectrice\u00a0: Alison Munson<br \/>\nCo-directeur\u00a0: Pierre Bernier (SCF)<\/td>\n<td valign=\"top\" width=\"112\">\n<p align=\"center\">2002<\/p>\n<p align=\"center\">\n<\/td>\n<td valign=\"top\" width=\"384\">Titre de la th\u00e8se\u00a0: Acclimatation de plants de pin blanc (<i>Pinus strobus<\/i> L.) face \u00e0 diverses conditions de lumi\u00e8re, de comp\u00e9tition et de temp\u00e9rature du sol cr\u00e9\u00e9es par un proc\u00e9d\u00e9 de coupes progressives<\/td>\n<\/tr>\n<tr>\n<td valign=\"top\" width=\"312\"><b>M. Sc.<\/b>, Sciences foresti\u00e8res<br \/>\nUniversit\u00e9 Laval, Qu\u00e9bec<br \/>\nDirectrice\u00a0: Alison Munson<\/td>\n<td valign=\"top\" width=\"112\">\n<p align=\"center\">1997<\/p>\n<\/td>\n<td valign=\"top\" width=\"384\">Titre du m\u00e9moire\u00a0: \u00c9cophysiologie du pin blanc (<i>Pinus strobus <\/i>L.) en plantation soumis \u00e0 des traitements sylvicoles intensifs<\/td>\n<\/tr>\n<tr>\n<td valign=\"top\" width=\"312\"><b>B. Sc.<\/b>, Biologie<br \/>\nUQAC, Chicoutimi<\/td>\n<td valign=\"top\" width=\"112\">\n<p align=\"center\">1993<\/p>\n<\/td>\n<td valign=\"top\" width=\"384\"><\/td>\n<\/tr>\n<\/tbody>\n<\/table>\n","protected":false},"excerpt":{"rendered":"<p>Num\u00e9ro ORCID: 0000-0002-2918-8057 TH\u00c8MES DE RECHERCHE Gestion du carbone forestier Att\u00e9nuation des \u00e9missions de gaz \u00e0 effet de serre Empreinte carbone et carboneutralit\u00e9 \u00c9cophysiologie foresti\u00e8re \u00c9co-conseil AFFILIATION Membre r\u00e9gulier du Centre de recherche sur la bor\u00e9alie (CREB) Membre r\u00e9gulier du Centre d&#8217;\u00e9tude de la for\u00eat (CEF) Membre r\u00e9gulier du\u00a0Centre interdisciplinaire de recherche en op\u00e9rationnalisation du &hellip; <a href=\"https:\/\/portfolio.uqac.ca\/jeanfrancoisboucher\/\" class=\"more-link\">Continuer la lecture de <span class=\"screen-reader-text\">Pr\u00e9sentation<\/span>  <span class=\"meta-nav\">&rarr;<\/span><\/a><\/p>\n","protected":false},"author":14,"featured_media":0,"parent":0,"menu_order":1,"comment_status":"closed","ping_status":"closed","template":"","meta":{"footnotes":""},"tags":[],"_links":{"self":[{"href":"https:\/\/portfolio.uqac.ca\/jeanfrancoisboucher\/wp-json\/wp\/v2\/pages\/4"}],"collection":[{"href":"https:\/\/portfolio.uqac.ca\/jeanfrancoisboucher\/wp-json\/wp\/v2\/pages"}],"about":[{"href":"https:\/\/portfolio.uqac.ca\/jeanfrancoisboucher\/wp-json\/wp\/v2\/types\/page"}],"author":[{"embeddable":true,"href":"https:\/\/portfolio.uqac.ca\/jeanfrancoisboucher\/wp-json\/wp\/v2\/users\/14"}],"replies":[{"embeddable":true,"href":"https:\/\/portfolio.uqac.ca\/jeanfrancoisboucher\/wp-json\/wp\/v2\/comments?post=4"}],"version-history":[{"count":57,"href":"https:\/\/portfolio.uqac.ca\/jeanfrancoisboucher\/wp-json\/wp\/v2\/pages\/4\/revisions"}],"predecessor-version":[{"id":452,"href":"https:\/\/portfolio.uqac.ca\/jeanfrancoisboucher\/wp-json\/wp\/v2\/pages\/4\/revisions\/452"}],"wp:attachment":[{"href":"https:\/\/portfolio.uqac.ca\/jeanfrancoisboucher\/wp-json\/wp\/v2\/media?parent=4"}],"wp:term":[{"taxonomy":"post_tag","embeddable":true,"href":"https:\/\/portfolio.uqac.ca\/jeanfrancoisboucher\/wp-json\/wp\/v2\/tags?post=4"}],"curies":[{"name":"wp","href":"https:\/\/api.w.org\/{rel}","templated":true}]}}