{"id":18,"date":"2012-07-23T20:05:15","date_gmt":"2012-07-23T20:05:15","guid":{"rendered":"http:\/\/portfolio-pre.uqac.ca\/gabarit\/?page_id=18"},"modified":"2017-05-06T11:20:44","modified_gmt":"2017-05-06T15:20:44","slug":"enseignement","status":"publish","type":"page","link":"https:\/\/portfolio.uqac.ca\/jeannesimard\/enseignement\/","title":{"rendered":"Enseignement"},"content":{"rendered":"<ul>\n<li><strong>2DRA101<\/strong> : Droit des affaires<\/li>\n<\/ul>\n<ul>\n<li><strong>2DRA104\u00a0<\/strong>: Responsabilit\u00e9 l\u00e9gale et d\u00e9ontologie en gestion<\/li>\n<\/ul>\n<ul>\n<li><strong>MGP708X<\/strong>\u00a0: Th\u00e8mes sp\u00e9ciaux (Aspects l\u00e9gaux, d\u00e9ontologiques et \u00e9thiques de la gestion de projet)<\/li>\n<\/ul>\n<ul>\n<li><strong>DMP9003 :<\/strong> Mod\u00e8les contemporains en management (avec le prof. Brahim Meddeb)<\/li>\n<\/ul>\n<p>&nbsp;<\/p>\n<p>&nbsp;<\/p>\n","protected":false},"excerpt":{"rendered":"<p>2DRA101 : Droit des affaires 2DRA104\u00a0: Responsabilit\u00e9 l\u00e9gale et d\u00e9ontologie en gestion MGP708X\u00a0: Th\u00e8mes sp\u00e9ciaux (Aspects l\u00e9gaux, d\u00e9ontologiques et \u00e9thiques de la gestion de projet) DMP9003 : Mod\u00e8les contemporains en management (avec le prof. Brahim Meddeb) &nbsp; &nbsp;<\/p>\n","protected":false},"author":12,"featured_media":0,"parent":0,"menu_order":0,"comment_status":"closed","ping_status":"closed","template":"","meta":{"footnotes":""},"tags":[],"_links":{"self":[{"href":"https:\/\/portfolio.uqac.ca\/jeannesimard\/wp-json\/wp\/v2\/pages\/18"}],"collection":[{"href":"https:\/\/portfolio.uqac.ca\/jeannesimard\/wp-json\/wp\/v2\/pages"}],"about":[{"href":"https:\/\/portfolio.uqac.ca\/jeannesimard\/wp-json\/wp\/v2\/types\/page"}],"author":[{"embeddable":true,"href":"https:\/\/portfolio.uqac.ca\/jeannesimard\/wp-json\/wp\/v2\/users\/12"}],"replies":[{"embeddable":true,"href":"https:\/\/portfolio.uqac.ca\/jeannesimard\/wp-json\/wp\/v2\/comments?post=18"}],"version-history":[{"count":10,"href":"https:\/\/portfolio.uqac.ca\/jeannesimard\/wp-json\/wp\/v2\/pages\/18\/revisions"}],"predecessor-version":[{"id":234,"href":"https:\/\/portfolio.uqac.ca\/jeannesimard\/wp-json\/wp\/v2\/pages\/18\/revisions\/234"}],"wp:attachment":[{"href":"https:\/\/portfolio.uqac.ca\/jeannesimard\/wp-json\/wp\/v2\/media?parent=18"}],"wp:term":[{"taxonomy":"post_tag","embeddable":true,"href":"https:\/\/portfolio.uqac.ca\/jeannesimard\/wp-json\/wp\/v2\/tags?post=18"}],"curies":[{"name":"wp","href":"https:\/\/api.w.org\/{rel}","templated":true}]}}

<ul>
<li><strong>2DRA101</strong> : Droit des affaires</li>
</ul>
<ul>
<li><strong>2DRA104 </strong>: Responsabilité légale et déontologie en gestion</li>
</ul>
<ul>
<li><strong>MGP708X</strong> : Thèmes spéciaux (Aspects légaux, déontologiques et éthiques de la gestion de projet)</li>
</ul>
<ul>
<li><strong>DMP9003 :</strong> Modèles contemporains en management (avec le prof. Brahim Meddeb)</li>
</ul>
<p>&nbsp;</p>
<p>&nbsp;</p>

<p>2DRA101 : Droit des affaires 2DRA104 : Responsabilité légale et déontologie en gestion MGP708X : Thèmes spéciaux (Aspects légaux, déontologiques et éthiques de la gestion de projet) DMP9003 : Modèles contemporains en management (avec le prof. Brahim Meddeb) &nbsp; &nbsp;</p>
