{"id":4,"date":"2012-07-23T17:46:31","date_gmt":"2012-07-23T17:46:31","guid":{"rendered":"http:\/\/portfolio-pre.uqac.ca\/gabarit\/?page_id=4"},"modified":"2014-10-18T11:23:47","modified_gmt":"2014-10-18T15:23:47","slug":"presentatio","status":"publish","type":"page","link":"https:\/\/portfolio.uqac.ca\/jeanpierrebeland\/","title":{"rendered":"Pr\u00e9sentation"},"content":{"rendered":"<h2>Jean-Pierre B\u00e9land<\/h2>\n<p>Professeur titulaire au d\u00e9partement des Sciences humaines&#8230;<br \/>\nResponsable des programmes en \u00e9thique &#8230;<\/p>\n<h2>Champs d&#8217;int\u00e9r\u00eat<\/h2>\n<p>\u00c9thique professionnelle , \u00c9thique clinique, \u00c9thique des technologies.<\/p>\n","protected":false},"excerpt":{"rendered":"<p>Jean-Pierre B\u00e9land Professeur titulaire au d\u00e9partement des Sciences humaines&#8230; Responsable des programmes en \u00e9thique &#8230; Champs d&#8217;int\u00e9r\u00eat \u00c9thique professionnelle , \u00c9thique clinique, \u00c9thique des technologies.<\/p>\n","protected":false},"author":63,"featured_media":0,"parent":0,"menu_order":0,"comment_status":"closed","ping_status":"closed","template":"","meta":{"footnotes":""},"tags":[],"_links":{"self":[{"href":"https:\/\/portfolio.uqac.ca\/jeanpierrebeland\/wp-json\/wp\/v2\/pages\/4"}],"collection":[{"href":"https:\/\/portfolio.uqac.ca\/jeanpierrebeland\/wp-json\/wp\/v2\/pages"}],"about":[{"href":"https:\/\/portfolio.uqac.ca\/jeanpierrebeland\/wp-json\/wp\/v2\/types\/page"}],"author":[{"embeddable":true,"href":"https:\/\/portfolio.uqac.ca\/jeanpierrebeland\/wp-json\/wp\/v2\/users\/63"}],"replies":[{"embeddable":true,"href":"https:\/\/portfolio.uqac.ca\/jeanpierrebeland\/wp-json\/wp\/v2\/comments?post=4"}],"version-history":[{"count":13,"href":"https:\/\/portfolio.uqac.ca\/jeanpierrebeland\/wp-json\/wp\/v2\/pages\/4\/revisions"}],"predecessor-version":[{"id":110,"href":"https:\/\/portfolio.uqac.ca\/jeanpierrebeland\/wp-json\/wp\/v2\/pages\/4\/revisions\/110"}],"wp:attachment":[{"href":"https:\/\/portfolio.uqac.ca\/jeanpierrebeland\/wp-json\/wp\/v2\/media?parent=4"}],"wp:term":[{"taxonomy":"post_tag","embeddable":true,"href":"https:\/\/portfolio.uqac.ca\/jeanpierrebeland\/wp-json\/wp\/v2\/tags?post=4"}],"curies":[{"name":"wp","href":"https:\/\/api.w.org\/{rel}","templated":true}]}}

Présentation

<h2>Jean-Pierre Béland</h2>
<p>Professeur titulaire au département des Sciences humaines&#8230;<br />
Responsable des programmes en éthique &#8230;</p>
<h2>Champs d&#8217;intérêt</h2>
<p>Éthique professionnelle , Éthique clinique, Éthique des technologies.</p>

<p>Jean-Pierre Béland Professeur titulaire au département des Sciences humaines&#8230; Responsable des programmes en éthique &#8230; Champs d&#8217;intérêt Éthique professionnelle , Éthique clinique, Éthique des technologies.</p>
