{"id":18,"date":"2023-07-27T11:29:00","date_gmt":"2023-07-27T15:29:00","guid":{"rendered":"http:\/\/portfolio-pre.uqac.ca\/gabarit\/?page_id=18"},"modified":"2025-01-07T10:45:16","modified_gmt":"2025-01-07T15:45:16","slug":"enseignement","status":"publish","type":"page","link":"https:\/\/portfolio.uqac.ca\/jeremiebeaudin\/enseignement\/","title":{"rendered":"Enseignement"},"content":{"rendered":"<h5>Cours enseign\u00e9s :<\/h5>\n<ul>\n<li><a href=\"https:\/\/programmes.uqac.ca\/ssoi309\" target=\"_blank\" rel=\"noopener\">SSOI309 &#8211; Pratique infirmi\u00e8re en sant\u00e9 populationnelle<\/a><\/li>\n<li><a href=\"https:\/\/programmes.uqac.ca\/ssoi318\" target=\"_blank\" rel=\"noopener\">SSOI318 &#8211; \u00c9ducation \u00e0 la sant\u00e9 et approche interculturelle<\/a><\/li>\n<li><a href=\"https:\/\/programmes.uqac.ca\/ssoi319\" target=\"_blank\" rel=\"noopener\">SSOI319 &#8211; \u00c9ducation \u00e0 la sant\u00e9<\/a><\/li>\n<li><a href=\"https:\/\/programmes.uqac.ca\/ssoi321\" target=\"_blank\" rel=\"noopener\">SSOI321 &#8211; Approche interculturelle<\/a><\/li>\n<li><a href=\"https:\/\/programmes.uqac.ca\/ssoi409\" target=\"_blank\" rel=\"noopener\">SSOI409 &#8211; Pratique infirmi\u00e8re et collectivit\u00e9<\/a><\/li>\n<li><a href=\"https:\/\/programmes.uqac.ca\/ssoi485\" target=\"_blank\" rel=\"noopener\">SSOI485 &#8211; D\u00e9marche d&#8217;optimisation de la pratique infirmi\u00e8re<\/a><\/li>\n<\/ul>\n<h5>Professeur responsable des cours :<\/h5>\n<ul>\n<li><a href=\"https:\/\/programmes.uqac.ca\/ssoi162\" target=\"_blank\" rel=\"noopener\">SSOI162 &#8211; Approche relationnelle du soin<\/a><\/li>\n<li><a href=\"https:\/\/programmes.uqac.ca\/ssoi309\" target=\"_blank\" rel=\"noopener\">SSOI309 &#8211; Pratique infirmi\u00e8re en sant\u00e9 populationnelle<\/a><\/li>\n<li><a href=\"https:\/\/programmes.uqac.ca\/ssoi318\" target=\"_blank\" rel=\"noopener\">SSOI318 &#8211; \u00c9ducation \u00e0 la sant\u00e9 et approche interculturelle<\/a><\/li>\n<li><a href=\"https:\/\/programmes.uqac.ca\/ssoi319\" target=\"_blank\" rel=\"noopener\">SSOI319 &#8211; \u00c9ducation \u00e0 la sant\u00e9<\/a><\/li>\n<li><a href=\"https:\/\/programmes.uqac.ca\/ssoi338\" target=\"_blank\" rel=\"noopener\">SSOI338 &#8211; Pratique infirmi\u00e8re en sant\u00e9 mentale et en<\/a><br \/>\npsychiatrie 1<\/li>\n<li><a href=\"https:\/\/programmes.uqac.ca\/ssoi339\" target=\"_blank\" rel=\"noopener\">SSOI339 &#8211; Pratique infirmi\u00e8re en sant\u00e9 mentale<\/a><\/li>\n<li><a href=\"https:\/\/programmes.uqac.ca\/ssoi448\" target=\"_blank\" rel=\"noopener\">SSOI448 &#8211; Pratique infirmi\u00e8re en sant\u00e9 mentale et en<\/a><br \/>\npsychiatrie 2<\/li>\n<li><a href=\"https:\/\/programmes.uqac.ca\/ssoi449\" target=\"_blank\" rel=\"noopener\">SSOI449 &#8211; Pratique infirmi\u00e8re en sant\u00e9 mentale: Volet communautaire<\/a><\/li>\n<\/ul>\n<h5>Superviseur aux stages :<\/h5>\n<ul>\n<li><a href=\"https:\/\/programmes.uqac.ca\/ssoi535\" target=\"_blank\" rel=\"noopener\">SSOI535 &#8211; Stage en pratique infirmi\u00e8re : sant\u00e9 populationnelle<\/a><\/li>\n<li><a href=\"https:\/\/programmes.uqac.ca\/ssoi590\" target=\"_blank\" rel=\"noopener\">SSOI590 &#8211; Stage en pratique infirmi\u00e8re : consolidation professionnelle, recherche et r\u00e9gion \u00e9loign\u00e9e\u00a0<\/a><\/li>\n<\/ul>\n","protected":false},"excerpt":{"rendered":"<p>Cours enseign\u00e9s : SSOI309 &#8211; Pratique infirmi\u00e8re en sant\u00e9 populationnelle SSOI318 &#8211; \u00c9ducation \u00e0 la sant\u00e9 et approche interculturelle SSOI319 &#8211; \u00c9ducation \u00e0 la sant\u00e9 SSOI321 &#8211; Approche interculturelle SSOI409 &#8211; Pratique infirmi\u00e8re et collectivit\u00e9 SSOI485 &#8211; D\u00e9marche d&#8217;optimisation de la pratique infirmi\u00e8re Professeur responsable des cours : SSOI162 &#8211; Approche relationnelle du soin SSOI309 &hellip; <a href=\"https:\/\/portfolio.uqac.ca\/jeremiebeaudin\/enseignement\/\" class=\"more-link\">Continuer la lecture de <span class=\"screen-reader-text\">Enseignement<\/span>  <span class=\"meta-nav\">&rarr;<\/span><\/a><\/p>\n","protected":false},"author":89,"featured_media":0,"parent":0,"menu_order":0,"comment_status":"closed","ping_status":"closed","template":"","meta":{"footnotes":""},"tags":[],"_links":{"self":[{"href":"https:\/\/portfolio.uqac.ca\/jeremiebeaudin\/wp-json\/wp\/v2\/pages\/18"}],"collection":[{"href":"https:\/\/portfolio.uqac.ca\/jeremiebeaudin\/wp-json\/wp\/v2\/pages"}],"about":[{"href":"https:\/\/portfolio.uqac.ca\/jeremiebeaudin\/wp-json\/wp\/v2\/types\/page"}],"author":[{"embeddable":true,"href":"https:\/\/portfolio.uqac.ca\/jeremiebeaudin\/wp-json\/wp\/v2\/users\/89"}],"replies":[{"embeddable":true,"href":"https:\/\/portfolio.uqac.ca\/jeremiebeaudin\/wp-json\/wp\/v2\/comments?post=18"}],"version-history":[{"count":8,"href":"https:\/\/portfolio.uqac.ca\/jeremiebeaudin\/wp-json\/wp\/v2\/pages\/18\/revisions"}],"predecessor-version":[{"id":214,"href":"https:\/\/portfolio.uqac.ca\/jeremiebeaudin\/wp-json\/wp\/v2\/pages\/18\/revisions\/214"}],"wp:attachment":[{"href":"https:\/\/portfolio.uqac.ca\/jeremiebeaudin\/wp-json\/wp\/v2\/media?parent=18"}],"wp:term":[{"taxonomy":"post_tag","embeddable":true,"href":"https:\/\/portfolio.uqac.ca\/jeremiebeaudin\/wp-json\/wp\/v2\/tags?post=18"}],"curies":[{"name":"wp","href":"https:\/\/api.w.org\/{rel}","templated":true}]}}