{"id":27,"date":"2017-06-07T15:50:17","date_gmt":"2017-06-07T19:50:17","guid":{"rendered":"http:\/\/portfolio-pre.uqac.ca\/gabarit\/?page_id=27"},"modified":"2017-06-12T14:21:43","modified_gmt":"2017-06-12T18:21:43","slug":"curriculum-vitae","status":"publish","type":"page","link":"https:\/\/portfolio.uqac.ca\/jocelynbenoit\/curriculum-vitae\/","title":{"rendered":"Curriculum vitae"},"content":{"rendered":"<h2><strong>Profil<\/strong><\/h2>\n<ul>\n<li>Profil et curriculum vitae sur <a href=\"https:\/\/www.linkedin.com\/in\/jocelynbenoit\/\">LinkedIn<\/a><\/li>\n<\/ul>\n<h2><strong>Dipl\u00f4mes<\/strong><\/h2>\n<p>Ph.D. en g\u00e9nie (profil Recherche appliqu\u00e9e), \u00c9cole de technologie sup\u00e9rieure, Montr\u00e9al, Qu\u00e9bec, Canada<\/p>\n<p>Baccalaur\u00e9at en g\u00e9nie logiciel, \u00c9cole de technologie sup\u00e9rieure, Montr\u00e9al, Qu\u00e9bec, Canada<\/p>\n<h2><strong>Distinctions et bourses<br \/>\n<\/strong><\/h2>\n<p>2009 &#8211; Bourse d&#8217;excellence de 3e cycle, Fonds qu\u00e9b\u00e9cois de la recherche sur la nature et les technologies (FQRNT)<\/p>\n<p>2009 &#8211; Bourse d&#8217;excellence de 3e cycle, \u00c9cole de technologie sup\u00e9rieure (\u00c9TS)<\/p>\n<p>2008 &#8211; Bourse de recherche de 1er cycle, Conseil de recherches en sciences naturelles et en g\u00e9nie du Canada (CRSNG)<\/p>\n<p>2007 &#8211; Bourse du conseil d&#8217;administration, \u00c9cole de technologies sup\u00e9rieure (\u00c9TS)<\/p>\n<h2><strong>Activit\u00e9s<\/strong><\/h2>\n<p>2012-2014 &#8211; Directeur p\u00e9dagogique \u00e0 l&#8217;\u00c9cole NAD<\/p>\n<p>2011-2013 &#8211; Membre du conseil de module en arts<\/p>\n","protected":false},"excerpt":{"rendered":"<p>Profil Profil et curriculum vitae sur LinkedIn Dipl\u00f4mes Ph.D. en g\u00e9nie (profil Recherche appliqu\u00e9e), \u00c9cole de technologie sup\u00e9rieure, Montr\u00e9al, Qu\u00e9bec, Canada Baccalaur\u00e9at en g\u00e9nie logiciel, \u00c9cole de technologie sup\u00e9rieure, Montr\u00e9al, Qu\u00e9bec, Canada Distinctions et bourses 2009 &#8211; Bourse d&#8217;excellence de 3e cycle, Fonds qu\u00e9b\u00e9cois de la recherche sur la nature et les technologies (FQRNT) 2009 &hellip; <a href=\"https:\/\/portfolio.uqac.ca\/jocelynbenoit\/curriculum-vitae\/\" class=\"more-link\">Continuer la lecture de <span class=\"screen-reader-text\">Curriculum vitae<\/span>  <span class=\"meta-nav\">&rarr;<\/span><\/a><\/p>\n","protected":false},"author":89,"featured_media":0,"parent":0,"menu_order":0,"comment_status":"closed","ping_status":"closed","template":"","meta":{"footnotes":""},"tags":[],"_links":{"self":[{"href":"https:\/\/portfolio.uqac.ca\/jocelynbenoit\/wp-json\/wp\/v2\/pages\/27"}],"collection":[{"href":"https:\/\/portfolio.uqac.ca\/jocelynbenoit\/wp-json\/wp\/v2\/pages"}],"about":[{"href":"https:\/\/portfolio.uqac.ca\/jocelynbenoit\/wp-json\/wp\/v2\/types\/page"}],"author":[{"embeddable":true,"href":"https:\/\/portfolio.uqac.ca\/jocelynbenoit\/wp-json\/wp\/v2\/users\/89"}],"replies":[{"embeddable":true,"href":"https:\/\/portfolio.uqac.ca\/jocelynbenoit\/wp-json\/wp\/v2\/comments?post=27"}],"version-history":[{"count":9,"href":"https:\/\/portfolio.uqac.ca\/jocelynbenoit\/wp-json\/wp\/v2\/pages\/27\/revisions"}],"predecessor-version":[{"id":171,"href":"https:\/\/portfolio.uqac.ca\/jocelynbenoit\/wp-json\/wp\/v2\/pages\/27\/revisions\/171"}],"wp:attachment":[{"href":"https:\/\/portfolio.uqac.ca\/jocelynbenoit\/wp-json\/wp\/v2\/media?parent=27"}],"wp:term":[{"taxonomy":"post_tag","embeddable":true,"href":"https:\/\/portfolio.uqac.ca\/jocelynbenoit\/wp-json\/wp\/v2\/tags?post=27"}],"curies":[{"name":"wp","href":"https:\/\/api.w.org\/{rel}","templated":true}]}}