{"id":46,"date":"2017-06-07T15:50:17","date_gmt":"2017-06-07T19:50:17","guid":{"rendered":"http:\/\/portfolio-pre.uqac.ca\/gabarit\/?page_id=46"},"modified":"2019-11-12T15:29:44","modified_gmt":"2019-11-12T20:29:44","slug":"recherche","status":"publish","type":"page","link":"https:\/\/portfolio.uqac.ca\/jocelynbenoit\/recherche\/","title":{"rendered":"Recherche"},"content":{"rendered":"<h4>Personnel hautement qualifi\u00e9 (PHQ)<\/h4>\n<p><strong>Actuel(s)<\/strong><\/p>\n<ul>\n<li>Lyes Belgacem, \u00e9tudiant \u00e0 la ma\u00eetrise en art<\/li>\n<\/ul>\n<p><strong>Alumni<\/strong><\/p>\n<ul>\n<li>Thibault Prin, M. Sc.,<\/li>\n<li>Vincent Nesme, M. Sc.,<\/li>\n<li>Charles Trahan-Desrochers, M. Sc.<\/li>\n<li>Sophie Mayeux, M. Sc.<\/li>\n<li>Fran\u00e7ois Lord, M. Sc. (reprise de direction)<\/li>\n<\/ul>\n<h4>Ressources pour \u00e9tudiants de cycle sup\u00e9rieur<\/h4>\n","protected":false},"excerpt":{"rendered":"<p>Personnel hautement qualifi\u00e9 (PHQ) Actuel(s) Lyes Belgacem, \u00e9tudiant \u00e0 la ma\u00eetrise en art Alumni Thibault Prin, M. Sc., Vincent Nesme, M. Sc., Charles Trahan-Desrochers, M. Sc. Sophie Mayeux, M. Sc. Fran\u00e7ois Lord, M. Sc. (reprise de direction) Ressources pour \u00e9tudiants de cycle sup\u00e9rieur<\/p>\n","protected":false},"author":89,"featured_media":0,"parent":0,"menu_order":0,"comment_status":"closed","ping_status":"closed","template":"","meta":{"footnotes":""},"tags":[],"_links":{"self":[{"href":"https:\/\/portfolio.uqac.ca\/jocelynbenoit\/wp-json\/wp\/v2\/pages\/46"}],"collection":[{"href":"https:\/\/portfolio.uqac.ca\/jocelynbenoit\/wp-json\/wp\/v2\/pages"}],"about":[{"href":"https:\/\/portfolio.uqac.ca\/jocelynbenoit\/wp-json\/wp\/v2\/types\/page"}],"author":[{"embeddable":true,"href":"https:\/\/portfolio.uqac.ca\/jocelynbenoit\/wp-json\/wp\/v2\/users\/89"}],"replies":[{"embeddable":true,"href":"https:\/\/portfolio.uqac.ca\/jocelynbenoit\/wp-json\/wp\/v2\/comments?post=46"}],"version-history":[{"count":14,"href":"https:\/\/portfolio.uqac.ca\/jocelynbenoit\/wp-json\/wp\/v2\/pages\/46\/revisions"}],"predecessor-version":[{"id":195,"href":"https:\/\/portfolio.uqac.ca\/jocelynbenoit\/wp-json\/wp\/v2\/pages\/46\/revisions\/195"}],"wp:attachment":[{"href":"https:\/\/portfolio.uqac.ca\/jocelynbenoit\/wp-json\/wp\/v2\/media?parent=46"}],"wp:term":[{"taxonomy":"post_tag","embeddable":true,"href":"https:\/\/portfolio.uqac.ca\/jocelynbenoit\/wp-json\/wp\/v2\/tags?post=46"}],"curies":[{"name":"wp","href":"https:\/\/api.w.org\/{rel}","templated":true}]}}