{"id":189,"date":"2019-03-08T14:00:05","date_gmt":"2019-03-08T19:00:05","guid":{"rendered":"http:\/\/portfolio-pre.uqac.ca\/juliebouchard\/?page_id=189"},"modified":"2019-03-08T14:16:31","modified_gmt":"2019-03-08T19:16:31","slug":"apparitions-medias","status":"publish","type":"page","link":"https:\/\/portfolio.uqac.ca\/juliebouchard\/apparitions-medias\/","title":{"rendered":"Apparitions m\u00e9dias"},"content":{"rendered":"<h2>2017<\/h2>\n<p><a href=\"https:\/\/www.985fm.ca\/extraits-audios\/techno\/41531\/une-premiere-etude-au-quebec-surlutilisation- dun-r\">Une premi\u00e8re \u00e9tude au Qu\u00e9bec sur l&#8217;utilisation des robots pour d\u00e9celer les troubles cognitifs<\/a>, (Parce qu&#8217;il faut se lever. Paul Arcand, FM 98,5, Catherine Brisson)<\/p>\n<p><a href=\"https:\/\/ici.radio-canada.ca\/premiere\/emissions\/style-libre\/episodes\/388434\/audio-fil-du-lundi-28-aout-2017\/1\">Des robots pour d\u00e9pister des troubles cognitifs?\u00a0 <\/a>(Style libre, Radio-Canada, Doris Larouche (\u00e0 51 minutes))<\/p>\n<p><a href=\"https:\/\/ici.radio-canada.ca\/nouvelle\/1052743\/des-robots-pour-depister-des-troubles-cognitifs\">Des robots pour d\u00e9pister des troubles cognitifs? <\/a>(Nouvelles de Radio-Canada Saguenay-Lac-Saint-Jean, Radio-Canada t\u00e9l\u00e9vision, Jessica Blackburn)<\/p>\n<h2>2011<\/h2>\n<p>La mati\u00e8re grise, (La fin de semaine est \u00e0 7 heures. Radio-Canada, Jean-Fran\u00e7ois Coulombe)<\/p>\n","protected":false},"excerpt":{"rendered":"<p>2017 Une premi\u00e8re \u00e9tude au Qu\u00e9bec sur l&#8217;utilisation des robots pour d\u00e9celer les troubles cognitifs, (Parce qu&#8217;il faut se lever. Paul Arcand, FM 98,5, Catherine Brisson) Des robots pour d\u00e9pister des troubles cognitifs?\u00a0 (Style libre, Radio-Canada, Doris Larouche (\u00e0 51 minutes)) Des robots pour d\u00e9pister des troubles cognitifs? (Nouvelles de Radio-Canada Saguenay-Lac-Saint-Jean, Radio-Canada t\u00e9l\u00e9vision, Jessica &hellip; <a href=\"https:\/\/portfolio.uqac.ca\/juliebouchard\/apparitions-medias\/\" class=\"more-link\">Continuer la lecture de <span class=\"screen-reader-text\">Apparitions m\u00e9dias<\/span>  <span class=\"meta-nav\">&rarr;<\/span><\/a><\/p>\n","protected":false},"author":147,"featured_media":0,"parent":0,"menu_order":0,"comment_status":"closed","ping_status":"closed","template":"","meta":{"footnotes":""},"tags":[],"_links":{"self":[{"href":"https:\/\/portfolio.uqac.ca\/juliebouchard\/wp-json\/wp\/v2\/pages\/189"}],"collection":[{"href":"https:\/\/portfolio.uqac.ca\/juliebouchard\/wp-json\/wp\/v2\/pages"}],"about":[{"href":"https:\/\/portfolio.uqac.ca\/juliebouchard\/wp-json\/wp\/v2\/types\/page"}],"author":[{"embeddable":true,"href":"https:\/\/portfolio.uqac.ca\/juliebouchard\/wp-json\/wp\/v2\/users\/147"}],"replies":[{"embeddable":true,"href":"https:\/\/portfolio.uqac.ca\/juliebouchard\/wp-json\/wp\/v2\/comments?post=189"}],"version-history":[{"count":9,"href":"https:\/\/portfolio.uqac.ca\/juliebouchard\/wp-json\/wp\/v2\/pages\/189\/revisions"}],"predecessor-version":[{"id":200,"href":"https:\/\/portfolio.uqac.ca\/juliebouchard\/wp-json\/wp\/v2\/pages\/189\/revisions\/200"}],"wp:attachment":[{"href":"https:\/\/portfolio.uqac.ca\/juliebouchard\/wp-json\/wp\/v2\/media?parent=189"}],"wp:term":[{"taxonomy":"post_tag","embeddable":true,"href":"https:\/\/portfolio.uqac.ca\/juliebouchard\/wp-json\/wp\/v2\/tags?post=189"}],"curies":[{"name":"wp","href":"https:\/\/api.w.org\/{rel}","templated":true}]}}