{"id":4,"date":"2024-06-26T13:18:48","date_gmt":"2024-06-26T17:18:48","guid":{"rendered":"http:\/\/portfolio-pre.uqac.ca\/gabarit\/?page_id=4"},"modified":"2025-10-31T11:48:57","modified_gmt":"2025-10-31T15:48:57","slug":"presentatio","status":"publish","type":"page","link":"https:\/\/portfolio.uqac.ca\/juliefortin\/","title":{"rendered":"Pr\u00e9sentation"},"content":{"rendered":"<h2>Julie Fortin<\/h2>\n<p>Professeure au d\u00e9partement des sciences humaines et sociales<br \/>\n<em>Unit\u00e9 d&#8217;enseignement en intervention plein air<\/em><\/p>\n<p>\u00c0 la fois professeure en intervention plein air et psychologue, Julie Fortin s\u2019int\u00e9resse aux liens entre la nature, la sant\u00e9 psychologique et les relations humaines. Ses travaux portent sur l\u2019intervention par la nature et l\u2019aventure (INA) comme levier de mieux-\u00eatre individuel et collectif. Elle \u00e9tudie notamment comment l\u2019exp\u00e9rience en plein air peut soutenir la sant\u00e9 mentale, la qualit\u00e9 de vie et la coh\u00e9sion sociale aupr\u00e8s de diverses populations, notamment les jeunes et les personnes vivant avec un trouble psychiatrique.<\/p>\n<p>Son doctorat en psychologie clinique, r\u00e9alis\u00e9 \u00e0 l\u2019UQAC, s\u2019int\u00e9ressait aux impacts d\u2019une exp\u00e9dition th\u00e9rapeutique sur la qualit\u00e9 de vie de jeunes atteints de cancer.<\/p>\n<p>Elle s\u2019int\u00e9resse maintenant aux effets du contact \u00e0 la nature sur la sant\u00e9 mentale, plus particuli\u00e8rement dans le contexte de la psychoth\u00e9rapie. Elle collabore avec plusieurs \u00e9quipes intersectorielles en sant\u00e9 durable et en intervention psychosociale. Ses projets r\u00e9cents explorent la cocr\u00e9ation d\u2019interventions soutenues par l\u2019horticulture, le d\u00e9veloppement d\u2019outils d\u2019autogestion de l&#8217;anxi\u00e9t\u00e9 centr\u00e9s sur la nature, et l\u2019int\u00e9gration de pratiques exp\u00e9rientielles dans la formation universitaire.<\/p>\n<h2>Champs d&#8217;int\u00e9r\u00eat<\/h2>\n<ul>\n<li>L\u2019intervention par la nature et l\u2019aventure (INA)<\/li>\n<li>La nature et l\u2019aventure\u00a0en psychoth\u00e9rapie<\/li>\n<li>L&#8217;\u00e9ducation par la nature<\/li>\n<li>La sant\u00e9 durable<\/li>\n<li>La sant\u00e9 mentale en contexte universitaire<\/li>\n<li>Le groupe, le couple et la famille<\/li>\n<\/ul>\n","protected":false},"excerpt":{"rendered":"<p>Julie Fortin Professeure au d\u00e9partement des sciences humaines et sociales Unit\u00e9 d&#8217;enseignement en intervention plein air \u00c0 la fois professeure en intervention plein air et psychologue, Julie Fortin s\u2019int\u00e9resse aux liens entre la nature, la sant\u00e9 psychologique et les relations humaines. Ses travaux portent sur l\u2019intervention par la nature et l\u2019aventure (INA) comme levier de &hellip; <a href=\"https:\/\/portfolio.uqac.ca\/juliefortin\/\" class=\"more-link\">Continuer la lecture de <span class=\"screen-reader-text\">Pr\u00e9sentation<\/span>  <span class=\"meta-nav\">&rarr;<\/span><\/a><\/p>\n","protected":false},"author":89,"featured_media":0,"parent":0,"menu_order":0,"comment_status":"closed","ping_status":"closed","template":"","meta":{"footnotes":""},"tags":[],"_links":{"self":[{"href":"https:\/\/portfolio.uqac.ca\/juliefortin\/wp-json\/wp\/v2\/pages\/4"}],"collection":[{"href":"https:\/\/portfolio.uqac.ca\/juliefortin\/wp-json\/wp\/v2\/pages"}],"about":[{"href":"https:\/\/portfolio.uqac.ca\/juliefortin\/wp-json\/wp\/v2\/types\/page"}],"author":[{"embeddable":true,"href":"https:\/\/portfolio.uqac.ca\/juliefortin\/wp-json\/wp\/v2\/users\/89"}],"replies":[{"embeddable":true,"href":"https:\/\/portfolio.uqac.ca\/juliefortin\/wp-json\/wp\/v2\/comments?post=4"}],"version-history":[{"count":17,"href":"https:\/\/portfolio.uqac.ca\/juliefortin\/wp-json\/wp\/v2\/pages\/4\/revisions"}],"predecessor-version":[{"id":204,"href":"https:\/\/portfolio.uqac.ca\/juliefortin\/wp-json\/wp\/v2\/pages\/4\/revisions\/204"}],"wp:attachment":[{"href":"https:\/\/portfolio.uqac.ca\/juliefortin\/wp-json\/wp\/v2\/media?parent=4"}],"wp:term":[{"taxonomy":"post_tag","embeddable":true,"href":"https:\/\/portfolio.uqac.ca\/juliefortin\/wp-json\/wp\/v2\/tags?post=4"}],"curies":[{"name":"wp","href":"https:\/\/api.w.org\/{rel}","templated":true}]}}