{"id":178,"date":"2019-08-09T09:26:18","date_gmt":"2019-08-09T13:26:18","guid":{"rendered":"http:\/\/portfolio-pre.uqac.ca\/julienwalter\/?page_id=178"},"modified":"2021-09-24T12:23:58","modified_gmt":"2021-09-24T16:23:58","slug":"presentation","status":"publish","type":"page","link":"https:\/\/portfolio.uqac.ca\/julienwalter\/","title":{"rendered":"Pr\u00e9sentation"},"content":{"rendered":"<h2>Julien Walter, ing., Ph.D.<\/h2>\n<p>Professeur au D\u00e9partement des sciences appliqu\u00e9es, ing., Ph. D<br \/>\nMembre de l\u2019Ordre des ing\u00e9nieurs du Qu\u00e9bec (OIQ)<\/p>\n<p>Directeur du Groupe de recherche transdisciplinaire Risque Ressource Eau (R2Eau: <a href=\"https:\/\/recherche.uqac.ca\/groupe-de-recherche-risque-ressource-eau-r2eau\/\">https:\/\/recherche.uqac.ca\/groupe-de-recherche-risque-ressource-eau-r2eau\/<\/a>)<\/p>\n<ul>\n<li>Hydrog\u00e9ologie et hydrog\u00e9ochimie<\/li>\n<li>G\u00e9ologie et g\u00e9nie g\u00e9ologique<\/li>\n<\/ul>\n<h2>Axes de recherche<\/h2>\n<ul>\n<li>Cartographie des syst\u00e8mes aquif\u00e8res r\u00e9gionaux;<\/li>\n<li>\u00c9volution spatiale et temporelle de la chimie de l\u2019eau souterraine (chimie inorganique et isotopique) et incidences sur la qualit\u00e9 de l&#8217;eau (potabilit\u00e9)<\/li>\n<li>Hydrog\u00e9ologie quantitative \u00a0exp\u00e9rimentale et num\u00e9rique (Interactions eau-roche)<\/li>\n<\/ul>\n","protected":false},"excerpt":{"rendered":"<p>Julien Walter, ing., Ph.D. Professeur au D\u00e9partement des sciences appliqu\u00e9es, ing., Ph. D Membre de l\u2019Ordre des ing\u00e9nieurs du Qu\u00e9bec (OIQ) Directeur du Groupe de recherche transdisciplinaire Risque Ressource Eau (R2Eau: https:\/\/recherche.uqac.ca\/groupe-de-recherche-risque-ressource-eau-r2eau\/) Hydrog\u00e9ologie et hydrog\u00e9ochimie G\u00e9ologie et g\u00e9nie g\u00e9ologique Axes de recherche Cartographie des syst\u00e8mes aquif\u00e8res r\u00e9gionaux; \u00c9volution spatiale et temporelle de la chimie de &hellip; <a href=\"https:\/\/portfolio.uqac.ca\/julienwalter\/\" class=\"more-link\">Continuer la lecture de <span class=\"screen-reader-text\">Pr\u00e9sentation<\/span>  <span class=\"meta-nav\">&rarr;<\/span><\/a><\/p>\n","protected":false},"author":242,"featured_media":0,"parent":0,"menu_order":0,"comment_status":"closed","ping_status":"closed","template":"","meta":{"footnotes":""},"tags":[],"_links":{"self":[{"href":"https:\/\/portfolio.uqac.ca\/julienwalter\/wp-json\/wp\/v2\/pages\/178"}],"collection":[{"href":"https:\/\/portfolio.uqac.ca\/julienwalter\/wp-json\/wp\/v2\/pages"}],"about":[{"href":"https:\/\/portfolio.uqac.ca\/julienwalter\/wp-json\/wp\/v2\/types\/page"}],"author":[{"embeddable":true,"href":"https:\/\/portfolio.uqac.ca\/julienwalter\/wp-json\/wp\/v2\/users\/242"}],"replies":[{"embeddable":true,"href":"https:\/\/portfolio.uqac.ca\/julienwalter\/wp-json\/wp\/v2\/comments?post=178"}],"version-history":[{"count":16,"href":"https:\/\/portfolio.uqac.ca\/julienwalter\/wp-json\/wp\/v2\/pages\/178\/revisions"}],"predecessor-version":[{"id":240,"href":"https:\/\/portfolio.uqac.ca\/julienwalter\/wp-json\/wp\/v2\/pages\/178\/revisions\/240"}],"wp:attachment":[{"href":"https:\/\/portfolio.uqac.ca\/julienwalter\/wp-json\/wp\/v2\/media?parent=178"}],"wp:term":[{"taxonomy":"post_tag","embeddable":true,"href":"https:\/\/portfolio.uqac.ca\/julienwalter\/wp-json\/wp\/v2\/tags?post=178"}],"curies":[{"name":"wp","href":"https:\/\/api.w.org\/{rel}","templated":true}]}}