{"id":18,"date":"2019-08-08T16:17:22","date_gmt":"2019-08-08T20:17:22","guid":{"rendered":"http:\/\/portfolio-pre.uqac.ca\/gabarit\/?page_id=18"},"modified":"2021-09-23T13:00:21","modified_gmt":"2021-09-23T17:00:21","slug":"enseignement","status":"publish","type":"page","link":"https:\/\/portfolio.uqac.ca\/julienwalter\/enseignement\/","title":{"rendered":"Enseignement"},"content":{"rendered":"<p>COURS DE 1er CYCLE EN G\u00c9OLOGIE ET G\u00c9NIE G\u00c9OLOGIQUE<\/p>\n<ul>\n<li>6GLG206\u00a0:\u00a0G\u00e9omorphologie et G\u00e9ologie appliqu\u00e9e<\/li>\n<li><span style=\"line-height: 1.5\">6HYL137\u00a0:\u00a0Hydrog\u00e9ologie<\/span><\/li>\n<li>6GCH410: G\u00e9ochimie environnementale<\/li>\n<li>6GMN190: R\u00e9sidus solides et terrains contamin\u00e9s (cours partag\u00e9)<\/li>\n<li>6GLG407: Camp de p\u00e9trographie et de structure<\/li>\n<li>6GLG110: Notre Plan\u00e8te<\/li>\n<\/ul>\n<p>COURS DE CYCLES\u00a0GRADU\u00c9S EN SCIENCES DE LA TERRE<\/p>\n<ul>\n<li>6STA985\u00a0:\u00a0Concept de syst\u00e8me en sciences de la Terre et de l&#8217;atmosph\u00e8re (cours partag\u00e9)<\/li>\n<li>6STA980: Dynamique du Globe (cours partag\u00e9)<\/li>\n<\/ul>\n","protected":false},"excerpt":{"rendered":"<p>COURS DE 1er CYCLE EN G\u00c9OLOGIE ET G\u00c9NIE G\u00c9OLOGIQUE 6GLG206\u00a0:\u00a0G\u00e9omorphologie et G\u00e9ologie appliqu\u00e9e 6HYL137\u00a0:\u00a0Hydrog\u00e9ologie 6GCH410: G\u00e9ochimie environnementale 6GMN190: R\u00e9sidus solides et terrains contamin\u00e9s (cours partag\u00e9) 6GLG407: Camp de p\u00e9trographie et de structure 6GLG110: Notre Plan\u00e8te COURS DE CYCLES\u00a0GRADU\u00c9S EN SCIENCES DE LA TERRE 6STA985\u00a0:\u00a0Concept de syst\u00e8me en sciences de la Terre et de l&#8217;atmosph\u00e8re (cours &hellip; <a href=\"https:\/\/portfolio.uqac.ca\/julienwalter\/enseignement\/\" class=\"more-link\">Continuer la lecture de <span class=\"screen-reader-text\">Enseignement<\/span>  <span class=\"meta-nav\">&rarr;<\/span><\/a><\/p>\n","protected":false},"author":89,"featured_media":0,"parent":0,"menu_order":0,"comment_status":"closed","ping_status":"closed","template":"","meta":{"footnotes":""},"tags":[],"_links":{"self":[{"href":"https:\/\/portfolio.uqac.ca\/julienwalter\/wp-json\/wp\/v2\/pages\/18"}],"collection":[{"href":"https:\/\/portfolio.uqac.ca\/julienwalter\/wp-json\/wp\/v2\/pages"}],"about":[{"href":"https:\/\/portfolio.uqac.ca\/julienwalter\/wp-json\/wp\/v2\/types\/page"}],"author":[{"embeddable":true,"href":"https:\/\/portfolio.uqac.ca\/julienwalter\/wp-json\/wp\/v2\/users\/89"}],"replies":[{"embeddable":true,"href":"https:\/\/portfolio.uqac.ca\/julienwalter\/wp-json\/wp\/v2\/comments?post=18"}],"version-history":[{"count":6,"href":"https:\/\/portfolio.uqac.ca\/julienwalter\/wp-json\/wp\/v2\/pages\/18\/revisions"}],"predecessor-version":[{"id":225,"href":"https:\/\/portfolio.uqac.ca\/julienwalter\/wp-json\/wp\/v2\/pages\/18\/revisions\/225"}],"wp:attachment":[{"href":"https:\/\/portfolio.uqac.ca\/julienwalter\/wp-json\/wp\/v2\/media?parent=18"}],"wp:term":[{"taxonomy":"post_tag","embeddable":true,"href":"https:\/\/portfolio.uqac.ca\/julienwalter\/wp-json\/wp\/v2\/tags?post=18"}],"curies":[{"name":"wp","href":"https:\/\/api.w.org\/{rel}","templated":true}]}}