{"id":18,"date":"2012-07-23T20:05:15","date_gmt":"2012-07-23T20:05:15","guid":{"rendered":"http:\/\/portfolio-pre.uqac.ca\/gabarit\/?page_id=18"},"modified":"2020-12-28T11:55:10","modified_gmt":"2020-12-28T16:55:10","slug":"enseignement","status":"publish","type":"page","link":"https:\/\/portfolio.uqac.ca\/karinecote\/enseignement\/","title":{"rendered":"Enseignement"},"content":{"rendered":"<h2>Baccalaur\u00e9at en psychologie (<a href=\"https:\/\/www.uqac.ca\/programme\/7092-baccalaureat-en-psychologie\/\">7092<\/a>)<\/h2>\n<ul>\n<li><a href=\"https:\/\/cours.uqac.ca\/SPSY122\"><u>SPSY122<\/u><\/a> Relation d&#8217;aide I: adulte<\/li>\n<li><a href=\"https:\/\/cours.uqac.ca\/SPSY311\"><u>SPSY311<\/u>\u00a0<\/a>Relation d&#8217;aide II: adulte<\/li>\n<li><a href=\"https:\/\/cours.uqac.ca\/SPSY126\"><u>SPSY126<\/u><\/a> Perspectives b\u00e9haviorale et cognitive: th\u00e9ories et applications<\/li>\n<li>\n<div class=\"col-2\"><a href=\"https:\/\/cours.uqac.ca\/SPSY253\"><u>SPSY253<\/u><\/a> M\u00e9thodes de recherche en psychologie II<\/div>\n<\/li>\n<li>\n<div class=\"col-2\"><a href=\"https:\/\/cours.uqac.ca\/SPSY257\"><u>SPSY257 <\/u><\/a>Activit\u00e9s de recherche en psychologie<\/div>\n<div class=\"col-2\"><a href=\"https:\/\/cours.uqac.ca\/SPSY259\"><u>SPSY259<\/u><\/a> R\u00e9daction et diffusion scientifique<\/div>\n<\/li>\n<li><a href=\"https:\/\/cours.uqac.ca\/SPSY330\"><u>SPSY330<\/u><\/a> Projet individuel en psychologie I<\/li>\n<li><a href=\"https:\/\/cours.uqac.ca\/SPSY121\"><u>SPSY121<\/u><\/a>Initiation \u00e0 la formation et aux pratiques en psychologie (team teaching)<\/li>\n<\/ul>\n<h2>Doctorat en psychologie (<a href=\"https:\/\/www.uqac.ca\/programme\/1746-doctorat-en-psychologie-psychologie-clinique\/\">1746<\/a>)<\/h2>\n<ul>\n<li><a href=\"https:\/\/cours.uqac.ca\/SDPS714\"><u>SDPS714<\/u><\/a> S\u00e9minaire autour des enjeux li\u00e9s aux client\u00e8les et \u00e0 la diversit\u00e9<\/li>\n<li><a href=\"https:\/\/cours.uqac.ca\/SDPS722\"><u>SDPS722<\/u><\/a> S\u00e9minaire de recherche<\/li>\n<li><a href=\"https:\/\/cours.uqac.ca\/SDPS741\"><u>SDPS741<\/u><\/a> \u00c9tudes de cas: efficacit\u00e9 th\u00e9rapeutique et donn\u00e9es probantes<\/li>\n<li><u><a href=\"https:\/\/cours.uqac.ca\/SDPC719\">SDPS719<\/a><\/u>\u00a0S\u00e9minaire clinique en psychologie et en sant\u00e9 (team teaching)<\/li>\n<\/ul>\n<h2>Autres cours enseign\u00e9s<\/h2>\n<ul>\n<li>M\u00e9thodes d\u2019intervention aupr\u00e8s de l\u2019adulte (Ma\u00eetrise)<\/li>\n<li>Stages s\u00e9niors de psychologie clinique (Ma\u00eetrise et Doctorat)<\/li>\n<li>Lectures dirig\u00e9es<\/li>\n<\/ul>\n","protected":false},"excerpt":{"rendered":"<p>Baccalaur\u00e9at en psychologie (7092) SPSY122 Relation d&#8217;aide I: adulte SPSY311\u00a0Relation d&#8217;aide II: adulte SPSY126 Perspectives b\u00e9haviorale et cognitive: th\u00e9ories et applications SPSY253 M\u00e9thodes de recherche en psychologie II SPSY257 Activit\u00e9s de recherche en psychologie SPSY259 R\u00e9daction et diffusion scientifique SPSY330 Projet individuel en psychologie I SPSY121Initiation \u00e0 la formation et aux pratiques en psychologie (team &hellip; <a href=\"https:\/\/portfolio.uqac.ca\/karinecote\/enseignement\/\" class=\"more-link\">Continuer la lecture de <span class=\"screen-reader-text\">Enseignement<\/span>  <span class=\"meta-nav\">&rarr;<\/span><\/a><\/p>\n","protected":false},"author":157,"featured_media":0,"parent":0,"menu_order":0,"comment_status":"closed","ping_status":"closed","template":"","meta":{"footnotes":""},"tags":[],"_links":{"self":[{"href":"https:\/\/portfolio.uqac.ca\/karinecote\/wp-json\/wp\/v2\/pages\/18"}],"collection":[{"href":"https:\/\/portfolio.uqac.ca\/karinecote\/wp-json\/wp\/v2\/pages"}],"about":[{"href":"https:\/\/portfolio.uqac.ca\/karinecote\/wp-json\/wp\/v2\/types\/page"}],"author":[{"embeddable":true,"href":"https:\/\/portfolio.uqac.ca\/karinecote\/wp-json\/wp\/v2\/users\/157"}],"replies":[{"embeddable":true,"href":"https:\/\/portfolio.uqac.ca\/karinecote\/wp-json\/wp\/v2\/comments?post=18"}],"version-history":[{"count":22,"href":"https:\/\/portfolio.uqac.ca\/karinecote\/wp-json\/wp\/v2\/pages\/18\/revisions"}],"predecessor-version":[{"id":309,"href":"https:\/\/portfolio.uqac.ca\/karinecote\/wp-json\/wp\/v2\/pages\/18\/revisions\/309"}],"wp:attachment":[{"href":"https:\/\/portfolio.uqac.ca\/karinecote\/wp-json\/wp\/v2\/media?parent=18"}],"wp:term":[{"taxonomy":"post_tag","embeddable":true,"href":"https:\/\/portfolio.uqac.ca\/karinecote\/wp-json\/wp\/v2\/tags?post=18"}],"curies":[{"name":"wp","href":"https:\/\/api.w.org\/{rel}","templated":true}]}}