{"id":27,"date":"2012-07-24T12:57:18","date_gmt":"2012-07-24T12:57:18","guid":{"rendered":"http:\/\/portfolio-pre.uqac.ca\/gabarit\/?page_id=27"},"modified":"2021-01-10T13:04:26","modified_gmt":"2021-01-10T18:04:26","slug":"curriculum-vitae","status":"publish","type":"page","link":"https:\/\/portfolio.uqac.ca\/karinecote\/curriculum-vitae\/","title":{"rendered":"CV"},"content":{"rendered":"<h2><strong>Postdoctorat<\/strong><\/h2>\n<ul>\n<li>2001-2002\u00a0\u00a0 Chercheure-Boursi\u00e8re postdoctorale du Law and Mental Health Program, Centre for Addiction and Mental Health (anciennement le Clarke Institute of Psychiatry) et Universit\u00e9 de Toronto<\/li>\n<li>1999-2001\u00a0\u00a0\u00a0Chercheure-Boursi\u00e8re postdoctorale des Fonds FCAR, Law and Mental Health Program, Centre for Addiction and Mental Health (anciennement le Clarke Institute of Psychiatry) et Universit\u00e9 de Toronto<\/li>\n<\/ul>\n<h2><strong>Dipl\u00f4mes<\/strong><\/h2>\n<ul>\n<li>1999\u00a0\u00a0\u00a0Ph.D. Psychologie &#8211; Recherche et Intervention, option clinique b\u00e9haviorale, Universit\u00e9 de Montr\u00e9al<\/li>\n<li>1995\u00a0\u00a0 B.A. Psychologie, Universit\u00e9 du Qu\u00e9bec \u00e0 Chicoutimi<\/li>\n<li>1992\u00a0\u00a0\u00a0Dip\u00f4m\u00e9e du 11i\u00e8me degr\u00e9 en fl\u00fbte \u00e0 bec et th\u00e9orie musicale, \u00c9cole de Musique &amp; Solf\u00e8ge de Chicoutimi, extension de la Facult\u00e9 des Arts de l\u2019Universit\u00e9 Laval.<\/li>\n<\/ul>\n<h2><strong><br \/>\nDistinctions et bourses<\/strong><\/h2>\n<ul>\n<li>2017\/04-\u00a0 \u00a0 \u00a0 Leader for Gender Equiality Network Canada\/Chef de file au r\u00e9seau pancanadien pour l\u2019\u00c9galit\u00e9 des genres\/Leader for Gender Equality Network Canada,\u00a0<a href=\"https:\/\/www.canadianwomen.org\/our-work\/gender-equality-network-canada\/leaders\/\">Canadian Women&#8217;s Foundation<\/a><\/li>\n<li>2002-\u00a0 \u00a0 \u00a0 \u00a0 \u00a0Trois Prix d\u2019excellence en enseignement<\/li>\n<li>2001- 2002\u00a0\u00a0\u00a0\u00a0Boursi\u00e8re du Centre for Addiction and Mental Health, Law and Mental Health Program, Recherche Postdoctorale (2001-2002)<\/li>\n<li>1999-2001\u00a0\u00a0\u00a0\u00a0\u00a0Boursi\u00e8re des Fonds pour la Formation de Chercheurs et l\u2019Aide \u00e0 la Recherche (Fonds FCAR), concours Recherche Postdoctorale (1999-2001)<\/li>\n<li>Hiver 1999\u00a0\u00a0\u00a0\u00a0\u00a0Mention d\u2019excellence pour la r\u00e9daction et la soutenance de th\u00e8se de doctorat (Ph.D.), classifi\u00e9es\u00a0parmi les 5% meilleures th\u00e8ses et soutenance de la discipline<\/li>\n<li>1997-1999\u00a0\u00a0\u00a0\u00a0Boursi\u00e8re des Fonds pour la Formation de Chercheurs et l\u2019Aide \u00e0 la Recherche (Fonds FCAR), concours Doctorat; B2, comit\u00e9 08A (1997-2000)<\/li>\n<li>1995-1997\u00a0\u00a0\u00a0Boursi\u00e8re des Fonds pour la Formation de Chercheurs et l\u2019Aide \u00e0 la Recherche (Fonds FCAR), concours Ma\u00eetrise; B1, comit\u00e9 08A (1995-1997)<\/li>\n<li>1992 et1993\u00a0\u00a0\u00a0\u00a0M\u00e9daill\u00e9e d\u2019argent au Festival de Musique du Royaume, \u00c9dition 1993 et \u00c9dition 1992; Conservatoire de Musique de Chicoutimi<\/li>\n<\/ul>\n<h2><strong><br \/>\nAffiliations professionnelles <\/strong><\/h2>\n<ul>\n<li>1999- \u00a0\u00a0\u00a0\u00a0\u00a0\u00a0\u00a0\u00a0\u00a0\u00a0\u00a0\u00a0 Ordre des Psychologues du Qu\u00e9bec<\/li>\n<li>1996-\u00a0\u00a0\u00a0\u00a0\u00a0\u00a0\u00a0\u00a0\u00a0\u00a0\u00a0\u00a0\u00a0\u00a0Canadian Psychological Association (CPA)<\/li>\n<\/ul>\n<h2><\/h2>\n","protected":false},"excerpt":{"rendered":"<p>Postdoctorat 2001-2002\u00a0\u00a0 Chercheure-Boursi\u00e8re postdoctorale du Law and Mental Health Program, Centre for Addiction and Mental Health (anciennement le Clarke Institute of Psychiatry) et Universit\u00e9 de Toronto 1999-2001\u00a0\u00a0\u00a0Chercheure-Boursi\u00e8re postdoctorale des Fonds FCAR, Law and Mental Health Program, Centre for Addiction and Mental Health (anciennement le Clarke Institute of Psychiatry) et Universit\u00e9 de Toronto Dipl\u00f4mes 1999\u00a0\u00a0\u00a0Ph.D. Psychologie &hellip; <a href=\"https:\/\/portfolio.uqac.ca\/karinecote\/curriculum-vitae\/\" class=\"more-link\">Continuer la lecture de <span class=\"screen-reader-text\">CV<\/span>  <span class=\"meta-nav\">&rarr;<\/span><\/a><\/p>\n","protected":false},"author":157,"featured_media":0,"parent":0,"menu_order":0,"comment_status":"closed","ping_status":"closed","template":"","meta":{"footnotes":""},"tags":[],"_links":{"self":[{"href":"https:\/\/portfolio.uqac.ca\/karinecote\/wp-json\/wp\/v2\/pages\/27"}],"collection":[{"href":"https:\/\/portfolio.uqac.ca\/karinecote\/wp-json\/wp\/v2\/pages"}],"about":[{"href":"https:\/\/portfolio.uqac.ca\/karinecote\/wp-json\/wp\/v2\/types\/page"}],"author":[{"embeddable":true,"href":"https:\/\/portfolio.uqac.ca\/karinecote\/wp-json\/wp\/v2\/users\/157"}],"replies":[{"embeddable":true,"href":"https:\/\/portfolio.uqac.ca\/karinecote\/wp-json\/wp\/v2\/comments?post=27"}],"version-history":[{"count":14,"href":"https:\/\/portfolio.uqac.ca\/karinecote\/wp-json\/wp\/v2\/pages\/27\/revisions"}],"predecessor-version":[{"id":326,"href":"https:\/\/portfolio.uqac.ca\/karinecote\/wp-json\/wp\/v2\/pages\/27\/revisions\/326"}],"wp:attachment":[{"href":"https:\/\/portfolio.uqac.ca\/karinecote\/wp-json\/wp\/v2\/media?parent=27"}],"wp:term":[{"taxonomy":"post_tag","embeddable":true,"href":"https:\/\/portfolio.uqac.ca\/karinecote\/wp-json\/wp\/v2\/tags?post=27"}],"curies":[{"name":"wp","href":"https:\/\/api.w.org\/{rel}","templated":true}]}}

<h2><strong>Postdoctorat</strong></h2>
<ul>
<li>2001-2002   Chercheure-Boursière postdoctorale du Law and Mental Health Program, Centre for Addiction and Mental Health (anciennement le Clarke Institute of Psychiatry) et Université de Toronto</li>
<li>1999-2001   Chercheure-Boursière postdoctorale des Fonds FCAR, Law and Mental Health Program, Centre for Addiction and Mental Health (anciennement le Clarke Institute of Psychiatry) et Université de Toronto</li>
</ul>
<h2><strong>Diplômes</strong></h2>
<ul>
<li>1999   Ph.D. Psychologie &#8211; Recherche et Intervention, option clinique béhaviorale, Université de Montréal</li>
<li>1995   B.A. Psychologie, Université du Québec à Chicoutimi</li>
<li>1992   Dipômée du 11ième degré en flûte à bec et théorie musicale, École de Musique &amp; Solfège de Chicoutimi, extension de la Faculté des Arts de l’Université Laval.</li>
</ul>
<h2><strong><br />
Distinctions et bourses</strong></h2>
<ul>
<li>2017/04-      Leader for Gender Equiality Network Canada/Chef de file au réseau pancanadien pour l’Égalité des genres/Leader for Gender Equality Network Canada, <a href="https://www.canadianwomen.org/our-work/gender-equality-network-canada/leaders/">Canadian Women&#8217;s Foundation</a></li>
<li>2002-         Trois Prix d’excellence en enseignement</li>
<li>2001- 2002    Boursière du Centre for Addiction and Mental Health, Law and Mental Health Program, Recherche Postdoctorale (2001-2002)</li>
<li>1999-2001     Boursière des Fonds pour la Formation de Chercheurs et l’Aide à la Recherche (Fonds FCAR), concours Recherche Postdoctorale (1999-2001)</li>
<li>Hiver 1999     Mention d’excellence pour la rédaction et la soutenance de thèse de doctorat (Ph.D.), classifiées parmi les 5% meilleures thèses et soutenance de la discipline</li>
<li>1997-1999    Boursière des Fonds pour la Formation de Chercheurs et l’Aide à la Recherche (Fonds FCAR), concours Doctorat; B2, comité 08A (1997-2000)</li>
<li>1995-1997   Boursière des Fonds pour la Formation de Chercheurs et l’Aide à la Recherche (Fonds FCAR), concours Maîtrise; B1, comité 08A (1995-1997)</li>
<li>1992 et1993    Médaillée d’argent au Festival de Musique du Royaume, Édition 1993 et Édition 1992; Conservatoire de Musique de Chicoutimi</li>
</ul>
<h2><strong><br />
Affiliations professionnelles </strong></h2>
<ul>
<li>1999-              Ordre des Psychologues du Québec</li>
<li>1996-              Canadian Psychological Association (CPA)</li>
</ul>
<h2></h2>

<p>Postdoctorat 2001-2002   Chercheure-Boursière postdoctorale du Law and Mental Health Program, Centre for Addiction and Mental Health (anciennement le Clarke Institute of Psychiatry) et Université de Toronto 1999-2001   Chercheure-Boursière postdoctorale des Fonds FCAR, Law and Mental Health Program, Centre for Addiction and Mental Health (anciennement le Clarke Institute of Psychiatry) et Université de Toronto Diplômes 1999   Ph.D. Psychologie &hellip; <a href="https://portfolio.uqac.ca/karinecote/curriculum-vitae/" class="more-link">Continuer la lecture de <span class="screen-reader-text">CV</span>  <span class="meta-nav">&rarr;</span></a></p>
