{"id":343,"date":"2026-04-14T08:36:47","date_gmt":"2026-04-14T12:36:47","guid":{"rendered":"https:\/\/portfolio.uqac.ca\/karinecote\/?page_id=343"},"modified":"2026-04-22T18:15:29","modified_gmt":"2026-04-22T22:15:29","slug":"encadrement-supervison","status":"publish","type":"page","link":"https:\/\/portfolio.uqac.ca\/karinecote\/encadrement-supervison\/","title":{"rendered":"Encadrement\/Supervison"},"content":{"rendered":"<h4 id=\"docsgrad\">Doctorats gradu\u00e9s<\/h4>\n<p>Girard, Raphaelle. <em>(2025)<\/em>. L\u2019\u00e2ge des premi\u00e8res relations sexuelles chez les adolescent(e)s : pr\u00e9valence et facteurs associ\u00e9s.\u00a0Universit\u00e9 du Qu\u00e9bec \u00e0 Chicoutimi.<\/p>\n<p>Bouchard, Marie-Claude. (2023). Production, envoi et retransmission de sextos chez les adolescents: pr\u00e9valence et facteurs associ\u00e9s. Universit\u00e9 du Qu\u00e9bec \u00e0 Chicoutimi.<\/p>\n<p>C\u00f4t\u00e9, Katia. (2022). Profil des sugar babies: un examen de la port\u00e9e. Universit\u00e9 du Qu\u00e9bec \u00e0 Chicoutimi.<\/p>\n<p>Ouellet, Lindsay. (2022).\u00a0Profil sociod\u00e9mographique et psychosexuel des acteurs et actrices dans les films pornographiques : un examen de la port\u00e9e. Universit\u00e9 du Qu\u00e9bec \u00e0 Chicoutimi.<\/p>\n<p>Bergeron Boudreault Marielle. (2020).\u00a0<a href=\"https:\/\/constellation.uqac.ca\/5544\/\">Effets de l\u2019\u00e9quitation th\u00e9rapeutique sur les sympt\u00f4mes du trouble d\u2019anxi\u00e9t\u00e9 g\u00e9n\u00e9ralis\u00e9e chez l\u2019adulte : utilisation d\u2019un sch\u00e8me exp\u00e9rimental \u00e0 cas unique.<\/a>\u00a0Essai doctoral, Universit\u00e9 du Qu\u00e9bec \u00e0 Chicoutimi.<\/p>\n<p>B\u00e9dard Sabrina. (2019).\u00a0<a href=\"https:\/\/constellation.uqac.ca\/5028\/\">Le pouvoir relationnel conjugal chez les femmes offrant des services de danse \u00e9rotique.<\/a>\u00a0Essai doctoral, Universit\u00e9 du Qu\u00e9bec \u00e0 Chicoutimi.<\/p>\n<p>Cyr Alexandra. (2018).\u00a0<a href=\"https:\/\/constellation.uqac.ca\/4636\/\">Ant\u00e9c\u00e9dents traumatiques, sant\u00e9 psychologique et caract\u00e9ristiques sadomasochistes de personnes sadomasochistes.<\/a>\u00a0Essai doctoral, Universit\u00e9 du Qu\u00e9bec \u00e0 Chicoutimi.<\/p>\n<p>Dallaire Marie-Eve. (2017).\u00a0<a href=\"https:\/\/constellation.uqac.ca\/4247\/\">La tol\u00e9rance \u00e0 l\u2019\u00e9gard de la prostitution : une \u00e9tude men\u00e9e aupr\u00e8s d\u2019\u00e9tudiants universitaires.<\/a>\u00a0Essai doctoral, Universit\u00e9 du Qu\u00e9bec \u00e0 Chicoutimi.<\/p>\n<p>Tremblay Philippe. (2016).\u00a0<a href=\"https:\/\/constellation.uqac.ca\/4128\/\">Pr\u00e9valence, profil psychosociosexuel et motivations des hommes ayant recours ou n\u2019ayant pas recours \u00e0 des services sexuels : une \u00e9tude aupr\u00e8s d\u2019\u00e9tudiants universitaires.<\/a>\u00a0Essai doctoral, Universit\u00e9 du Qu\u00e9bec \u00e0 Chicoutimi.<\/p>\n<p>Lagac\u00e9 Delphine. (2016).\u00a0<a href=\"https:\/\/constellation.uqac.ca\/4082\/\">Profil psychosocial des femmes et des hommes offrant des services de danses \u00e9rotiques et caract\u00e9ristiques physiques li\u00e9es \u00e0 l\u2019attirance.<\/a>\u00a0Essai doctoral, Universit\u00e9 du Qu\u00e9bec \u00e0 Chicoutimi.<\/p>\n<p>Lapointe Nadia. (2013).\u00a0<a href=\"https:\/\/constellation.uqac.ca\/2602\/\">Caract\u00e9ristiques, sant\u00e9 psychologique et sexualit\u00e9 de personnes pratiquant ou non des activit\u00e9s f\u00e9tichistes.<\/a>\u00a0Essai doctoral, Universit\u00e9 du Qu\u00e9bec \u00e0 Chicoutimi.<\/p>\n<p>Gagn\u00e9 M\u00e9lissa. (2011).\u00a0<a href=\"https:\/\/constellation.uqac.ca\/2318\/\">Sexualit\u00e9 et satisfaction conjugale des femmes ayant des sympt\u00f4mes d\u00e9pressifs : une \u00e9tude contr\u00f4l\u00e9e.<\/a>\u00a0Th\u00e8se de doctorat, Universit\u00e9 du Qu\u00e9bec \u00e0 Chicoutimi.<\/p>\n<p>St-Pierre Sandra. (2011).\u00a0<a href=\"https:\/\/constellation.uqac.ca\/2166\/\">Harc\u00e8lement psychologique, sant\u00e9 psychologique, stress et satisfaction au travail chez des infirmi\u00e8res travaillant en milieu hospitalier.<\/a>\u00a0Essai doctoral, Universit\u00e9 du Qu\u00e9bec \u00e0 Chicoutimi.<\/p>\n<p>Gauthier, Genevi\u00e8ve. (2007). <a href=\"https:\/\/hdl.handle.net\/1866\/17032\">Influence de l&#8217;ordre de naissance sur les int\u00e9r\u00eats professionnels<\/a>. Th\u00e8se de doctorat, Universit\u00e9 de Montr\u00e9al, QC.<\/p>\n<h4 id=\"docsencours\">Doctorats en cours<\/h4>\n<p>Brillon-Baillargeon, Bianka (premier d\u00e9p\u00f4t; 2026).\u00a0La psychopathie primaire et la psychopathie secondaire : leurs liens avec l&#8217;empathie cognitive et affective dans une population non institutionnalis\u00e9e.<\/p>\n<h4 id=\"maitrisesgrad\">Ma\u00eetrises gradu\u00e9es<\/h4>\n<p>Bouchard Julie. (2007).\u00a0<a href=\"https:\/\/constellation.uqac.ca\/id\/eprint\/414\/\">Validation de la version fran\u00e7aise du Aggression Questionnaire aupr\u00e8s de deux \u00e9chantillons : \u00e9tudiants universitaires (\u00e9tude 1) et adultes non-recrut\u00e9s en milieu universitaire (\u00e9tude 2).<\/a>\u00a0M\u00e9moire de ma\u00eetrise, Universit\u00e9 du Qu\u00e9bec \u00e0 Chicoutimi.<\/p>\n<p>Gagnon Denise. (2006).\u00a0<a href=\"https:\/\/constellation.uqac.ca\/id\/eprint\/517\/\">Sant\u00e9 psychologique, qualit\u00e9 et interactions maritales des personnes souffrant de fibromyalgie : une \u00e9tude control\u00e9e.<\/a>\u00a0M\u00e9moire de ma\u00eetrise, Universit\u00e9 du Qu\u00e9bec \u00e0 Chicoutimi..<\/p>\n<p>Hamel Chantale. (2005).\u00a0<a href=\"https:\/\/constellation.uqac.ca\/id\/eprint\/569\/\">Les personnes qui ont \u00e9t\u00e9 adopt\u00e9es : une \u00e9valuation de leurs habilet\u00e9s intellectuelles \u00e0 l&#8217;\u00e2ge adulte.<\/a>\u00a0M\u00e9moire de ma\u00eetrise, Universit\u00e9 du Qu\u00e9bec \u00e0 Chicoutimi.<\/p>\n","protected":false},"excerpt":{"rendered":"<p>Doctorats gradu\u00e9s Girard, Raphaelle. (2025). L\u2019\u00e2ge des premi\u00e8res relations sexuelles chez les adolescent(e)s : pr\u00e9valence et facteurs associ\u00e9s.\u00a0Universit\u00e9 du Qu\u00e9bec \u00e0 Chicoutimi. Bouchard, Marie-Claude. (2023). Production, envoi et retransmission de sextos chez les adolescents: pr\u00e9valence et facteurs associ\u00e9s. Universit\u00e9 du Qu\u00e9bec \u00e0 Chicoutimi. C\u00f4t\u00e9, Katia. (2022). Profil des sugar babies: un examen de la port\u00e9e. &hellip; <a href=\"https:\/\/portfolio.uqac.ca\/karinecote\/encadrement-supervison\/\" class=\"more-link\">Continuer la lecture de <span class=\"screen-reader-text\">Encadrement\/Supervison<\/span>  <span class=\"meta-nav\">&rarr;<\/span><\/a><\/p>\n","protected":false},"author":406,"featured_media":0,"parent":0,"menu_order":0,"comment_status":"closed","ping_status":"closed","template":"","meta":{"footnotes":""},"tags":[],"_links":{"self":[{"href":"https:\/\/portfolio.uqac.ca\/karinecote\/wp-json\/wp\/v2\/pages\/343"}],"collection":[{"href":"https:\/\/portfolio.uqac.ca\/karinecote\/wp-json\/wp\/v2\/pages"}],"about":[{"href":"https:\/\/portfolio.uqac.ca\/karinecote\/wp-json\/wp\/v2\/types\/page"}],"author":[{"embeddable":true,"href":"https:\/\/portfolio.uqac.ca\/karinecote\/wp-json\/wp\/v2\/users\/406"}],"replies":[{"embeddable":true,"href":"https:\/\/portfolio.uqac.ca\/karinecote\/wp-json\/wp\/v2\/comments?post=343"}],"version-history":[{"count":6,"href":"https:\/\/portfolio.uqac.ca\/karinecote\/wp-json\/wp\/v2\/pages\/343\/revisions"}],"predecessor-version":[{"id":364,"href":"https:\/\/portfolio.uqac.ca\/karinecote\/wp-json\/wp\/v2\/pages\/343\/revisions\/364"}],"wp:attachment":[{"href":"https:\/\/portfolio.uqac.ca\/karinecote\/wp-json\/wp\/v2\/media?parent=343"}],"wp:term":[{"taxonomy":"post_tag","embeddable":true,"href":"https:\/\/portfolio.uqac.ca\/karinecote\/wp-json\/wp\/v2\/tags?post=343"}],"curies":[{"name":"wp","href":"https:\/\/api.w.org\/{rel}","templated":true}]}}