{"id":18,"date":"2019-09-06T10:59:30","date_gmt":"2019-09-06T14:59:30","guid":{"rendered":"http:\/\/portfolio-pre.uqac.ca\/gabarit\/?page_id=18"},"modified":"2020-10-15T12:14:42","modified_gmt":"2020-10-15T16:14:42","slug":"enseignement","status":"publish","type":"page","link":"https:\/\/portfolio.uqac.ca\/laurelinechiapello\/enseignement\/","title":{"rendered":"Enseignement"},"content":{"rendered":"<p><a href=\"https:\/\/www.nad.ca\/fr\/futurs-etudiants\/dess\">DESS en design de jeux vid\u00e9os narratifs<\/a><\/p>\n<p><a href=\"https:\/\/www.nad.ca\/fr\/futurs-etudiants\/baccalaureat\">Baccalaur\u00e9at en animation 3D et en design num\u00e9rique<\/a><\/p>\n<p><a href=\"https:\/\/www.nad.ca\/fr\/futurs-etudiants\/maitrise\">Maitr\u00eese en Arts, Concentration Design num\u00e9rique, Profil cr\u00e9ation<\/a><\/p>\n","protected":false},"excerpt":{"rendered":"<p>DESS en design de jeux vid\u00e9os narratifs Baccalaur\u00e9at en animation 3D et en design num\u00e9rique Maitr\u00eese en Arts, Concentration Design num\u00e9rique, Profil cr\u00e9ation<\/p>\n","protected":false},"author":282,"featured_media":0,"parent":0,"menu_order":0,"comment_status":"closed","ping_status":"closed","template":"","meta":{"footnotes":""},"tags":[],"_links":{"self":[{"href":"https:\/\/portfolio.uqac.ca\/laurelinechiapello\/wp-json\/wp\/v2\/pages\/18"}],"collection":[{"href":"https:\/\/portfolio.uqac.ca\/laurelinechiapello\/wp-json\/wp\/v2\/pages"}],"about":[{"href":"https:\/\/portfolio.uqac.ca\/laurelinechiapello\/wp-json\/wp\/v2\/types\/page"}],"author":[{"embeddable":true,"href":"https:\/\/portfolio.uqac.ca\/laurelinechiapello\/wp-json\/wp\/v2\/users\/282"}],"replies":[{"embeddable":true,"href":"https:\/\/portfolio.uqac.ca\/laurelinechiapello\/wp-json\/wp\/v2\/comments?post=18"}],"version-history":[{"count":6,"href":"https:\/\/portfolio.uqac.ca\/laurelinechiapello\/wp-json\/wp\/v2\/pages\/18\/revisions"}],"predecessor-version":[{"id":236,"href":"https:\/\/portfolio.uqac.ca\/laurelinechiapello\/wp-json\/wp\/v2\/pages\/18\/revisions\/236"}],"wp:attachment":[{"href":"https:\/\/portfolio.uqac.ca\/laurelinechiapello\/wp-json\/wp\/v2\/media?parent=18"}],"wp:term":[{"taxonomy":"post_tag","embeddable":true,"href":"https:\/\/portfolio.uqac.ca\/laurelinechiapello\/wp-json\/wp\/v2\/tags?post=18"}],"curies":[{"name":"wp","href":"https:\/\/api.w.org\/{rel}","templated":true}]}}