{"id":4,"date":"2012-07-23T17:46:31","date_gmt":"2012-07-23T17:46:31","guid":{"rendered":"http:\/\/portfolio-pre.uqac.ca\/gabarit\/?page_id=4"},"modified":"2025-09-16T16:21:07","modified_gmt":"2025-09-16T20:21:07","slug":"presentatio","status":"publish","type":"page","link":"https:\/\/portfolio.uqac.ca\/lauriepageau\/","title":{"rendered":"Pr\u00e9sentation"},"content":{"rendered":"<h2>Laurie Pageau<\/h2>\n<p>Professeure invit\u00e9e au D\u00e9partement des sciences de l&#8217;\u00e9ducation<\/p>\n","protected":false},"excerpt":{"rendered":"<p>Laurie Pageau Professeure invit\u00e9e au D\u00e9partement des sciences de l&#8217;\u00e9ducation<\/p>\n","protected":false},"author":89,"featured_media":0,"parent":0,"menu_order":0,"comment_status":"closed","ping_status":"closed","template":"","meta":{"footnotes":""},"tags":[],"_links":{"self":[{"href":"https:\/\/portfolio.uqac.ca\/lauriepageau\/wp-json\/wp\/v2\/pages\/4"}],"collection":[{"href":"https:\/\/portfolio.uqac.ca\/lauriepageau\/wp-json\/wp\/v2\/pages"}],"about":[{"href":"https:\/\/portfolio.uqac.ca\/lauriepageau\/wp-json\/wp\/v2\/types\/page"}],"author":[{"embeddable":true,"href":"https:\/\/portfolio.uqac.ca\/lauriepageau\/wp-json\/wp\/v2\/users\/89"}],"replies":[{"embeddable":true,"href":"https:\/\/portfolio.uqac.ca\/lauriepageau\/wp-json\/wp\/v2\/comments?post=4"}],"version-history":[{"count":15,"href":"https:\/\/portfolio.uqac.ca\/lauriepageau\/wp-json\/wp\/v2\/pages\/4\/revisions"}],"predecessor-version":[{"id":220,"href":"https:\/\/portfolio.uqac.ca\/lauriepageau\/wp-json\/wp\/v2\/pages\/4\/revisions\/220"}],"wp:attachment":[{"href":"https:\/\/portfolio.uqac.ca\/lauriepageau\/wp-json\/wp\/v2\/media?parent=4"}],"wp:term":[{"taxonomy":"post_tag","embeddable":true,"href":"https:\/\/portfolio.uqac.ca\/lauriepageau\/wp-json\/wp\/v2\/tags?post=4"}],"curies":[{"name":"wp","href":"https:\/\/api.w.org\/{rel}","templated":true}]}}