{"id":187,"date":"2019-07-04T15:50:52","date_gmt":"2019-07-04T19:50:52","guid":{"rendered":"http:\/\/portfolio-pre.uqac.ca\/louisdavidbeaulieu\/?page_id=187"},"modified":"2019-07-04T15:50:52","modified_gmt":"2019-07-04T19:50:52","slug":"enseignement","status":"publish","type":"page","link":"https:\/\/portfolio.uqac.ca\/louisdavidbeaulieu\/enseignement\/","title":{"rendered":"Enseignement"},"content":{"rendered":"<p>Au <a href=\"https:\/\/www.uqac.ca\/programme\/1520-baccalaureat-en-sciences-readaptation\/\">baccalaur\u00e9at en sciences (r\u00e9adaptation)<\/a> :<\/p>\n<p>Cours obligatoires comme responsable :<\/p>\n<ul>\n<li><a href=\"https:\/\/cours.uqac.ca\/SPHTH574\">SPHTH574 : Pratique de la physioth\u00e9rapie en neuro-r\u00e9adaptation<\/a><\/li>\n<li><a href=\"https:\/\/cours.uqac.ca\/SPOTH225\">SPOTH225 : Introduction \u00e0 la biom\u00e9canique dans les sciences de la r\u00e9adaptation <\/a><\/li>\n<\/ul>\n<p>Cours obligatoires comme collaborateur :<\/p>\n<ul>\n<li><a href=\"https:\/\/cours.uqac.ca\/SPHTH245\">SPHTH245 : Introduction \u00e0 la pratique professionnelle I <\/a><\/li>\n<li><a href=\"https:\/\/cours.uqac.ca\/SPHTH670\">SPHTH670 : Approche int\u00e9gr\u00e9e des interventions de physioth\u00e9rapie en neuro-r\u00e9adaptation<\/a><\/li>\n<\/ul>\n<p>\u00c0 la <a href=\"https:\/\/www.uqac.ca\/programme\/1821\/\">Ma\u00eetrise \u00e8s sciences appliqu\u00e9es en physioth\u00e9rapie<\/a> :<\/p>\n<p>Cours obligatoires comme responsable :<\/p>\n<ul>\n<li><a href=\"https:\/\/cours.uqac.ca\/SPOTH644\">SPOTH644 : Projet de recherche<\/a><\/li>\n<\/ul>\n<p>Cours obligatoires comme collaborateur :<\/p>\n<ul>\n<li><a href=\"https:\/\/cours.uqac.ca\/SPOTH611\">SPOTH611 : M\u00e9thodes appliqu\u00e9es de recherche clinique<\/a><\/li>\n<\/ul>\n","protected":false},"excerpt":{"rendered":"<p>Au baccalaur\u00e9at en sciences (r\u00e9adaptation) : Cours obligatoires comme responsable : SPHTH574 : Pratique de la physioth\u00e9rapie en neuro-r\u00e9adaptation SPOTH225 : Introduction \u00e0 la biom\u00e9canique dans les sciences de la r\u00e9adaptation Cours obligatoires comme collaborateur : SPHTH245 : Introduction \u00e0 la pratique professionnelle I SPHTH670 : Approche int\u00e9gr\u00e9e des interventions de physioth\u00e9rapie en neuro-r\u00e9adaptation \u00c0 &hellip; <a href=\"https:\/\/portfolio.uqac.ca\/louisdavidbeaulieu\/enseignement\/\" class=\"more-link\">Continuer la lecture de <span class=\"screen-reader-text\">Enseignement<\/span>  <span class=\"meta-nav\">&rarr;<\/span><\/a><\/p>\n","protected":false},"author":147,"featured_media":0,"parent":0,"menu_order":0,"comment_status":"closed","ping_status":"closed","template":"","meta":{"footnotes":""},"tags":[],"_links":{"self":[{"href":"https:\/\/portfolio.uqac.ca\/louisdavidbeaulieu\/wp-json\/wp\/v2\/pages\/187"}],"collection":[{"href":"https:\/\/portfolio.uqac.ca\/louisdavidbeaulieu\/wp-json\/wp\/v2\/pages"}],"about":[{"href":"https:\/\/portfolio.uqac.ca\/louisdavidbeaulieu\/wp-json\/wp\/v2\/types\/page"}],"author":[{"embeddable":true,"href":"https:\/\/portfolio.uqac.ca\/louisdavidbeaulieu\/wp-json\/wp\/v2\/users\/147"}],"replies":[{"embeddable":true,"href":"https:\/\/portfolio.uqac.ca\/louisdavidbeaulieu\/wp-json\/wp\/v2\/comments?post=187"}],"version-history":[{"count":1,"href":"https:\/\/portfolio.uqac.ca\/louisdavidbeaulieu\/wp-json\/wp\/v2\/pages\/187\/revisions"}],"predecessor-version":[{"id":188,"href":"https:\/\/portfolio.uqac.ca\/louisdavidbeaulieu\/wp-json\/wp\/v2\/pages\/187\/revisions\/188"}],"wp:attachment":[{"href":"https:\/\/portfolio.uqac.ca\/louisdavidbeaulieu\/wp-json\/wp\/v2\/media?parent=187"}],"wp:term":[{"taxonomy":"post_tag","embeddable":true,"href":"https:\/\/portfolio.uqac.ca\/louisdavidbeaulieu\/wp-json\/wp\/v2\/tags?post=187"}],"curies":[{"name":"wp","href":"https:\/\/api.w.org\/{rel}","templated":true}]}}