{"id":165,"date":"2019-04-24T14:39:13","date_gmt":"2019-04-24T18:39:13","guid":{"rendered":"http:\/\/portfolio-pre.uqac.ca\/gabarit\/?page_id=165"},"modified":"2024-12-09T11:17:25","modified_gmt":"2024-12-09T16:17:25","slug":"communications-2","status":"publish","type":"page","link":"https:\/\/portfolio.uqac.ca\/lucvaillancourt\/communications-2\/","title":{"rendered":"Communications"},"content":{"rendered":"<p>\u00ab &#8220;Sur le subject des lettres&#8221; : la tentation \u00e9pistolaire chez Montaigne \u00bb, communication pr\u00e9sent\u00e9e au colloque de la Soci\u00e9t\u00e9 canadienne d\u2019\u00e9tudes de la Renaissance, \u00e0 l\u2019Universit\u00e9 York de Toronto, le 27 mai 2023.<\/p>\n<p>\u00ab\u00a0De la correspondance v\u00e9ritable \u00e0 l\u2019\u00e9dition de lettres \u00e0 la Renaissance: transitions, adaptations et mutations \u00bb, communication pr\u00e9sent\u00e9e au Congr\u00e8s virtuel de la F\u00e9d\u00e9ration des sciences humaines du Canada, le 14 mai 2022.<\/p>\n<p>\u00ab Figures de l\u2019anticolonialisme humaniste : le choc des identit\u00e9s \u00bb, communication pr\u00e9sent\u00e9e au colloque de la Soci\u00e9t\u00e9 canadienne de la Renaissance, Universit\u00e9 de l\u2019Alberta, le 29 mai 2021.<\/p>\n<p>\u00ab Repr\u00e9sentations et constructions identitaires autochtones chez Pierre-Fran\u00e7ois-Xavier de Charlevoix \u00bb, communication prononc\u00e9e \u00e0 l&#8217;occasion du colloque\u00a0 <em>Huronie repr\u00e9sent\u00e9e : Mythologies et appropriations<\/em>\u00a0de la chaire de recherche sur la parole autochtone de l&#8217;Universit\u00e9 du Qu\u00e9bec \u00e0 Chicoutimi, Wendake (Qu\u00e9bec), le 21 juin 2019.<\/p>\n<p>\u00ab Ethos auctorial et constructions identitaires dans <em>Des Sauvages<\/em> de Champlain \u00bb, communication pr\u00e9sent\u00e9e au colloque de la Soci\u00e9t\u00e9 canadienne de la Renaissance, Universit\u00e9 de Colombie-Britannique, le 1er juin 2019.<\/p>\n<p>\u00ab &#8220;Mais \u00e0 qui parle-je ?&#8221; : la question du public chez \u00c9tienne du Tronchet \u00bb, communication pr\u00e9sent\u00e9e au colloque\u00a0<em>Harmoniques litt\u00e9raires<\/em>, Congr\u00e8s de l&#8217;ACFAS, le 27 mai 2019.<\/p>\n<p>\u00ab\u00a0<em>Des Sauvages\u00a0<\/em>de Champlain: ce que l&#8217;autre r\u00e9v\u00e8le de soi\u00a0\u00bb, communication pr\u00e9sent\u00e9e au colloque de la FISIER,\u00a0<em>L&#8217;\u00e9criture de soi \u00e0 la Renaissance<\/em>, Universit\u00e9 Johns Hopkins (Baltimore, Maryland, USA), le 27 avril 2019.<\/p>\n<p>\u00ab\u00a0Les langues autochtones telles qu\u2019envisag\u00e9es par les J\u00e9suites : enjeux th\u00e9ologiques et pratiques rh\u00e9toriques en Nouvelle-France \u00bb, communication pr\u00e9sent\u00e9e au congr\u00e8s de la FEDCAN, Universit\u00e9 de R\u00e9gina (Saskatchewan), le 28 mai 2018.<\/p>\n<p>\u00ab Sc\u00e9nographie de la parole autochtone dans la correspondance de Marie de l\u2019Incarnation\u00a0\u00bb, communication pr\u00e9sent\u00e9e au colloque <em>Les discours rapport\u00e9s en contexte \u00e9pistolaire (XVIe-XVIIIe si\u00e8cle) <\/em>\u00bb (Universit\u00e9 Grenoble Alpes (France), 4-5 octobre 2017), le 4 octobre 2017.<\/p>\n<p>\u00ab\u00a0La fonction rh\u00e9torique de la parole autochtone dans les r\u00e9cits de voyage de la Nouvelle-France\u00a0\u00bb, communication pr\u00e9sent\u00e9e au colloque <em>Paroles retrouv\u00e9es-paroles exhum\u00e9es\u00a0: voix autochtones dans les \u00e9crits de la Nouvelle-France<\/em>, le 14 juin 2017.<\/p>\n<p>\u00ab\u00a0Le st\u00e9r\u00e9otypage du discours autochtone dans les r\u00e9cits de voyage de la Renaissance\u00a0\u00bb, communication pr\u00e9sent\u00e9e au Congr\u00e8s de la Fedcan, Universit\u00e9 Ryerson (Toronto, ON), le 24 mai 2017.<\/p>\n<p>\u00ab\u00a0Montaigne bouddhiste malgr\u00e9 lui?\u00a0\u00bb, communication pr\u00e9sent\u00e9e au colloque de la Soci\u00e9t\u00e9 canadienne d\u2019\u00e9tudes de la Renaissance, Universit\u00e9 de Calgary, le 29 mai 2016.<\/p>\n<p>\u00ab De la lettre famili\u00e8re \u00e0 la lettre de compliment : m\u00e9tamorphoses \u00e9pistolaires chez \u00c9tienne du Tronchet\u00a0\u00bb, communication pr\u00e9sent\u00e9e au colloque de la Soci\u00e9t\u00e9 canadienne d\u2019\u00e9tudes de la Renaissance, Universit\u00e9 d\u2019Ottawa, le 1er juin 2015.<\/p>\n<p>\u00ab\u00a0Tensions, confusions et mutations dans l\u2019\u00e9pistolographie fran\u00e7aise du XVIe si\u00e8cle\u00a0\u00bb, communication pr\u00e9sent\u00e9e au colloque <em>Formes et rituels de la civilit\u00e9 \u00e9pistolaire<\/em>, \u00e0 l\u2019Universit\u00e9 de Grenoble-Alpes (France), le 9 octobre 2014.<\/p>\n<p>\u00ab La correspondance administrative d\u2019Henri III : enjeux d\u2019un corpus \u00bb, communication pr\u00e9sent\u00e9e au congr\u00e8s de la FEDCAN, Universit\u00e9 Brock (Sainte-Catharines, ON), le 24 mai 2014.<\/p>\n<p>\u00ab\u00a0Le culte paradoxal du g\u00e9nie militaire chez Montaigne\u00a0\u00bb, communication pr\u00e9sent\u00e9e au colloque de l\u2019ACFAS Guerre et texte sous l\u2019Ancien R\u00e9gime\u00a0: r\u00e9\u00e9criture, proc\u00e9d\u00e9s et enjeux, Universit\u00e9 Concordia, Montr\u00e9al, 12 mai 2014.<\/p>\n<p>\u00ab Pr\u00e9servation et revitalisation de la culture am\u00e9rindienne par la num\u00e9risation \u00bb, communication pr\u00e9sent\u00e9e au colloque du FREMIR, Universit\u00e9 de Waterloo (Ontario), le 2 octobre 2013, en collaboration avec Catherine Brou\u00e9.<\/p>\n<p>\u00ab Montaigne pour les profanes: de la difficult\u00e9 d&#8217;enseigner les Essais aujourd&#8217;hui\u00a0\u00bb, communication pr\u00e9sent\u00e9e au colloque de la Soci\u00e9t\u00e9 canadienne d\u2019\u00e9tudes de la Renaissance, Universit\u00e9 de Victoria (BC), le1er juin 2013.<\/p>\n<p>\u00ab L\u2019invention de la majorit\u00e9 silencieuse et sa mise \u00e0 profit m\u00e9diatique lors de la crise \u00e9tudiante \u00bb, communication pr\u00e9sent\u00e9e au colloque <em>Le printemps \u00e9rable : un an apr\u00e8s<\/em>, Universit\u00e9 du Qu\u00e9bec \u00e0 Chicoutimi (QC), le 12 avril 2013.<\/p>\n<p>\u00ab\u00a0Pour une arch\u00e9ologie de l\u2019\u00e9loquence am\u00e9rindienne\u00a0\u00bb, communication pr\u00e9sent\u00e9e au colloque du FREMIR, Biblioth\u00e8que de la Compagnie de J\u00e9sus, Coll\u00e8ge Jean de Br\u00e9beuf, Montr\u00e9al, 28 septembre 2012, en collaboration avec Catherine Brou\u00e9.,<\/p>\n<p>\u00ab<em>Non est mortale quod <\/em>opto\u00a0:\u00a0Gabriel\u00a0Symeoni\u00a0et la traduction s\u00e9lective\u00bb, communication pr\u00e9sent\u00e9e au colloque \u00ab Le choix de langue dans la construction des publics \u00e0 la Renaissance en France \u00bb, Brock University (Ontario), le 25 juin 2011.<\/p>\n<p>\u00ab\u00a0La correspondance d&#8217;Henri III, ou comment \u00ab\u00a0remettre et restablir toutes choses en bon estat (et les y maintenir)\u00a0\u00bb, communication pr\u00e9sent\u00e9e au colloque de la Soci\u00e9t\u00e9 canadienne d\u2019\u00e9tudes de la Renaissance, Universit\u00e9 du Nouveau-Brunswick, Fredericton, le 29 mai 2011.<\/p>\n<p>\u00ab\u00a0Rumeurs et d\u00e9mentis dans la correspondance de Henri III\u00a0\u00bb, communication pr\u00e9sent\u00e9e au colloque <em>Rumeurs, propagande et manipulation de l\u2019opinion publique du XVe au XVIe si\u00e8cle<\/em>, au si\u00e8ge social de l\u2019Universit\u00e9 du Qu\u00e9bec, le 20 mai 2011.<\/p>\n<p>\u00ab\u00a0L&#8217;institution oratoire id\u00e9ale d&#8217;Henri, roi de Pologne\u00a0\u00bb, communication pr\u00e9sent\u00e9e au congr\u00e8s de la <em>Sixteenth Century Society Conference<\/em>, Montr\u00e9al, le 14 octobre 2010.<\/p>\n<p>\u00ab\u00a0De la lettre \u00e0 l&#8217;essai: ou la dette de Montaigne envers l&#8217;\u00e9pistolographie humaniste\u00a0\u00bb, communication pr\u00e9sent\u00e9e au colloque de la Soci\u00e9t\u00e9 canadienne d\u2019\u00e9tudes de la Renaissance, Universit\u00e9 Concordia (Montr\u00e9al, Canada), le 28 mai 2010.<\/p>\n<p>\u00ab\u00a0Postures apolog\u00e9tiques dans la correspondance de Henri III\u00a0\u00bb, communication pr\u00e9sent\u00e9e au colloque de la Soci\u00e9t\u00e9 Internationale pour l&#8217;Histoire de la Rh\u00e9torique, Universit\u00e9 McGill (Montr\u00e9al, Qu\u00e9bec), le 23 juillet 2009.<\/p>\n<p>\u00ab\u00a0Gabriel Symeoni ou l&#8217;arrivisme \u00e9pistolaire\u00a0\u00bb communication pr\u00e9sent\u00e9e au colloque de la Soci\u00e9t\u00e9 canadienne d\u2019\u00e9tudes de la Renaissance, Universit\u00e9 Carleton (Ontario, Canada), le 24 mai 2009.<\/p>\n<p>\u00ab\u00a0Henri III \u00e9pistolier : rh\u00e9torique royale de la lettre famili\u00e8re\u00a0\u00bb, communication pr\u00e9sent\u00e9e au Congr\u00e8s annuel de la F\u00e9d\u00e9ration canadienne des sciences humaines, Universit\u00e9 de la Colombie-Britannique (Canada), le 2 juin 2008.<\/p>\n<p>\u00ab&#8221;Un des plus grands miracles de Nature&#8221;\u00a0: l\u2019exemplarit\u00e9 de Jules C\u00e9sar chez Montaigne \u00bb, communication pr\u00e9sent\u00e9e au colloque \u00ab\u00a0Les repr\u00e9sentations de Jules C\u00e9sar \u00e0 l\u2019\u00e9poque moderne \u00bb Universit\u00e9 Laval, Qu\u00e9bec, le 4 octobre 2007.<\/p>\n<p>\u00ab\u00a0Enjeux de la num\u00e9risation du corpus \u00e9pistolographique de la Renaissance\u00a0\u00bb, communication pr\u00e9sent\u00e9e au colloque de la Soci\u00e9t\u00e9 canadienne d\u2019\u00e9tudes de la Renaissance \u00e0 l\u2019Universit\u00e9 de Saskatchewan, Saskatoon, (Canada), le 28 mai 2007.<\/p>\n<p>\u00ab\u00a0Le <em>Premier livre <\/em>de Gaspar de Saillans\u00a0: des \u00ab\u00a0lettres missives familierement \u00e9crites au vray\u00a0\u00bb, communication pr\u00e9sent\u00e9e au colloque de la Soci\u00e9t\u00e9 Internationale pour l\u2019Histoire de la Rh\u00e9torique, Los Angeles (Californie), le 13 juillet 2005.<\/p>\n<p>\u00ab\u00a0Pour une histoire des genres familiers\u00a0\u00bb, communication pr\u00e9sent\u00e9e au colloque \u00ab\u00a0Les d\u00e9clinaisons du \u2018moi\u2019 sous l\u2019Ancien R\u00e9gime\u00a0: de l\u2019\u00e9pistolaire \u00e0 l\u2019autobiographie\u00a0\u00bb, dans le cadre du 73<sup>e<\/sup> Congr\u00e8s de l\u2019ACFAS, Universit\u00e9 du Qu\u00e9bec \u00e0 Chicoutimi, le 13 mai 2005.<\/p>\n<p>\u00ab\u00a0Les Missives des dames des Roches\u00a0: rh\u00e9torique mondaine de la lettre de compliment\u00a0\u00bb, communication pr\u00e9sent\u00e9e dans le cadre du 73<sup>e<\/sup> Congr\u00e8s de l\u2019ACFAS, Universit\u00e9 du Qu\u00e9bec \u00e0 Chicoutimi, le 12 mai 2005.<\/p>\n<p>\u00ab\u00a0La rh\u00e9torique \u00e9pistolaire de Rabelais\u00a0\u00bb, compte rendu critique pr\u00e9sent\u00e9 dans le cadre du colloque annuel de la Soci\u00e9t\u00e9 Canadienne pour l\u2019\u00e9tude de la Renaissance, Winnipeg, 2 juin 2004.<\/p>\n<p><strong>\u00ab<\/strong> Les enjeux de la num\u00e9risation du patrimoine qu\u00e9b\u00e9cois de livres anciens\u00a0\u00bb, communication pr\u00e9sent\u00e9e dans le cadre du 72e Congr\u00e8s de l\u2019ACFAS, l\u2019Universit\u00e9 du Qu\u00e9bec \u00e0 Montr\u00e9al le 11 mai 2004.<\/p>\n<p>\u00ab \u00c9tienne Pasquier : du familier \u00e0 l\u2019informel \u00bb, communication pr\u00e9sent\u00e9e au colloque de l\u2019ACFAS \u00ab Pr\u00e9gnance et polyvalence du mod\u00e8le rh\u00e9torique sous l\u2019Ancien R\u00e9gime \u00bb, le 21 mai 2003 \u00e0 l\u2019Universit\u00e9 du Qu\u00e9bec \u00e0 Rimouski.<\/p>\n<p>\u00ab\u00a0Les <em>Lettres Missives et Familieres <\/em>d\u2019\u00c9tienne du Tronchet\u00a0: rh\u00e9torique de l&#8217;<em>\u00e9thos<\/em> familier\u00a0\u00bb, communication pr\u00e9sent\u00e9e au colloque international \u00ab\u00a0La rh\u00e9torique \u00e9pistolaire sous l\u2019Ancien R\u00e9gime fran\u00e7ais\u00a0: de la th\u00e9orie aux pratiques\u00a0\u00bb, le 4-5 avril 2003 \u00e0 l\u2019Universit\u00e9 de Winnipeg.<\/p>\n<p>\u00ab\u00a0Catherine des Roches traductrice de Claudien\u00a0: &#8220;pour recouvrer par art ce que nature nie&#8221;\u00bb, communication pr\u00e9sent\u00e9e le 21 septembre 2002 au colloque international \u00ab\u00a0Les femmes et la traduction du Moyen \u00c2ge au XVIIIe si\u00e8cle\u00a0\u00bb, \u00e0 l&#8217;Universit\u00e9 de Montr\u00e9al.<\/p>\n<p>\u00ab\u00a0La lettre famili\u00e8re au XVI<sup>e<\/sup> si\u00e8cle\u00a0: tradition rh\u00e9torique et novation \u00e9pistolographique\u00a0\u00bb, communication pr\u00e9sent\u00e9e le 26 juillet 1997 au colloque\u00a0 international\u00a0: <em>The Greco-Roman Rhetorical Tradition\u00a0: Alterations, Adaptations,\u00a0 Alternatives,<\/em> <em>Eleventh Biennial Conference of the International Society for the History of Rhetoric<\/em>, Saskatoon, (Canada), 21-26 juillet 1997.<\/p>\n<p>\u00ab\u00a0Mouvements r\u00e9flexifs dans la po\u00e9sie de Marguerite de Navarre\u00a0\u00bb, communication pr\u00e9sent\u00e9e le 29 avril 1995 au colloque international\u00a0: <em>Les Femmes \u00e9crivains sous l\u2019Ancien R\u00e9gime\u00a0: tentatives d\u2019\u00e9mancipation,<\/em> Washington University in St-Louis (USA), 27-30 avril 1995.<\/p>\n","protected":false},"excerpt":{"rendered":"<p>\u00ab &#8220;Sur le subject des lettres&#8221; : la tentation \u00e9pistolaire chez Montaigne \u00bb, communication pr\u00e9sent\u00e9e au colloque de la Soci\u00e9t\u00e9 canadienne d\u2019\u00e9tudes de la Renaissance, \u00e0 l\u2019Universit\u00e9 York de Toronto, le 27 mai 2023. \u00ab\u00a0De la correspondance v\u00e9ritable \u00e0 l\u2019\u00e9dition de lettres \u00e0 la Renaissance: transitions, adaptations et mutations \u00bb, communication pr\u00e9sent\u00e9e au Congr\u00e8s virtuel &hellip; <a href=\"https:\/\/portfolio.uqac.ca\/lucvaillancourt\/communications-2\/\" class=\"more-link\">Continuer la lecture de <span class=\"screen-reader-text\">Communications<\/span>  <span class=\"meta-nav\">&rarr;<\/span><\/a><\/p>\n","protected":false},"author":89,"featured_media":0,"parent":0,"menu_order":0,"comment_status":"closed","ping_status":"closed","template":"","meta":{"footnotes":""},"tags":[],"_links":{"self":[{"href":"https:\/\/portfolio.uqac.ca\/lucvaillancourt\/wp-json\/wp\/v2\/pages\/165"}],"collection":[{"href":"https:\/\/portfolio.uqac.ca\/lucvaillancourt\/wp-json\/wp\/v2\/pages"}],"about":[{"href":"https:\/\/portfolio.uqac.ca\/lucvaillancourt\/wp-json\/wp\/v2\/types\/page"}],"author":[{"embeddable":true,"href":"https:\/\/portfolio.uqac.ca\/lucvaillancourt\/wp-json\/wp\/v2\/users\/89"}],"replies":[{"embeddable":true,"href":"https:\/\/portfolio.uqac.ca\/lucvaillancourt\/wp-json\/wp\/v2\/comments?post=165"}],"version-history":[{"count":10,"href":"https:\/\/portfolio.uqac.ca\/lucvaillancourt\/wp-json\/wp\/v2\/pages\/165\/revisions"}],"predecessor-version":[{"id":341,"href":"https:\/\/portfolio.uqac.ca\/lucvaillancourt\/wp-json\/wp\/v2\/pages\/165\/revisions\/341"}],"wp:attachment":[{"href":"https:\/\/portfolio.uqac.ca\/lucvaillancourt\/wp-json\/wp\/v2\/media?parent=165"}],"wp:term":[{"taxonomy":"post_tag","embeddable":true,"href":"https:\/\/portfolio.uqac.ca\/lucvaillancourt\/wp-json\/wp\/v2\/tags?post=165"}],"curies":[{"name":"wp","href":"https:\/\/api.w.org\/{rel}","templated":true}]}}