{"id":25,"date":"2020-08-19T09:09:31","date_gmt":"2020-08-19T13:09:31","guid":{"rendered":"http:\/\/portfolio-pre.uqac.ca\/gabarit\/?page_id=25"},"modified":"2025-10-29T11:13:09","modified_gmt":"2025-10-29T15:13:09","slug":"communications","status":"publish","type":"page","link":"https:\/\/portfolio.uqac.ca\/marieevelangelier\/communications\/","title":{"rendered":"Communications"},"content":{"rendered":"<h4>Conf\u00e9rences et ateliers exp\u00e9rientiels<\/h4>\n<p>Rancourt-Tremblay, Z., Parent, V., Lagueux, F., Langelier, M.-\u00c8., Therriault, D., Fortin, J., Di Gusto, A., G\u00e9mus, S.\u00a0 &amp; Gauthier, M.\u00a0 (2025, juillet). <em>Harnessing nature to support youth\u00a0mental health and school adaptation<\/em> [affiche]. 46e congr\u00e8s de l&#8217;International School Psychology Association, Coimbra, Portugal.<\/p>\n<p>Langelier, M.-\u00c8., Ville, C., Quintela Do Carmo, G., Page, G., Chavigny, S., Lanoue, S., Paradis, P.-O., Verch\u00e8re,\u00a0 C., Ayotte-Beaudet, J.-P.(2025, 23 mai). An exploratory study of nature-based practices in higher education to promote student mental health in Quebec [conf\u00e9rence]. 4th World Conference on Forests and Parks for Public Health. Luxembourg.<\/p>\n<p>Langelier, M.-\u00c8., Rancourt-Tremblay, Z., Di Gusto, A., Therriault, D., Lagueux, F., Ayotte-Beaudet, J.-P. et Parent, V. (2025, 23 mai). What makes nature-based intervention work according to the participants [conf\u00e9rence]. 4th World Conference on Forests and Parks for Public Health. Luxembourg.<\/p>\n<p>Gabriela Quintela Do Carmo, Orf\u00e9 Langlois, Marie-\u00c8ve Langelier, Cassandre Ville, Sophie Chavigny, Pier-Olivier Paradis, Linda Paquette, S\u00e8verine Lanoue, Jean-Philippe Ayotte-Beaudet. (6 mai 2025). Sur les traces de la nature et l&#8217;aventure &#8211; Une revue de la port\u00e9e [conf\u00e9rence]. ACFAS, Montr\u00e9al.<\/p>\n<p>Cassandre Ville, Marie-Eve Langelier, Orf\u00e9 Langlois, Gabriela Quintela Do Carmo, Gabrielle Page, Pier-Olivier Paradis, S\u00e8verine Lanoue, C\u00e9line Verch\u00e8re,<i>\u00a0<\/i>Linda Paquette et Jean-Philippe Ayotte-Beaudet. (6 mai 2025). R\u00e9sultats d\u2019une enqu\u00eate et partage de t\u00e9moignage [conf\u00e9rence]. ACFAS, Montr\u00e9al.<\/p>\n<p>Langelier, M.-\u00c8., St-Gelais, J.-F., Bouchard, D.\u00a0 (2025, 16 avril).\u00a0 [panel d\u2019experts]. Rendez-vous \u00c9coaventure Bor\u00e9ale.<\/p>\n<p>Langelier, M.-\u00c8. (2025, 15 avril). Les bienfaits de la nature sur la sant\u00e9 [conf\u00e9rence]. Congr\u00e8s de la sant\u00e9 mentale de la base militaire de Bagotville.<\/p>\n<p>Fortin, \u00c9., Langelier, M.-\u00c8., da Silva, R. (2025, avril) Projet PARC: Bouger en nature pour favoriser la sant\u00e9 durable des personnes souffrant de la maladie de Parkinson [conf\u00e9rence].19e \u00e9dition des Journ\u00e9es scientifiques du RQRV<\/p>\n<p>Baillargeon, E., Goyette, M., Langelier, M.-\u00c8. (2025, avril). Sant\u00e9 sexuelle et intervention par la nature et l\u2019aventure aupr\u00e8s d\u2019adolescent.es : \u00e9tude exploratoire \u00e0 partir des perceptions des personnes concern\u00e9es [conf\u00e9rence]. Journ\u00e9e \u00e9tudiante annuelle de la recherche en sexologie.<\/p>\n<p>Vincent-Herscovici, J., Lavalli\u00e8re, M., Langelier, M.-\u00c8., Bouazara, M. (2025, f\u00e9vrier). L\u2019innovation comme voie de valorisation de la recherche. [panel d\u2019experts]. Rendez-vous de la recherche et de la cr\u00e9ation de l\u2019UQAC 2025.<\/p>\n<p>Girard, S., Arbour, N., Laprise, C., Langelier, M.-\u00c8., Paquette, L., da Silva, R., Tremblay, S. (2025, f\u00e9vrier). Enfin, on pr\u00e9vient! [panel d\u2019experts]. Rendez-vous de la recherche et de la cr\u00e9ation de l\u2019UQAC 2025.<\/p>\n<p><span class=\"TextRun SCXW57053844 BCX8\" lang=\"FR-CA\" xml:lang=\"FR-CA\" data-contrast=\"auto\"><span class=\"NormalTextRun SCXW57053844 BCX8\" data-ccp-parastyle=\"Normal (Web)\">G\u00e9mus, S., Lagueux, F., Parent, V., Therriault, D., Ayotte-Beaudet, J.-P., Langelier, M.-\u00c8., &amp; Rassy, J. (2024, novembre). <\/span><\/span><span class=\"TextRun SCXW57053844 BCX8\" lang=\"FR-CA\" xml:lang=\"FR-CA\" data-contrast=\"auto\"><span class=\"NormalTextRun SCXW57053844 BCX8\" data-ccp-charstyle=\"Emphasis\">\u00c9clore en pleine nature : Satisfaction et atteinte des objectifs de jeunes ayant particip\u00e9 \u00e0 une intervention par la nature et l\u2019aventure (INA)<\/span><\/span><span class=\"TextRun SCXW57053844 BCX8\" lang=\"FR-CA\" xml:lang=\"FR-CA\" data-contrast=\"auto\"><span class=\"NormalTextRun SCXW57053844 BCX8\" data-ccp-parastyle=\"Normal (Web)\"> [Communication orale]. Journ\u00e9e de la recherche en psychologie, Universit\u00e9 de Sherbrooke, Canada.<\/span><\/span><span class=\"EOP SCXW57053844 BCX8\" data-ccp-props=\"{&quot;134233117&quot;:true,&quot;134233118&quot;:true,&quot;201341983&quot;:0,&quot;335559685&quot;:567,&quot;335559740&quot;:240,&quot;335559991&quot;:567}\">\u00a0<\/span><\/p>\n<p>Langelier, M.-\u00c8. et Larouche, A. (2024, 20 juin). <em>Combining experience with evidence &#8211; appreciating the benefits of nature to better protect it <\/em>[atelier exp\u00e9rientiel]<em>.<\/em> Gathering Adventure Therapy Europe. Lettonie.<\/p>\n<p>Langelier, M.-\u00c8., Quintela Do Carmo, G, Ville, C., Chavigny, S., Page, G., Lanoue, S. (2024, 14 juin). <em>Sur les traces de la nature et de l\u2019aventure \u2013 une revue de la port\u00e9e [conf\u00e9rence].<\/em> Grand Rassemblement de l\u2019Observatoire en sant\u00e9 mentale en enseignement sup\u00e9rieur.<\/p>\n<p>Therriault, D., Parent, V., Lagueux, F., G\u00e9mus, S., Langelier, M.-E., Ayotte-Beaudet, J.-P.<em>\u00a0(2024, juin). Nature and Adventure for Adolescents with Adjustment Difficulties:\u00a0<\/em><em>Preliminary Results of the Horizon Program (affiche).\u00a0<\/em>International Society for the Study of Behavioral Development.<\/p>\n<p>Fortin, \u00c9., Cliche, M., Sutton, K., Langelier, M.-E., da Silva, R.A. (2024, 5 juin). <em>Projet PARC : bouger en nature pour favoriser la sant\u00e9 durable des personnes souffrant de la maladie de Parkinson<\/em>\u00a0[affiche]. Journ\u00e9e de la recherche du CIUSSS Saguenay-Lac-St-Jean.<\/p>\n<p>Langelier, M.-\u00c8. (2024,\u00a015 mai). <em>The Role of Nature in Promoting Health and Healing [conf\u00e9rence].<\/em> Department of Environmental Health &amp; Community Wellness, Milwaukee, Wisconsin.<\/p>\n<p>Langelier, M.-\u00c8. (2024, 3 mai). <em>La Nature, une alli\u00e9e pour notre sant\u00e9 [conf\u00e9rence].<\/em> Congr\u00e8s annuel de la f\u00e9d\u00e9ration des kin\u00e9siologues du Qu\u00e9bec.<\/p>\n<p>Duteau, M., Peters, F., Mathieu, M.-E., Langelier, M.-E., Bastarache, G., Gonnet,T., Di Lauro, S., Riesco, E., Dor\u00e9, M., Culos-Reed, N., Dor\u00e9, I. (2024, 3 mai). <em>Actifs dans notre communaut\u00e9 : Co-cr\u00e9ation d&#8217;un service Cardio Plein Air pour les personnes vivant avec et au-del\u00e0 du cancer<\/em> [affiche].<em>\u00a0<\/em>Congr\u00e8s annuel de la f\u00e9d\u00e9ration des kin\u00e9siologues du Qu\u00e9bec.<\/p>\n<p><span class=\"TextRun SCXW106198202 BCX8\" lang=\"FR-CA\" xml:lang=\"FR-CA\" data-contrast=\"auto\"><span class=\"NormalTextRun SCXW106198202 BCX8\" data-ccp-parastyle=\"Normal (Web)\">G\u00e9mus, S., Rancourt-Tremblay, Z., Lagueux, F., Therriault, D., Langelier, M.-\u00c8., Rassy, J., &amp; Parent, V. (2024, mai). <\/span><\/span><em><span class=\"TextRun SCXW106198202 BCX8\" lang=\"FR-CA\" xml:lang=\"FR-CA\" data-contrast=\"auto\"><span class=\"NormalTextRun SCXW106198202 BCX8\" data-ccp-charstyle=\"Emphasis\">Les intervenants au c\u0153ur du programme Horizon : Constats et exp\u00e9rience<\/span><\/span><\/em><span class=\"TextRun SCXW106198202 BCX8\" lang=\"FR-CA\" xml:lang=\"FR-CA\" data-contrast=\"auto\"><span class=\"NormalTextRun SCXW106198202 BCX8\" data-ccp-parastyle=\"Normal (Web)\"><em> [Communication affich\u00e9e].<\/em> 46e congr\u00e8s annuel de la Soci\u00e9t\u00e9 qu\u00e9b\u00e9coise pour la recherche en psychologie (SQRP), Drummondville, Canada.<\/span><\/span><span class=\"EOP SCXW106198202 BCX8\" data-ccp-props=\"{&quot;134233117&quot;:true,&quot;134233118&quot;:true,&quot;201341983&quot;:0,&quot;335559685&quot;:567,&quot;335559740&quot;:240,&quot;335559991&quot;:567}\">\u00a0<\/span><\/p>\n<p>Langelier, M.-\u00c8. et Gargano, V. (2024,\u00a07 f\u00e9vrier).\u00a0<em>Prendre soin de la nature pour prendre soin des populations [conf\u00e9rence]. <\/em>Direction de sant\u00e9 publique du CIUSSS Saguenay Lac St-Jean.\u00a0Webinaire.<\/p>\n<p>Langelier, M.-\u00c8. et Bradette, I. (2023, 23 novembre).\u00a0<a href=\"https:\/\/lereseau.co\/colloque-2023#conf15\">Allier l\u2019exp\u00e9rience aux donn\u00e9es probantes \u2013 appr\u00e9cier les bienfaits de la nature pour mieux la prot\u00e9ger<\/a>. [Atelier exp\u00e9rientiel]. Colloque du R\u00c9SEAU. Shawinigan, Qu\u00e9bec.<\/p>\n<p>Langelier, M-\u00c8. (2023, 4 octobre).\u00a0<em>La nature, une alli\u00e9e pour notre sant\u00e9 [webinaire]. <\/em>Bureau de la responsabilit\u00e9 sociale de la Facult\u00e9 de m\u00e9decine et des sciences de la sant\u00e9 de l&#8217;Universit\u00e9 de Sherbrooke.<\/p>\n<p><span class=\"TextRun SCXW44251819 BCX8\" lang=\"EN-US\" xml:lang=\"EN-US\" data-contrast=\"auto\"><span class=\"NormalTextRun SCXW44251819 BCX8\" data-ccp-parastyle=\"Normal (Web)\">G\u00e9mus<\/span><span class=\"NormalTextRun SCXW44251819 BCX8\" data-ccp-parastyle=\"Normal (Web)\">, S., Lagueux, F., Parent, V., <\/span><span class=\"NormalTextRun SCXW44251819 BCX8\" data-ccp-parastyle=\"Normal (Web)\">Therriault<\/span><span class=\"NormalTextRun SCXW44251819 BCX8\" data-ccp-parastyle=\"Normal (Web)\">, D., Ayotte-Beaudet, J.-P., Langelier, M.-\u00c8., &amp; <\/span><span class=\"NormalTextRun SCXW44251819 BCX8\" data-ccp-parastyle=\"Normal (Web)\">Rassy<\/span><span class=\"NormalTextRun SCXW44251819 BCX8\" data-ccp-parastyle=\"Normal (Web)\">, J. (2023, <\/span><span class=\"NormalTextRun SpellingErrorV2Themed SCXW44251819 BCX8\" data-ccp-parastyle=\"Normal (Web)\">octobre<\/span><span class=\"NormalTextRun SCXW44251819 BCX8\" data-ccp-parastyle=\"Normal (Web)\">). <\/span><\/span><em><span class=\"TextRun SCXW44251819 BCX8\" lang=\"EN-US\" xml:lang=\"EN-US\" data-contrast=\"auto\"><span class=\"NormalTextRun SCXW44251819 BCX8\" data-ccp-parastyle=\"Normal (Web)\">Adolescents\u2019 <\/span><span class=\"NormalTextRun SCXW44251819 BCX8\" data-ccp-parastyle=\"Normal (Web)\">Experiences<\/span><span class=\"NormalTextRun SCXW44251819 BCX8\" data-ccp-parastyle=\"Normal (Web)\"> of <\/span><span class=\"NormalTextRun ContextualSpellingAndGrammarErrorV2Themed SCXW44251819 BCX8\" data-ccp-parastyle=\"Normal (Web)\">a Psychosocial<\/span><span class=\"NormalTextRun SCXW44251819 BCX8\" data-ccp-parastyle=\"Normal (Web)\"> Intervention <\/span><span class=\"NormalTextRun SpellingErrorV2Themed SCXW44251819 BCX8\" data-ccp-parastyle=\"Normal (Web)\">throught<\/span><span class=\"NormalTextRun SCXW44251819 BCX8\" data-ccp-parastyle=\"Normal (Web)\"> Nature and <\/span><span class=\"NormalTextRun ContextualSpellingAndGrammarErrorV2Themed SCXW44251819 BCX8\" data-ccp-parastyle=\"Normal (Web)\">Adventure\u202f:<\/span><span class=\"NormalTextRun SCXW44251819 BCX8\" data-ccp-parastyle=\"Normal (Web)\"> a Mixed Methods <\/span><span class=\"NormalTextRun SCXW44251819 BCX8\" data-ccp-parastyle=\"Normal (Web)\">Study<\/span><\/span><\/em><span class=\"TextRun SCXW44251819 BCX8\" lang=\"EN-US\" xml:lang=\"EN-US\" data-contrast=\"auto\"><span class=\"NormalTextRun SCXW44251819 BCX8\" data-ccp-parastyle=\"Normal (Web)\"><em>.<\/em> 3rd World <\/span><span class=\"NormalTextRun SCXW44251819 BCX8\" data-ccp-parastyle=\"Normal (Web)\">Conference<\/span><span class=\"NormalTextRun SCXW44251819 BCX8\" data-ccp-parastyle=\"Normal (Web)\"> on <\/span><span class=\"NormalTextRun SCXW44251819 BCX8\" data-ccp-parastyle=\"Normal (Web)\">Forests<\/span><span class=\"NormalTextRun SCXW44251819 BCX8\" data-ccp-parastyle=\"Normal (Web)\"> for Public <\/span><span class=\"NormalTextRun SCXW44251819 BCX8\" data-ccp-parastyle=\"Normal (Web)\">Health<\/span><span class=\"NormalTextRun SCXW44251819 BCX8\" data-ccp-parastyle=\"Normal (Web)\">, Sherbrooke, Canada.<\/span><\/span><span class=\"EOP SCXW44251819 BCX8\" data-ccp-props=\"{&quot;134233117&quot;:true,&quot;134233118&quot;:true,&quot;201341983&quot;:0,&quot;335559685&quot;:567,&quot;335559740&quot;:240,&quot;335559991&quot;:567}\">\u00a0<\/span><\/p>\n<p>Langelier, M.-\u00c8. et Giroux, M. (2023, 3 octobre). <em>Les bienfaits du contact avec la nature sur la sant\u00e9 [Atelier exp\u00e9rientiel]<\/em><em>.\u00a0<\/em>Comit\u00e9 de direction de la Facult\u00e9 de m\u00e9decine et des sciences de la sant\u00e9 de l&#8217;Universit\u00e9 de Sherbrooke. Sherbrooke.<\/p>\n<p>Langelier, M.-\u00c8. (2023, 16 mai). <em>La nature, une alli\u00e9e pour notre sant\u00e9 [webinaire].<\/em> Centre de formation continue de la Facult\u00e9 de m\u00e9decine et des sciences de la sant\u00e9 de l&#8217;Universit\u00e9 de Sherbrooke.<\/p>\n<p>Langelier, M.-\u00c8.,\u00a0 Drapeau, C.,\u00a0 Paradis, M-M., Dor\u00e9, I.\u00a0\u00a0(2023, 29 mars). <em>Nature, plein air et sant\u00e9 mentale: tour d&#8217;horizon des donn\u00e9es probantes et initiatives inspirantes [webinaire].<\/em>. <a href=\"https:\/\/www.santepop.qc.ca\/fr\/posts\/webinaires\/nature-plein-air-et-sante-mentale-tour-dhorizon-des-donnees-probantes-et?fbclid=IwAR3nccpVX7WRQsvy3ag2w-j1mISMnVpM3fsi0ZZ6FwHqHE5r-59iHzNenck\">R\u00e9seau de recherche en sant\u00e9 des populations du Qu\u00e9bec<\/a>.<\/p>\n<p>Langelier, M.-\u00c8. (2023. 21 mars). <em>La nature, \u00e7a fait du bien!<\/em> <em>[webinaire]. <\/em>CISSS Mont\u00e9r\u00e9gie-Centre<em>.<\/em><\/p>\n<p>Langelier, M.-\u00c8. (2023, 18 janvier). <em>Viens donc jouer dehors! Les bienfaits de la nature sur la sant\u00e9 mentale [webinaire]. Journ\u00e9e Conf\u00e9rence &#8211; fondation Vivre ma sant\u00e9 mentale. <\/em>Chicoutimi.<\/p>\n<p>Langelier, M.-\u00c8., Marie-Michelle Paradis, Gargano, V., Trudel, C., Dufresne, H. (2022, 13 octobre). <em>9th International Adventure Therapy Conference<\/em>\u00a0&#8211; <em>Apprentissages, constats et h\u00e9ritage du pays des Trolls.<\/em> <a href=\"https:\/\/lereseau.co\/colloque-2022\">Colloque du R\u00c9SEAU<\/a>, Otterburn Park, Qu\u00e9bec.<\/p>\n<p>Langelier, M.-\u00c8. et Bradette. I. (2022, 30 septembre). <em>Les bienfaits du contact avec la nature sur la sant\u00e9 [Atelier exp\u00e9rientiel]<\/em><em>.<\/em> Journ\u00e9es d\u00e9partementales du d\u00e9partement de m\u00e9decine familiale et de m\u00e9decine d&#8217;urgence de la Facult\u00e9 de m\u00e9decine et des sciences de la sant\u00e9 de l&#8217;Universit\u00e9 de Sherbrooke. Alma.<\/p>\n<p>Langelier, M.-\u00c8. (2022).\u00a0<em>Optimizing the Wellbeing of Adults\u00a0<\/em><em>Suffering from Anxiety Disorders: Nature and Adventure-based Intervention as a Way of Experiencing New Stress Management Strategies.\u00a0<\/em>\u00a0<a href=\"https:\/\/9iatc.internationaladventuretherapy.org\/\">9th International Adventure Therapy Conference<\/a>, 19-25\u00a0juin 2022, Kristiansand, Norv\u00e8ge.<\/p>\n<p>P\u00e9pin, A., Brault, M.-C., Langelier, M.-\u00c8., Laprise, C. et Pulido, L. (2022).\u00a0<em><a href=\"https:\/\/www.acfas.ca\/evenements\/congres\/89\/contribution\/retombees-pedagogie-nature-cheminement-scolaire-synthese\">Les retomb\u00e9es de la p\u00e9dagogie en nature sur le cheminement scolaire : une synth\u00e8se des recherches.<\/a>\u00a0<\/em>ACFAS, 11 mai 2022, colloque virtuel.<\/p>\n<p>Langelier, M.-\u00c8. et Bradette, I. (2021).\u00a0<em>Optimiser le Bien-\u00eatre chez les adultes souffrant de Troubles Anxieux &#8211; L\u2019Intervention par la\u00a0<\/em><em>Nature et l\u2019Aventure comme moyen d\u2019exp\u00e9rimenter des outils d\u2019autogestion.\u00a0Forum de m\u00e9decine familiale<\/em>, 8-13 novembre\u00a02021, colloque virtuel, Canada.<\/p>\n<p>Bradette, I. et\u00a0Langelier, M.-\u00c8. (2021). <em>Rencontre avec la nature.<\/em><a href=\"https:\/\/www.acfas.ca\/node\/53785\"><em>\u00a0<\/em>J<\/a>ourn\u00e9e bien-\u00eatre,\u00a030 mai\u00a02021. Atelier exp\u00e9rientiel. Chicoutimi.<\/p>\n<p>Langelier, M.-\u00c8. et Bradette, I. (2021).\u00a0<a href=\"https:\/\/www.acfas.ca\/node\/53785\"><em>Optimiser le Bien-\u00eatre chez les adultes souffrant de Troubles Anxieux &#8211; L\u2019Intervention par la\u00a0<\/em><em>Nature et l\u2019Aventure comme moyen d\u2019exp\u00e9rimenter des outils d\u2019autogestion. <\/em><\/a>ACFAS, 3-7 mai 2021, Sherbrooke (virtuel), Canada.<\/p>\n<p>Langelier, M.-\u00c8. et Leblanc, J-P. (2021). <em>Programme H\u00caTRE &#8211; Programme de sensibilisation des \u00e9l\u00e8ves du secondaire aux bienfaits des activit\u00e9s de plein air sur le bien-\u00eatre.\u00a0FUQAC,\u00a0<\/em>26 f\u00e9vrier 2021, Chicoutimi (virtuel), Canada.<\/p>\n<p>Bradette, I. et Langelier, M.-\u00c8. (2020).\u00a0\u00a0<em>Et si on allait dehors? Les b\u00e9n\u00e9fices de la nature et de l&#8217;aventure sur la sant\u00e9 mentale. <\/em>F\u00e9d\u00e9ration des m\u00e9decins omnipraticiens du Qu\u00e9bec, 30 janvier 2021, Jonqui\u00e8re, Canada.<\/p>\n<p>Langelier, M.-\u00c8., Bradette, I. et L\u00e9tourneau, R. (2019).\u00a0<em>A Therapeutic Intervention Program for young adults suffering from anxiety.\u00a0<\/em>Canadian Adventure Therapy Symposium, 19-21 septembre 2019, Whitehorse, Yukon.<\/p>\n<h4>Dans les m\u00e9dias<\/h4>\n<p>Langelier, M.-E. (invit\u00e9e) et Doucet, C. (journaliste). (2025, 2 juin). <a href=\"https:\/\/ici.radio-canada.ca\/ohdio\/premiere\/emissions\/place-publique\/segments\/rattrapage\/2086162\/nature-et-sport-comme-remedes-contre-anxiete\">La nature et le sport comme rem\u00e8des contre l\u2019anxi\u00e9t\u00e9.<\/a> Place Publique. Radio-Canada.<\/p>\n<p>Langelier, M.-E. (invit\u00e9e) et Tremblay, F. (journaliste). (7 avril 2025). <a href=\"https:\/\/ici.radio-canada.ca\/ohdio\/premiere\/emissions\/cest-jamais-pareil\/segments\/rattrapage\/2039044\/gestion-anxiete-en-pleine-nature\">La gestion de l\u2019anxi\u00e9t\u00e9 en pleine nature.<\/a> C&#8217;est jamais pareil. Radio-Canada.<\/p>\n<p>Langelier, M.-E. (invit\u00e9e) et Fortin-Foster, F. (journaliste). (20 janvier 2025). <a href=\"https:\/\/www.noovo.info\/video\/la-luminotherapie-pour-contrer-les-effets-de-la-depression-saisonniere.html?utm_source=BenchmarkEmail&amp;utm_campaign=H25_Infolettre27012025&amp;utm_medium=email\">La luminoth\u00e9rapie pour contrer les effets de la d\u00e9pression saisonni\u00e8re.<\/a> Noovo.<\/p>\n<p>Langelier, M-\u00c8. (invit\u00e9e) et Gagnon, M. (animatrice). <a href=\"https:\/\/matv.ca\/quebec\/mes-emissions\/lumiere-sur-les-femmes-en-science\/episode-4\">Lumi\u00e8re sur les femmes en science. Saison 3, \u00e9pisode 4.\u00a0<\/a>Centre intersectoriel en sant\u00e9 durable. MaTV.<\/p>\n<p>Langelier, M.-E. (invit\u00e9e) et Doucet, C. (animatrice). (13 novembre 2023). <a href=\"https:\/\/ici.radio-canada.ca\/ohdio\/premiere\/emissions\/place-publique\/episodes\/750430\/rattrapage-lundi-13-novembre-2023\">Comment combattre la d\u00e9pression saisonni\u00e8re?\u00a0<\/a>Place publique. Radio-Canada.<\/p>\n<p>Langelier, M.-E. (invit\u00e9e) et Bouchard, C. (journaliste). (12 novembre 2023). <a href=\"https:\/\/ici.radio-canada.ca\/nouvelle\/2025936\/lumiere-ensoleillement-temps-gris?utm_source=BenchmarkEmail&amp;utm_campaign=A23_Infolettre131123&amp;utm_medium=email\">Combattre la d\u00e9prime saisonni\u00e8re en allant jouer dehors.\u00a0<\/a>T\u00e9l\u00e9journal\u00a0Saguenay Lac St-Jean. Radio-Canada.<\/p>\n<p>Langelier, M.-E. (invit\u00e9e), Dor\u00e9, I. (invit\u00e9e) et Bouthillette, J.-F. (journaliste).(8 octobre 2023). <span class=\"text\"><a href=\"https:\/\/ici.radio-canada.ca\/ohdio\/premiere\/emissions\/les-annees-lumiere\/segments\/reportage\/458022\/sante-nature-science\">Comprendre les bienfaits de la nature pour la sant\u00e9.<\/a>\u00a0<\/span>Les ann\u00e9es lumi\u00e8res. Radio-Canada.<\/p>\n<p>Langelier, M.-E. (invit\u00e9e) et D&#8217;amours, K. (journaliste). (13 ao\u00fbt 2022). <a href=\"https:\/\/ici.radio-canada.ca\/tele\/le-telejournal-saguenay\/site\/segments\/reportage\/411221\/cancer?fbclid=IwAR1JHcHLJbTlUgzAN6y0owfvUBN5ZDXXbiLsZmOXhTdpOO7UduVggRxjiCA\">Une exp\u00e9dition th\u00e9rapeutique pour 14 jeunes en r\u00e9mission.<\/a>\u00a0T\u00e9l\u00e9journal Saguenay Lac St-Jean. Radio-Canada.<\/p>\n<p>Langelier, M.-E. et Giard, S. (2022). <a href=\"https:\/\/www.youtube.com\/watch?v=oDzDv5xfK0k\">Le plein air et la gestion du stress <\/a><a href=\"https:\/\/matv.ca\/saguenay-lac-saint-jean\/mes-emissions\/la-pandemie-et-apres\/l-effet-boreal-pour-le-moral\">[<\/a><a href=\"https:\/\/www.youtube.com\/watch?v=oDzDv5xfK0k\">webinaire<\/a><a href=\"https:\/\/matv.ca\/saguenay-lac-saint-jean\/mes-emissions\/la-pandemie-et-apres\/l-effet-boreal-pour-le-moral\">]<\/a><a href=\"https:\/\/www.youtube.com\/watch?v=oDzDv5xfK0k\">.\u00a0<\/a>Dans Webinaires : Au-del\u00e0 des investissements!<\/p>\n<p>Langelier, M.E. (animatrice), Leblanc, J.-P. (invit\u00e9), Fortin, J.-C. (invit\u00e9) et St-Pierre P. (r\u00e9alisateur). (2022).\u00a0<a href=\"https:\/\/matv.ca\/saguenay-lac-saint-jean\/mes-emissions\/la-pandemie-et-apres\/l-effet-boreal-pour-le-moral\">L&#8217;effet bor\u00e9al pour le moral\u00a0[reportage]<\/a>. Dans\u00a0<em>La Pand\u00e9mie et apr\u00e8s?\u00a0<\/em>\u00a0MaTV.<\/p>\n<p>Langelier, M.-E. (invit\u00e9e) et Dallaire, J. (r\u00e9alisateur). (25 f\u00e9vrier 2022). <a href=\"https:\/\/www.facebook.com\/noustvlefjord\/videos\/770661733894338\">Les bienfaits de la nature sur la sant\u00e9 mentale.\u00a0<\/a>NousTV Le fjord.<\/p>\n<p>Roy, G. (31 janvier 2022).<a href=\"https:\/\/www.lequotidien.com\/2022\/01\/31\/luqac-lance-un-programme-court-dintervention-en-plein-air-be7cc0f052b6e8364fc04720a809305c?fbclid=IwAR0hRlAh59AAuXWpQ7F-5oROJqnYbjWHids7xbJtoneKyxRzU8_F90YT8s8\"> L&#8217;UQAC lance un programme court d&#8217;intervention plein air.<\/a> Le Quotidien.<\/p>\n<p>Roy, G. (30 janvier 2022).<a href=\"https:\/\/www.lequotidien.com\/2022\/01\/30\/la-nature-pour-une-meilleure-sante-mentale-059d49f077490eba1b11883ad28d387b\"> La nature pour une meilleure sant\u00e9 mentale.<\/a> Le Quotidien.<\/p>\n<p>Wieland, L. (13 janvier 2021). <a href=\"https:\/\/www.lequotidien.com\/actualites\/plein-air-et-sante-mentale--un-nouveau-programme-offert-aux-ecoles-du-quebec-d7f1df0b7a2f54930ebcfa14eb787424\">Plein air et sant\u00e9 mentale: un nouveau programme offert aux \u00e9coles du Qu\u00e9bec<\/a>.\u00a0Le Quotidien.<\/p>\n<p>Cousineau, M.-E. (15 septembre 2020).\u00a0<a href=\"https:\/\/www.ledevoir.com\/societe\/education\/585973\/coronavirus-l-ecole-prend-l-air?fbclid=IwAR05t-e549AU6cKUfJfrONToIYS-on3Nz-c91UVg54QNGtTG7A0qoepAv0Y\">L&#8217;\u00e9cole en plein air gagne en popularit\u00e9<\/a>. Le Devoir.<\/p>\n<p>Diotte, S. (3 f\u00e9vrier 2020). <a href=\"https:\/\/www.geopleinair.com\/reportage\/devenir-des-leaders-par-le-plein-air\/\">Devenir des leaders par le plein air<\/a>.\u00a0 G\u00e9o Plein Air.<\/p>\n<p>R\u00e9seau de l\u2019Universit\u00e9 du Qu\u00e9bec. (30 mai 2019).\u00a0<a href=\"https:\/\/www.uquebec.ca\/reseau\/fr\/medias\/actualites-du-reseau\/collaboration-interprofessionnelle-58-etudiants-de-medecine-et-de-psychologie-interpelles\"><i>Collaboration interprofessionnelle\u202f: 58 \u00e9tudiants de m\u00e9decine et de psychologie interpell\u00e9s<\/i>.\u00a0<\/a><\/p>\n<div class=\"csl-bib-body\">\n<div class=\"csl-entry\">Dionne, M. (11 f\u00e9vrier 2018)<a href=\"https:\/\/www.lequotidien.com\/sports\/1-m-en-dix-ans-pour-le-double-defi-des-deux-mario-1da3a6cdbf26307617df385c2fe46e02\">.1 M$ en dix ans pour le Double d\u00e9fi des deux Mario<\/a>. Le\u00a0Quotidien .<\/div>\n<\/div>\n<div class=\"csl-entry\">\n<div class=\"csl-bib-body\"><\/div>\n<div class=\"csl-bib-body\">\u00a0Gagnon, M. (29 avril 2017). <a href=\"https:\/\/www.lequotidien.com\/actualites\/quatre-externes-pour-dix-mois-a-lhopital-dalma-9eef5a8836bd60701104d8522b9b9ce0\">Quatre externes pour dix mois \u00e0 l\u2019h\u00f4pital d\u2019Alma<\/a>. Le\u00a0Quotidien.<\/div>\n<\/div>\n","protected":false},"excerpt":{"rendered":"<p>Conf\u00e9rences et ateliers exp\u00e9rientiels Rancourt-Tremblay, Z., Parent, V., Lagueux, F., Langelier, M.-\u00c8., Therriault, D., Fortin, J., Di Gusto, A., G\u00e9mus, S.\u00a0 &amp; Gauthier, M.\u00a0 (2025, juillet). Harnessing nature to support youth\u00a0mental health and school adaptation [affiche]. 46e congr\u00e8s de l&#8217;International School Psychology Association, Coimbra, Portugal. Langelier, M.-\u00c8., Ville, C., Quintela Do Carmo, G., Page, G., &hellip; <a href=\"https:\/\/portfolio.uqac.ca\/marieevelangelier\/communications\/\" class=\"more-link\">Continuer la lecture de <span class=\"screen-reader-text\">Communications<\/span>  <span class=\"meta-nav\">&rarr;<\/span><\/a><\/p>\n","protected":false},"author":89,"featured_media":0,"parent":0,"menu_order":0,"comment_status":"closed","ping_status":"closed","template":"","meta":{"footnotes":""},"tags":[],"_links":{"self":[{"href":"https:\/\/portfolio.uqac.ca\/marieevelangelier\/wp-json\/wp\/v2\/pages\/25"}],"collection":[{"href":"https:\/\/portfolio.uqac.ca\/marieevelangelier\/wp-json\/wp\/v2\/pages"}],"about":[{"href":"https:\/\/portfolio.uqac.ca\/marieevelangelier\/wp-json\/wp\/v2\/types\/page"}],"author":[{"embeddable":true,"href":"https:\/\/portfolio.uqac.ca\/marieevelangelier\/wp-json\/wp\/v2\/users\/89"}],"replies":[{"embeddable":true,"href":"https:\/\/portfolio.uqac.ca\/marieevelangelier\/wp-json\/wp\/v2\/comments?post=25"}],"version-history":[{"count":55,"href":"https:\/\/portfolio.uqac.ca\/marieevelangelier\/wp-json\/wp\/v2\/pages\/25\/revisions"}],"predecessor-version":[{"id":410,"href":"https:\/\/portfolio.uqac.ca\/marieevelangelier\/wp-json\/wp\/v2\/pages\/25\/revisions\/410"}],"wp:attachment":[{"href":"https:\/\/portfolio.uqac.ca\/marieevelangelier\/wp-json\/wp\/v2\/media?parent=25"}],"wp:term":[{"taxonomy":"post_tag","embeddable":true,"href":"https:\/\/portfolio.uqac.ca\/marieevelangelier\/wp-json\/wp\/v2\/tags?post=25"}],"curies":[{"name":"wp","href":"https:\/\/api.w.org\/{rel}","templated":true}]}}