{"id":461,"date":"2025-07-14T03:43:46","date_gmt":"2025-07-14T07:43:46","guid":{"rendered":"https:\/\/portfolio.uqac.ca\/mariefall\/?page_id=461"},"modified":"2026-03-30T18:15:35","modified_gmt":"2026-03-30T22:15:35","slug":"direction-et-supervision-detudiants","status":"publish","type":"page","link":"https:\/\/portfolio.uqac.ca\/mariefall\/direction-et-supervision-detudiants\/","title":{"rendered":""},"content":{"rendered":"<p><a href=\"https:\/\/portfolio.uqac.ca\/mariefall\/files\/2025\/07\/encadrement.png\"><img loading=\"lazy\" decoding=\"async\" class=\"size-medium wp-image-534 aligncenter\" src=\"https:\/\/portfolio.uqac.ca\/mariefall\/files\/2025\/07\/encadrement-300x75.png\" alt=\"\" width=\"300\" height=\"75\" srcset=\"https:\/\/portfolio.uqac.ca\/mariefall\/files\/2025\/07\/encadrement-300x75.png 300w, https:\/\/portfolio.uqac.ca\/mariefall\/files\/2025\/07\/encadrement-1024x256.png 1024w, https:\/\/portfolio.uqac.ca\/mariefall\/files\/2025\/07\/encadrement-768x192.png 768w, https:\/\/portfolio.uqac.ca\/mariefall\/files\/2025\/07\/encadrement-1536x384.png 1536w, https:\/\/portfolio.uqac.ca\/mariefall\/files\/2025\/07\/encadrement-2048x512.png 2048w\" sizes=\"(max-width: 300px) 100vw, 300px\" \/><\/a><\/p>\n<h2 style=\"color: #00662c;text-align: center\"><strong>DIRECTIONS M\u00c9MOIRES ET TH\u00c8SES<\/strong><\/h2>\n<p style=\"color: #00662c\"><strong>DOCTORAT EN D\u00c9VELOPPEMENT R\u00c9GIONAL ET TERRITORIAL<\/strong><\/p>\n<p style=\"font-size: 14px;text-align: justify\">Bocar Harouna Diallo : <em><strong>Approches et pratiques de l\u2019agro\u00e9cologie pour une meilleure r\u00e9silience climatique et alimentaire dans les Communes de Ronkh et MBane \u00e0 Saint- Louis du S\u00e9n\u00e9gal. <\/strong><\/em>(Th\u00e8se en cours) Bocar Harouna Diallo &#8211; <strong><em>bhdiallo@etu.uqac.ca\u00a0<\/em><\/strong><\/p>\n<p style=\"font-size: 14px;text-align: justify\">Jean-Claude Sunda\u00ef Kadi :\u00a0<strong><em>Gouvernance locale et gestion des conflits : Une analyse des m\u00e9canismes institutionnels et juridictionnels de gestion des conflits agropastoraux dans le d\u00e9partement du plateau au B\u00e9nin. <\/em><\/strong>(Th\u00e8se en cours &#8211; codirection \u00c9tienne Roy-Gr\u00e9goire) Jean-Claude Sunday Kadi &#8211; <em><strong>jckadi@etu.uqac.ca\u00a0<\/strong><\/em><\/p>\n<p style=\"font-size: 14px;text-align: justify\">Bid\u00e9name Kedjeyi Tallaki : <strong><em>Int\u00e9gration des objectifs du d\u00e9veloppement durable dans les strat\u00e9gies des entreprises de l&#8217;\u00e9conomie sociale : une \u00e9tude de cas sur leur contribution syst\u00e9mique \u00e0 la durabilit\u00e9. <\/em><\/strong>(Th\u00e8se en cours)\u00a0 Bid\u00e9name Kedjeyi Tallaki &#8211; <strong><em>bkedjeyi@etu.uqac.ca<\/em><\/strong><\/p>\n<p style=\"font-size: 14px;text-align: justify\">Price-Carlo Domond : <em><strong>Le r\u00f4le de l\u2019\u00e9conomie sociale et solidaire dans la redynamisation de la fili\u00e8re caf\u00e9i\u00e8re d\u2019Ha\u00efti: le cas du partenariat solidaire entre les coop\u00e9ratives nOula au Qu\u00e9bec et l\u2019Union des Coop\u00e9ratives Caf\u00e9i\u00e8res de Baptiste (UCOCAB) en Ha\u00efti. <\/strong><\/em>(Th\u00e8se en cours &#8211; Codirection Olivier Riffon) Price-Carlo Domond &#8211; <strong><em>pcdomond@etu.uqac.ca<\/em><\/strong><\/p>\n<p style=\"font-size: 14px;text-align: justify\">Akpo R\u00e9n\u00e9 Assogba\u00a0:<strong> <em>Semer pour demain &#8220;Solutions agricoles pour un Savalou r\u00e9silient<\/em><\/strong>&#8220;.\u00a0<strong><em>\u00a0<\/em><\/strong>(Th\u00e8se en cours ) Akpo R\u00e9n\u00e9 Assogba\u00a0\u00a0\u2013 <strong><em>arassogba1@etu.uqac.ca<\/em><\/strong><\/p>\n<p style=\"color: #00662c\"><strong>DOCTORAT EN SCIENCES HUMAINES APPLIQU\u00c9ES<\/strong><\/p>\n<p style=\"font-size: 14px;text-align: justify\">Papa Moussa Faye : <em><strong>L\u2019agriculture intelligente face au climat au S\u00e9n\u00e9gal : les enjeux d\u2019une transition vers une agriculture r\u00e9siliente et durable. <\/strong><\/em>(Th\u00e8se en cours &#8211; Codirection Jean-Fran\u00e7ois Boucher) Papa Moussa Faye &#8211; <em><strong>pmfaye1@etu.uqac.ca<\/strong><\/em><\/p>\n<p style=\"font-size: 14px;text-align: justify\">Trotobas Emmanuel : <em><strong>Survivance et r\u00e9sonnance territoriales des personnes expatri\u00e9es.<\/strong> (Th\u00e8se en cours) Emmanuel Trotobas &#8211;\u00a0<strong>etrotobas@etu.uqac.ca\u00a0<\/strong><\/em><\/p>\n<p style=\"color: #00662c\"><strong>MAITRISE EN \u00c9TUDES ET INTERVENTIONS R\u00c9GIONALES<\/strong><\/p>\n<p style=\"font-size: 14px;text-align: justify\">Laura-Jessica Boudreault : <em><strong>Les transformations des quartiers centraux dans les villes moyennes : \u00e9tude de cas au Centre-ville de Chicoutimi.<\/strong><\/em> (en cours) Laura-Jessica Boudreault &#8211; <strong><em>ljboudreau@etu.uqac.ca<\/em><\/strong><\/p>\n<p style=\"font-size: 14px;text-align: justify\">Adjid\u00e9va Parfaite Edah : <em><strong>Femme, agriculture r\u00e9siliente et gouvernance inclusive des organisations paysannes \u00e0 S\u00f4-Ava. <\/strong><\/em>(en cours) Adjid\u00e9va Parfaite Edah &#8211; <strong><em>apedah@etu.uqac.ca<\/em><\/strong><\/p>\n<p style=\"font-size: 14px;text-align: justify\">Ndeye Marie Cissokho &#8211; Titre de projet (provisoire) : <em><strong>Approche int\u00e9gr\u00e9e de d\u00e9veloppement local : automatisation des jeunes et des femmes par la valorisation des \u00e9cosyst\u00e8mes de mangrove en Basse Casamance. <\/strong><\/em>(en cours) Ndeye Marie Cissokho &#8211; <strong><em>nmcissokho@etu.uqac.ca<\/em><\/strong><\/p>\n<p style=\"font-size: 14px;text-align: justify\">Penda Kely Ba\u00a0: <strong><em>Le r\u00f4le des femmes dans l&#8217;agriculture et le d\u00e9veloppement local<\/em><\/strong>. (en cours ) Penda Kely Ba \u2013 <strong><em>pkba@etu.uqac.ca<\/em><\/strong><\/p>\n<p>Schamma-Sara\u00ef-Ada Dorcely (\u00e0 venir)<\/p>\n<p>Peterson Noncent (\u00e0 venir)<\/p>\n<p style=\"color: #00662c\"><strong>MAITRISE EN SCIENCES POLITIQUES<\/strong><\/p>\n<p style=\"font-size: 14px;text-align: justify\">Marie-Michelle Bourassa &#8211; <strong>Les f\u00e9minismes d\u00e9coloniaux des Suds : exp\u00e9riences crois\u00e9es.<\/strong> (d\u00e9but hiver 2026) Marie-Michelle Bourassa &#8211; <strong><em>mmbourassa@etu.uqac.ca<\/em><\/strong><\/p>\n<p style=\"color: #00662c\"><strong>MAITRISE EN TRAVAIL SOCIAL<\/strong><\/p>\n<p style=\"font-size: 14px;text-align: justify\">Alexandra Lalibert\u00e9 : <em><strong>Documenter les repr\u00e9sentations sociales des jeunes qu\u00e9b\u00e9cois et s\u00e9n\u00e9galais \u00e2g\u00e9s de 14 \u00e0 17 ans ayant v\u00e9cus des catastrophes naturelles en ce qui concerne les changements climatiques et les impacts qui en d\u00e9coulent. <\/strong><\/em>(en cours &#8211; codirection \u00c8ve Pouliot) Alexandra Lalibert\u00e9 &#8211; <strong><em>alalibert2@etu.uqac.ca<\/em><\/strong><\/p>\n<p><strong><span style=\"color: #008000\">M\u00c9MOIRES ET TH\u00c8SES FINALIS\u00c9S<\/span><\/strong><\/p>\n<p style=\"font-size: 14px;text-align: justify\">Asseye N\u00e9glo. (2025). <em><strong>L&#8217;adaptation au changement climatique dans la planification territoriale. Cas du Togo. <\/strong><\/em>Th\u00e8se soutenue. Mention Tr\u00e8s Bien. (<strong><em>Publication \u00e0 venir sur Constellation<\/em><\/strong>).<\/p>\n<p style=\"font-size: 14px;text-align: justify\">Trotobas Emmanuel. (2024).\u00a0<strong><a href=\"https:\/\/constellation.uqac.ca\/id\/eprint\/9876\/\"><em>L\u2019\u00e9mergence d\u2019un nouveau narratif de la transition socio-\u00e9cologique, au Saguenay\u2013Lac-Saint-Jean, \u00e0 travers le discours d\u2019acteurs.<\/em><\/a><\/strong> M\u00e9moire de ma\u00eetrise, Universit\u00e9 du Qu\u00e9bec \u00e0 Chicoutimi.<\/p>\n<p style=\"font-size: 14px;text-align: justify\">Diouf Selb\u00e9. (2024).\u00a0<strong><a href=\"https:\/\/constellation.uqac.ca\/id\/eprint\/9858\/\"><em>Perception des actrices sur le poids de l\u2019environnement socioculturel face aux violences faites aux femmes au S\u00e9n\u00e9gal.<\/em><\/a>\u00a0<\/strong>M\u00e9moire de ma\u00eetrise, Universit\u00e9 du Qu\u00e9bec \u00e0 Chicoutimi.<\/p>\n<p style=\"font-size: 14px;text-align: justify\">Zinsou Ives Fendell. (2022).\u00a0<strong><a href=\"https:\/\/constellation.uqac.ca\/id\/eprint\/8457\/\"><em>Enjeux et d\u00e9fis de la valorisation de la mati\u00e8re organique au Saguenay : perspective ax\u00e9e sur le citoyen.<\/em><\/a><\/strong>\u00a0M\u00e9moire de ma\u00eetrise, Universit\u00e9 du Qu\u00e9bec \u00e0 Chicoutimi.<\/p>\n<p style=\"font-size: 14px;text-align: justify\">Rivest Jessica. (2021).\u00a0<strong><a href=\"https:\/\/constellation.uqac.ca\/id\/eprint\/8245\/\"><em>Pour un enseignement de la philosophie d\u00e9hi\u00e9rarchis\u00e9, interculturel et interdisciplinaire au coll\u00e9gial : Analyse d\u2019une pratique particuli\u00e8re.<\/em><\/a><\/strong>\u00a0M\u00e9moire de ma\u00eetrise, Universit\u00e9 du Qu\u00e9bec \u00e0 Chicoutimi.<\/p>\n<p style=\"font-size: 14px;text-align: justify\">Mozou Kanga Marina Debora. (2016).\u00a0<strong><a href=\"https:\/\/constellation.uqac.ca\/id\/eprint\/4025\/\"><em>Impacts des compressions budg\u00e9taires du gouvernement f\u00e9d\u00e9ral sur les organismes de coop\u00e9ration internationale intervenant en Afrique depuis 2011 : le cas du CECI et du CSI.<\/em><\/a>\u00a0<\/strong>M\u00e9moire de ma\u00eetrise, Universit\u00e9 du Qu\u00e9bec \u00e0 Chicoutimi.<\/p>\n<p style=\"font-size: 14px;text-align: justify\">Breton Louis. (2014).\u00a0<strong><a href=\"https:\/\/constellation.uqac.ca\/id\/eprint\/2770\/\"><em>L&#8217;alchimie de l&#8217;habiter : une \u00e9tude de cas sur le territoire, le paysage et l&#8217;environnement.<\/em><\/a><\/strong>\u00a0M\u00e9moire de ma\u00eetrise, Universit\u00e9 du Qu\u00e9bec \u00e0 Chicoutimi.<\/p>\n<p style=\"font-size: 14px;text-align: justify\">Villeneuve David. (2010).\u00a0<strong><a href=\"https:\/\/constellation.uqac.ca\/id\/eprint\/239\/\"><em>La gestion participative des ressources naturelles : une alternative \u00e0 l&#8217;exode des jeunes du delta du Saloum (S\u00e9n\u00e9gal).<\/em><\/a>\u00a0<\/strong>M\u00e9moire de ma\u00eetrise, Universit\u00e9 du Qu\u00e9bec \u00e0 Chicoutimi.<\/p>\n<p style=\"font-size: 14px;text-align: justify\">El Yaagoubi Naouale. (2009).\u00a0<strong><a href=\"https:\/\/constellation.uqac.ca\/id\/eprint\/298\/\"><em>La probl\u00e9matique des enfants de la rue au Maroc : le cas de la r\u00e9gion de Rabat-Sal\u00e9 et de Casablanca.<\/em><\/a>\u00a0<\/strong>M\u00e9moire de ma\u00eetrise, Universit\u00e9 du Qu\u00e9bec \u00e0 Chicoutimi.<\/p>\n<p style=\"font-size: 14px;text-align: justify\"><em><strong>Lien vers les publication sur<\/strong><\/em>\u00a0: <strong><em><a href=\"https:\/\/constellation.uqac.ca\/cgi\/search\/archive\/advanced?cache=1006737&amp;screen=Search&amp;order=-date%2F-creators_name%2Ftitle&amp;_action_search=1&amp;exp=0%7C1%7C-date%2F-creators_name%2Ftitle%7Carchive%7C-%7Ccreators_name%2Fdirectors_name%3Acreators_name%2Fdirectors_name%3AALL%3AEQ%3AMarie+Fall%7C-%7Ceprint_status%3Aeprint_status%3AANY%3AEQ%3Aarchive%7Cmetadata_visibility%3Ametadata_visibility%3AANY%3AEQ%3Ashow&amp;search_offset=0\" target=\"_blank\" rel=\"noopener\">Constellation<\/a><\/em><\/strong><\/p>\n<p style=\"color: #00662c\"><strong>SUPERVISONS DE STAGES ET D\u2019\u00c9QUIPES DE RECHERCHES<\/strong><\/p>\n<ul>\n<li style=\"font-size: 14px;text-align: justify\">142 supervisions de stages en coop\u00e9ration internationale.<\/li>\n<li style=\"font-size: 14px;text-align: justify\">13 assistant.es de recherche.<\/li>\n<\/ul>\n<p style=\"color: #00662c\"><strong>PARTICIPATION \u00c0 DES JURYS DE M\u00c9MOIRES ET DE TH\u00c8SES<\/strong><\/p>\n<ul>\n<li style=\"font-size: 14px;text-align: justify\">11 participations \u00e0 des jurys de th\u00e8se de doctorat (UQAM, Universit\u00e9 Laval, UQAR\/UQAC, Paris, Evry Courcouronnes)<\/li>\n<li style=\"font-size: 14px;text-align: justify\">15 participations \u00e0 des jurys de m\u00e9moire de ma\u00eetrise (UQAC, Universit\u00e9 Laval, Universit\u00e9 de Montr\u00e9al, UQAM)<\/li>\n<\/ul>\n<ul>\n<li style=\"list-style-type: none\">\n<ul>\n<li style=\"list-style-type: none\"><\/li>\n<\/ul>\n<\/li>\n<\/ul>\n","protected":false},"excerpt":{"rendered":"<p>DIRECTIONS M\u00c9MOIRES ET TH\u00c8SES DOCTORAT EN D\u00c9VELOPPEMENT R\u00c9GIONAL ET TERRITORIAL Bocar Harouna Diallo : Approches et pratiques de l\u2019agro\u00e9cologie pour une meilleure r\u00e9silience climatique et alimentaire dans les Communes de Ronkh et MBane \u00e0 Saint- Louis du S\u00e9n\u00e9gal. (Th\u00e8se en cours) Bocar Harouna Diallo &#8211; bhdiallo@etu.uqac.ca\u00a0 Jean-Claude Sunda\u00ef Kadi :\u00a0Gouvernance locale et gestion des conflits &hellip; <a href=\"https:\/\/portfolio.uqac.ca\/mariefall\/direction-et-supervision-detudiants\/\" class=\"more-link\">Continuer la lecture de <span class=\"screen-reader-text\"><\/span>  <span class=\"meta-nav\">&rarr;<\/span><\/a><\/p>\n","protected":false},"author":397,"featured_media":0,"parent":0,"menu_order":0,"comment_status":"closed","ping_status":"closed","template":"","meta":{"footnotes":""},"tags":[],"_links":{"self":[{"href":"https:\/\/portfolio.uqac.ca\/mariefall\/wp-json\/wp\/v2\/pages\/461"}],"collection":[{"href":"https:\/\/portfolio.uqac.ca\/mariefall\/wp-json\/wp\/v2\/pages"}],"about":[{"href":"https:\/\/portfolio.uqac.ca\/mariefall\/wp-json\/wp\/v2\/types\/page"}],"author":[{"embeddable":true,"href":"https:\/\/portfolio.uqac.ca\/mariefall\/wp-json\/wp\/v2\/users\/397"}],"replies":[{"embeddable":true,"href":"https:\/\/portfolio.uqac.ca\/mariefall\/wp-json\/wp\/v2\/comments?post=461"}],"version-history":[{"count":65,"href":"https:\/\/portfolio.uqac.ca\/mariefall\/wp-json\/wp\/v2\/pages\/461\/revisions"}],"predecessor-version":[{"id":813,"href":"https:\/\/portfolio.uqac.ca\/mariefall\/wp-json\/wp\/v2\/pages\/461\/revisions\/813"}],"wp:attachment":[{"href":"https:\/\/portfolio.uqac.ca\/mariefall\/wp-json\/wp\/v2\/media?parent=461"}],"wp:term":[{"taxonomy":"post_tag","embeddable":true,"href":"https:\/\/portfolio.uqac.ca\/mariefall\/wp-json\/wp\/v2\/tags?post=461"}],"curies":[{"name":"wp","href":"https:\/\/api.w.org\/{rel}","templated":true}]}}