{"id":18,"date":"2012-07-23T20:05:15","date_gmt":"2012-07-23T20:05:15","guid":{"rendered":"http:\/\/portfolio-pre.uqac.ca\/gabarit\/?page_id=18"},"modified":"2021-02-04T09:10:25","modified_gmt":"2021-02-04T14:10:25","slug":"enseignement","status":"publish","type":"page","link":"https:\/\/portfolio.uqac.ca\/mariepierrebaron\/enseignement\/","title":{"rendered":"Enseignement"},"content":{"rendered":"<p>Mon approche p\u00e9dagogique est ancr\u00e9e sur le terrain. La th\u00e9orie pr\u00e9sent\u00e9e est de type socioconstructiviste et est toujours mise en contexte avec ce qui se fait sur le terrain et situ\u00e9 dans le d\u00e9veloppement de l\u2019enfant. J\u2019offre aux \u00e9tudiantes et \u00e9tudiants un soutien constant et je les am\u00e8ne \u00e0 faire un retour r\u00e9flexif tant sur les contenus enseign\u00e9s que sur leurs pratiques \u00e9ducatives. Mon enseignement est de type spiralaire ce qui signifie que j\u2019aborde les objets en pr\u00e9servant leur complexit\u00e9 et en revenant sur chaque notion de fa\u00e7on plus pr\u00e9cise lorsqu\u2019elle est rencontr\u00e9e. Les \u00e9tudiants sont amen\u00e9s \u00e0 analyser, en classe, des productions d\u2019\u00e9l\u00e8ves et \u00e0 aller mettre en pratique, sur le terrain, des interventions p\u00e9dagogiques novatrices qui se situent dans la zone de d\u00e9veloppement de l\u2019\u00e9l\u00e8ve et qui ont \u00e9t\u00e9 \u00e9tudi\u00e9es en classes universitaires dans le but d\u2019intervenir aupr\u00e8s des \u00e9l\u00e8ves en difficult\u00e9s.<\/p>\n<p><strong>Cours de premier cycle :<\/strong><\/p>\n<ul>\n<li><a href=\"https:\/\/cours.uqac.ca\/3ppg313\">3PPG313 <\/a>: D\u00e9veloppement du langage chez l&#8217;enfant<\/li>\n<li><a href=\"https:\/\/cours.uqac.ca\/3EEL124\">3EEL124<\/a> : Apprentissage de la lecture et de l&#8217;\u00e9criture<\/li>\n<li><a href=\"https:\/\/cours.uqac.ca\/3AIS151\">3AIS151<\/a> : Interventions sp\u00e9cifiques en lecture et en \u00e9criture au secondaire<\/li>\n<li><a href=\"https:\/\/cours.uqac.ca\/3AIS163\">3AIS163<\/a>: Interventions sp\u00e9cifiques en lecture et en \u00e9criture<\/li>\n<li><a href=\"https:\/\/cours.uqac.ca\/3CDO220\">3CDO220<\/a>: Interventions sp\u00e9cifiques en langage oral<\/li>\n<li><a href=\"https:\/\/cours.uqac.ca\/3PPG239\">3PPG239<\/a>: Relation d&#8217;aide et consultation d&#8217;experts<\/li>\n<\/ul>\n<p><strong>Cours de deuxi\u00e8me cycle<\/strong><\/p>\n<ul>\n<li><a href=\"https:\/\/cours.uqac.ca\/3ORT808\">3ORT808<\/a>: Clinique en orthop\u00e9dagogie au secondaire<\/li>\n<li><a href=\"https:\/\/cours.uqac.ca\/3MED883\">3MED883<\/a>: Int\u00e9gration scolaire: mod\u00e8les et r\u00f4les<\/li>\n<\/ul>\n<p><strong>Stages : <a href=\"https:\/\/www.uqac.ca\/programme\/7080\/\">Baccalaur\u00e9at en enseignement en adaptation scolaire et sociale<\/a><\/strong><\/p>\n<ul>\n<li><a href=\"https:\/\/cours.uqac.ca\/3AIS224\">3AIS224<\/a> : Stage d&#8217;enseignement en adaptation scolaire au secondaire 1<\/li>\n<li><a href=\"https:\/\/cours.uqac.ca\/3AIS327\">3AIS327<\/a>: Stage professionnel d&#8217;enseignement en adaptation scolaire au secondaire<\/li>\n<\/ul>\n","protected":false},"excerpt":{"rendered":"<p>Mon approche p\u00e9dagogique est ancr\u00e9e sur le terrain. La th\u00e9orie pr\u00e9sent\u00e9e est de type socioconstructiviste et est toujours mise en contexte avec ce qui se fait sur le terrain et situ\u00e9 dans le d\u00e9veloppement de l\u2019enfant. J\u2019offre aux \u00e9tudiantes et \u00e9tudiants un soutien constant et je les am\u00e8ne \u00e0 faire un retour r\u00e9flexif tant sur &hellip; <a href=\"https:\/\/portfolio.uqac.ca\/mariepierrebaron\/enseignement\/\" class=\"more-link\">Continuer la lecture de <span class=\"screen-reader-text\">Enseignement<\/span>  <span class=\"meta-nav\">&rarr;<\/span><\/a><\/p>\n","protected":false},"author":40,"featured_media":0,"parent":0,"menu_order":0,"comment_status":"closed","ping_status":"closed","template":"","meta":{"footnotes":""},"tags":[],"_links":{"self":[{"href":"https:\/\/portfolio.uqac.ca\/mariepierrebaron\/wp-json\/wp\/v2\/pages\/18"}],"collection":[{"href":"https:\/\/portfolio.uqac.ca\/mariepierrebaron\/wp-json\/wp\/v2\/pages"}],"about":[{"href":"https:\/\/portfolio.uqac.ca\/mariepierrebaron\/wp-json\/wp\/v2\/types\/page"}],"author":[{"embeddable":true,"href":"https:\/\/portfolio.uqac.ca\/mariepierrebaron\/wp-json\/wp\/v2\/users\/40"}],"replies":[{"embeddable":true,"href":"https:\/\/portfolio.uqac.ca\/mariepierrebaron\/wp-json\/wp\/v2\/comments?post=18"}],"version-history":[{"count":11,"href":"https:\/\/portfolio.uqac.ca\/mariepierrebaron\/wp-json\/wp\/v2\/pages\/18\/revisions"}],"predecessor-version":[{"id":187,"href":"https:\/\/portfolio.uqac.ca\/mariepierrebaron\/wp-json\/wp\/v2\/pages\/18\/revisions\/187"}],"wp:attachment":[{"href":"https:\/\/portfolio.uqac.ca\/mariepierrebaron\/wp-json\/wp\/v2\/media?parent=18"}],"wp:term":[{"taxonomy":"post_tag","embeddable":true,"href":"https:\/\/portfolio.uqac.ca\/mariepierrebaron\/wp-json\/wp\/v2\/tags?post=18"}],"curies":[{"name":"wp","href":"https:\/\/api.w.org\/{rel}","templated":true}]}}