{"id":244,"date":"2016-12-07T10:05:48","date_gmt":"2016-12-07T15:05:48","guid":{"rendered":"http:\/\/portfolio-pre.uqac.ca\/martinotis\/?page_id=244"},"modified":"2017-09-21T22:08:37","modified_gmt":"2017-09-22T02:08:37","slug":"infrastructure","status":"publish","type":"page","link":"https:\/\/portfolio.uqac.ca\/martinotis\/infrastructure\/","title":{"rendered":"Infrastructure"},"content":{"rendered":"<table width=\"1205\">\n<tbody>\n<tr>\n<td width=\"377\"><strong>\u00c9quipements<\/strong><\/td>\n<td width=\"195\"><strong>Fonction &#8211;\u00a0Description sommaire de l&#8217;\u00e9quipement<\/strong><\/td>\n<td width=\"98\"><strong>Sp\u00e9cialisation requise pour l&#8217;utilisation de l&#8217;\u00e9quipement<\/strong><\/td>\n<td width=\"94\"><strong>C\u00f4ut d&#8217;achat<\/strong><\/td>\n<td width=\"213\"><strong>Fournisseur<\/strong><\/td>\n<\/tr>\n<tr>\n<td>Robot collaboratif UR5, Schneider M340 avec IO, Switch SISCO, UPS 3000 Watts<\/td>\n<td>Interaction humain-robot<\/td>\n<td>Formation sur le robot, expert UnityPRO v.11<\/p>\n<p><a href=\"https:\/\/portfolio.uqac.ca\/martinotis\/files\/2017\/09\/robot_UR5.jpg\"><img loading=\"lazy\" decoding=\"async\" class=\"alignnone size-medium wp-image-361\" src=\"https:\/\/portfolio.uqac.ca\/martinotis\/files\/2017\/09\/robot_UR5-300x225.jpg\" alt=\"\" width=\"300\" height=\"225\" srcset=\"https:\/\/portfolio.uqac.ca\/martinotis\/files\/2017\/09\/robot_UR5-300x225.jpg 300w, https:\/\/portfolio.uqac.ca\/martinotis\/files\/2017\/09\/robot_UR5-768x576.jpg 768w, https:\/\/portfolio.uqac.ca\/martinotis\/files\/2017\/09\/robot_UR5.jpg 922w\" sizes=\"(max-width: 300px) 100vw, 300px\" \/><\/a><\/td>\n<td>200k$<\/td>\n<td>UR, Schneider, SISCO<\/td>\n<\/tr>\n<tr>\n<td>National Instruments PXIe, CompactRIO, 8-axis motion controller, VirtualBench<\/td>\n<td>M\u00e9trologie industrielle<\/td>\n<td>Expert LabView<\/p>\n<p><a href=\"https:\/\/portfolio.uqac.ca\/martinotis\/files\/2017\/09\/crio.png\"><img loading=\"lazy\" decoding=\"async\" class=\"alignnone size-medium wp-image-367\" src=\"https:\/\/portfolio.uqac.ca\/martinotis\/files\/2017\/09\/crio-300x149.png\" alt=\"\" width=\"300\" height=\"149\" srcset=\"https:\/\/portfolio.uqac.ca\/martinotis\/files\/2017\/09\/crio-300x149.png 300w, https:\/\/portfolio.uqac.ca\/martinotis\/files\/2017\/09\/crio.png 400w\" sizes=\"(max-width: 300px) 100vw, 300px\" \/><\/a><\/td>\n<td>152k$<\/td>\n<td>National Instruments<\/td>\n<\/tr>\n<tr>\n<td>Motion Capture Natural Point 8 x Flex3<\/td>\n<td>Analyse 3D du mouvement avec 8 cam\u00e9ras, espace 12 pi x 24 pi<\/td>\n<td>Formation sur le logiciel d&#8217;acquisition<a href=\"https:\/\/portfolio.uqac.ca\/martinotis\/files\/2016\/12\/NaturalPointPicture.jpg\"><img loading=\"lazy\" decoding=\"async\" class=\" wp-image-275 aligncenter\" src=\"https:\/\/portfolio.uqac.ca\/martinotis\/files\/2016\/12\/NaturalPointPicture.jpg\" alt=\"naturalpointpicture\" width=\"97\" height=\"96\" srcset=\"https:\/\/portfolio.uqac.ca\/martinotis\/files\/2016\/12\/NaturalPointPicture.jpg 276w, https:\/\/portfolio.uqac.ca\/martinotis\/files\/2016\/12\/NaturalPointPicture-150x150.jpg 150w\" sizes=\"(max-width: 97px) 100vw, 97px\" \/><\/a><\/td>\n<td>15k$<\/p>\n<p>&nbsp;<\/td>\n<td>Natural Point<\/p>\n<p>&nbsp;<\/td>\n<\/tr>\n<tr>\n<td>Serveur PowerEdge avec PLC Adventech Win7 et VPN CISCO pour ROS<\/td>\n<td>DME et commande de robots<\/td>\n<td>Expert Linux et ROS (Robotic Operating System)<\/p>\n<p><a href=\"https:\/\/portfolio.uqac.ca\/martinotis\/files\/2017\/09\/serveur_automate.jpg\"><img loading=\"lazy\" decoding=\"async\" class=\"alignnone size-medium wp-image-363\" src=\"https:\/\/portfolio.uqac.ca\/martinotis\/files\/2017\/09\/serveur_automate-225x300.jpg\" alt=\"\" width=\"225\" height=\"300\" srcset=\"https:\/\/portfolio.uqac.ca\/martinotis\/files\/2017\/09\/serveur_automate-225x300.jpg 225w, https:\/\/portfolio.uqac.ca\/martinotis\/files\/2017\/09\/serveur_automate.jpg 691w\" sizes=\"(max-width: 225px) 100vw, 225px\" \/><\/a><\/td>\n<td>\u00a05k $<\/td>\n<td>LAIMI<\/td>\n<\/tr>\n<tr>\n<td>Station de diagnostic d&#8217;installation industrielle (moteur inductif, drive PowerFlex, Simulink, PCI1711, dynamom\u00e8tre, charge variable active)<\/td>\n<td>Diagnostic des installations industrielles<\/td>\n<td>Ing\u00e9nieur \u00e9lectrique<\/p>\n<p><a href=\"https:\/\/portfolio.uqac.ca\/martinotis\/files\/2017\/09\/usine.jpg\"><img loading=\"lazy\" decoding=\"async\" class=\"alignnone size-medium wp-image-364\" src=\"https:\/\/portfolio.uqac.ca\/martinotis\/files\/2017\/09\/usine-300x225.jpg\" alt=\"\" width=\"300\" height=\"225\" srcset=\"https:\/\/portfolio.uqac.ca\/martinotis\/files\/2017\/09\/usine-300x225.jpg 300w, https:\/\/portfolio.uqac.ca\/martinotis\/files\/2017\/09\/usine-768x576.jpg 768w, https:\/\/portfolio.uqac.ca\/martinotis\/files\/2017\/09\/usine.jpg 922w\" sizes=\"(max-width: 300px) 100vw, 300px\" \/><\/a><\/td>\n<td>10k $<\/td>\n<td>LAIMI<\/td>\n<\/tr>\n<tr>\n<td>TUG instrument\u00e9 sur diff\u00e9rentes surfaces (2 tablettes android, semelles int\u00e9rieures, clip sur la chaussure)<\/td>\n<td>TUG instrument\u00e9<\/p>\n<p><a href=\"https:\/\/portfolio.uqac.ca\/martinotis\/files\/2016\/12\/ShoePicture.jpg\"><img loading=\"lazy\" decoding=\"async\" class=\"alignnone wp-image-277\" src=\"https:\/\/portfolio.uqac.ca\/martinotis\/files\/2016\/12\/ShoePicture-300x227.jpg\" alt=\"shoepicture\" width=\"130\" height=\"98\" srcset=\"https:\/\/portfolio.uqac.ca\/martinotis\/files\/2016\/12\/ShoePicture-300x227.jpg 300w, https:\/\/portfolio.uqac.ca\/martinotis\/files\/2016\/12\/ShoePicture.jpg 331w\" sizes=\"(max-width: 130px) 100vw, 130px\" \/><\/a><\/p>\n<p><a href=\"https:\/\/portfolio.uqac.ca\/martinotis\/files\/2016\/12\/ClipPicture.jpg\"><img loading=\"lazy\" decoding=\"async\" class=\"alignnone wp-image-273\" src=\"https:\/\/portfolio.uqac.ca\/martinotis\/files\/2016\/12\/ClipPicture.jpg\" alt=\"clippicture\" width=\"127\" height=\"105\" \/><\/a><\/p>\n<p>&nbsp;<\/td>\n<td>Physioth\u00e9rapeute<\/p>\n<p><a href=\"https:\/\/portfolio.uqac.ca\/martinotis\/files\/2016\/12\/TUGpicture.jpg\"><img loading=\"lazy\" decoding=\"async\" class=\"alignnone wp-image-278\" src=\"https:\/\/portfolio.uqac.ca\/martinotis\/files\/2016\/12\/TUGpicture-300x148.jpg\" alt=\"tugpicture\" width=\"150\" height=\"74\" srcset=\"https:\/\/portfolio.uqac.ca\/martinotis\/files\/2016\/12\/TUGpicture-300x148.jpg 300w, https:\/\/portfolio.uqac.ca\/martinotis\/files\/2016\/12\/TUGpicture.jpg 552w\" sizes=\"(max-width: 150px) 100vw, 150px\" \/><\/a><\/td>\n<td>15 k$<\/td>\n<td>LAIMI<\/td>\n<\/tr>\n<tr>\n<td>9 PC Workstation Lenovo<\/td>\n<td><\/td>\n<td><\/td>\n<td>23k$<\/td>\n<td>Lenovo<\/td>\n<\/tr>\n<tr>\n<td>Drone SkyWalker X8<\/td>\n<td>Recherche et Sauvetage, analyse des feux de for\u00eat avec deux cam\u00e9ras IR et couleur<\/td>\n<td>Permis de la CMC<\/p>\n<p><a href=\"https:\/\/portfolio.uqac.ca\/martinotis\/files\/2017\/09\/drone.jpg\"><img loading=\"lazy\" decoding=\"async\" class=\"alignnone size-medium wp-image-360\" src=\"https:\/\/portfolio.uqac.ca\/martinotis\/files\/2017\/09\/drone-300x152.jpg\" alt=\"\" width=\"300\" height=\"152\" srcset=\"https:\/\/portfolio.uqac.ca\/martinotis\/files\/2017\/09\/drone-300x152.jpg 300w, https:\/\/portfolio.uqac.ca\/martinotis\/files\/2017\/09\/drone-768x390.jpg 768w, https:\/\/portfolio.uqac.ca\/martinotis\/files\/2017\/09\/drone.jpg 873w\" sizes=\"(max-width: 300px) 100vw, 300px\" \/><\/a><\/p>\n<p>6 Rovers<\/p>\n<p><a href=\"https:\/\/portfolio.uqac.ca\/martinotis\/files\/2017\/09\/rover.jpg\"><img loading=\"lazy\" decoding=\"async\" class=\"alignnone size-medium wp-image-362\" src=\"https:\/\/portfolio.uqac.ca\/martinotis\/files\/2017\/09\/rover-300x225.jpg\" alt=\"\" width=\"300\" height=\"225\" srcset=\"https:\/\/portfolio.uqac.ca\/martinotis\/files\/2017\/09\/rover-300x225.jpg 300w, https:\/\/portfolio.uqac.ca\/martinotis\/files\/2017\/09\/rover-768x576.jpg 768w, https:\/\/portfolio.uqac.ca\/martinotis\/files\/2017\/09\/rover.jpg 922w\" sizes=\"(max-width: 300px) 100vw, 300px\" \/><\/a><\/td>\n<td>15k$<\/td>\n<td>LAIMI<\/td>\n<\/tr>\n<\/tbody>\n<\/table>\n","protected":false},"excerpt":{"rendered":"<p>\u00c9quipements Fonction &#8211;\u00a0Description sommaire de l&#8217;\u00e9quipement Sp\u00e9cialisation requise pour l&#8217;utilisation de l&#8217;\u00e9quipement C\u00f4ut d&#8217;achat Fournisseur Robot collaboratif UR5, Schneider M340 avec IO, Switch SISCO, UPS 3000 Watts Interaction humain-robot Formation sur le robot, expert UnityPRO v.11 200k$ UR, Schneider, SISCO National Instruments PXIe, CompactRIO, 8-axis motion controller, VirtualBench M\u00e9trologie industrielle Expert LabView 152k$ National Instruments &hellip; <a href=\"https:\/\/portfolio.uqac.ca\/martinotis\/infrastructure\/\" class=\"more-link\">Continuer la lecture de <span class=\"screen-reader-text\">Infrastructure<\/span>  <span class=\"meta-nav\">&rarr;<\/span><\/a><\/p>\n","protected":false},"author":99,"featured_media":0,"parent":0,"menu_order":0,"comment_status":"closed","ping_status":"closed","template":"","meta":{"footnotes":""},"tags":[],"_links":{"self":[{"href":"https:\/\/portfolio.uqac.ca\/martinotis\/wp-json\/wp\/v2\/pages\/244"}],"collection":[{"href":"https:\/\/portfolio.uqac.ca\/martinotis\/wp-json\/wp\/v2\/pages"}],"about":[{"href":"https:\/\/portfolio.uqac.ca\/martinotis\/wp-json\/wp\/v2\/types\/page"}],"author":[{"embeddable":true,"href":"https:\/\/portfolio.uqac.ca\/martinotis\/wp-json\/wp\/v2\/users\/99"}],"replies":[{"embeddable":true,"href":"https:\/\/portfolio.uqac.ca\/martinotis\/wp-json\/wp\/v2\/comments?post=244"}],"version-history":[{"count":16,"href":"https:\/\/portfolio.uqac.ca\/martinotis\/wp-json\/wp\/v2\/pages\/244\/revisions"}],"predecessor-version":[{"id":368,"href":"https:\/\/portfolio.uqac.ca\/martinotis\/wp-json\/wp\/v2\/pages\/244\/revisions\/368"}],"wp:attachment":[{"href":"https:\/\/portfolio.uqac.ca\/martinotis\/wp-json\/wp\/v2\/media?parent=244"}],"wp:term":[{"taxonomy":"post_tag","embeddable":true,"href":"https:\/\/portfolio.uqac.ca\/martinotis\/wp-json\/wp\/v2\/tags?post=244"}],"curies":[{"name":"wp","href":"https:\/\/api.w.org\/{rel}","templated":true}]}}