{"id":27,"date":"2012-07-24T12:57:18","date_gmt":"2012-07-24T12:57:18","guid":{"rendered":"http:\/\/portfolio-pre.uqac.ca\/gabarit\/?page_id=27"},"modified":"2016-10-20T15:17:34","modified_gmt":"2016-10-20T19:17:34","slug":"curriculum-vitae","status":"publish","type":"page","link":"https:\/\/portfolio.uqac.ca\/martinotis\/curriculum-vitae\/","title":{"rendered":"Curriculum vitae"},"content":{"rendered":"<h2><strong>Sources<\/strong><\/h2>\n<ul>\n<li>Curriculum vitae sur <a title=\"CV\" href=\"https:\/\/ca.linkedin.com\/in\/martinjdotis\" target=\"_blank\">LinkedIn<\/a><\/li>\n<\/ul>\n<h2><strong>Dipl\u00f4mes<\/strong><\/h2>\n<p>Ph.D. en g\u00e9nie \u00e9lectrique (Universit\u00e9 Laval, Qu\u00e9bec, Canada)<\/p>\n<p>Ma\u00eetrise en g\u00e9nie \u00e9lectrique (Universit\u00e9 de Sherbrooke, Qu\u00e9bec, Canada)<\/p>\n<p>Baccalaur\u00e9at en g\u00e9nie \u00e9lectrique (Universit\u00e9 de Sherbrooke, Qu\u00e9bec, Canada)<\/p>\n<h2><strong><br \/>\nDistinctions et bourses<br \/>\n<\/strong><\/h2>\n<p>2010- Bourse d\u2019excellence pour stage post-doctoral, Fonds qu\u00e9b\u00e9cois de la recherche sur la nature et les technologies (FQRNT).<\/p>\n<p>2006- Premier prix Design au Forum des \u00e9tudiants en a\u00e9rospatial (F\u00c9A) du CRIAQ.<\/p>\n<p>2006- Finaliste avec le GAUL, concours Forces-AVENIR.<\/p>\n<p>2011- Prix pour le professeur le plus d\u00e9vou\u00e9, AEGUQAC, Universit\u00e9 du Qu\u00e9bec \u00e0 Chicoutimi<\/p>\n<h2><strong><br \/>\nAffiliations professionnelles<\/strong><\/h2>\n<p>2012- Membre de l&#8217;Ordre des ing\u00e9nieurs du Qu\u00e9bec<\/p>\n<p>2009- Membre du <em>Institute of Electrical and Electronics Engineers<\/em> (IEEE), dans la soci\u00e9t\u00e9 <em>Robotics and Automation Society<\/em> (RAS)<\/p>\n<h2><strong><br \/>\nActivit\u00e9s<\/strong><\/h2>\n<p>2014- Responsable du laboratoire accr\u00e9dit\u00e9 LAIMI \u00e0 l\u2019UQAC<\/p>\n<p>2011- Membre du r\u00e9seau strat\u00e9gique REPARTI financ\u00e9 par le FRQ-NT<\/p>\n<p>2014- Membre du comit\u00e9 d\u2019\u00e9thique et du comit\u00e9 restreint d\u2019\u00e9thique \u00e0 l\u2019UQAC.<\/p>\n<p>2014- Membre du comit\u00e9 du programme de deuxi\u00e8me et troisi\u00e8me cycle.<\/p>\n<p><strong>Chairman <\/strong><\/p>\n<ul>\n<li>World Congress of Robotics CIEME&#8217;2015<\/li>\n<li>AIP &#8211; CISA&#8217;2009<\/li>\n<\/ul>\n<p><strong>Comit\u00e9 d&#8217;\u00e9valuation technique (TCP) international (IPC) des conf\u00e9rences et journaux suivant:<\/strong><\/p>\n<ul>\n<li>Robotica<\/li>\n<li>IEEE Tr. Robotic<\/li>\n<li>IEEE Tr. SMC (System, Man and Cybernetic)<\/li>\n<li>MDPI Journal of Sensors<\/li>\n<\/ul>\n<p>&nbsp;<\/p>\n<ul>\n<li>IEEE ICRA (Robotic and Automation)<\/li>\n<li>IEEE ROSE (Robotic and Sensors Environments)<\/li>\n<li>Springer Cable-Driven Parallel Robot<\/li>\n<li>IASTED Graphics and Virtual Reality<\/li>\n<li>IEEE Virtual Reality<\/li>\n<\/ul>\n","protected":false},"excerpt":{"rendered":"<p>Sources Curriculum vitae sur LinkedIn Dipl\u00f4mes Ph.D. en g\u00e9nie \u00e9lectrique (Universit\u00e9 Laval, Qu\u00e9bec, Canada) Ma\u00eetrise en g\u00e9nie \u00e9lectrique (Universit\u00e9 de Sherbrooke, Qu\u00e9bec, Canada) Baccalaur\u00e9at en g\u00e9nie \u00e9lectrique (Universit\u00e9 de Sherbrooke, Qu\u00e9bec, Canada) Distinctions et bourses 2010- Bourse d\u2019excellence pour stage post-doctoral, Fonds qu\u00e9b\u00e9cois de la recherche sur la nature et les technologies (FQRNT). 2006- Premier &hellip; <a href=\"https:\/\/portfolio.uqac.ca\/martinotis\/curriculum-vitae\/\" class=\"more-link\">Continuer la lecture de <span class=\"screen-reader-text\">Curriculum vitae<\/span>  <span class=\"meta-nav\">&rarr;<\/span><\/a><\/p>\n","protected":false},"author":99,"featured_media":0,"parent":0,"menu_order":0,"comment_status":"closed","ping_status":"closed","template":"","meta":{"footnotes":""},"tags":[],"_links":{"self":[{"href":"https:\/\/portfolio.uqac.ca\/martinotis\/wp-json\/wp\/v2\/pages\/27"}],"collection":[{"href":"https:\/\/portfolio.uqac.ca\/martinotis\/wp-json\/wp\/v2\/pages"}],"about":[{"href":"https:\/\/portfolio.uqac.ca\/martinotis\/wp-json\/wp\/v2\/types\/page"}],"author":[{"embeddable":true,"href":"https:\/\/portfolio.uqac.ca\/martinotis\/wp-json\/wp\/v2\/users\/99"}],"replies":[{"embeddable":true,"href":"https:\/\/portfolio.uqac.ca\/martinotis\/wp-json\/wp\/v2\/comments?post=27"}],"version-history":[{"count":12,"href":"https:\/\/portfolio.uqac.ca\/martinotis\/wp-json\/wp\/v2\/pages\/27\/revisions"}],"predecessor-version":[{"id":235,"href":"https:\/\/portfolio.uqac.ca\/martinotis\/wp-json\/wp\/v2\/pages\/27\/revisions\/235"}],"wp:attachment":[{"href":"https:\/\/portfolio.uqac.ca\/martinotis\/wp-json\/wp\/v2\/media?parent=27"}],"wp:term":[{"taxonomy":"post_tag","embeddable":true,"href":"https:\/\/portfolio.uqac.ca\/martinotis\/wp-json\/wp\/v2\/tags?post=27"}],"curies":[{"name":"wp","href":"https:\/\/api.w.org\/{rel}","templated":true}]}}