{"id":25,"date":"2017-08-14T16:20:33","date_gmt":"2017-08-14T20:20:33","guid":{"rendered":"http:\/\/portfolio-pre.uqac.ca\/gabarit\/?page_id=25"},"modified":"2021-11-15T16:05:28","modified_gmt":"2021-11-15T21:05:28","slug":"communications","status":"publish","type":"page","link":"https:\/\/portfolio.uqac.ca\/maximeboivin\/communications\/","title":{"rendered":"Communications"},"content":{"rendered":"<ul>\n<li><em><u>Conf\u00e9rences avec processus d\u2019examen par les pairs<\/u><\/em><\/li>\n<\/ul>\n<p><strong>MATTE R., BOIVIN, M., ET LAVOIE, C<\/strong>. 2021. Renou\u00e9e du Japon et hydrog\u00e9omorphologie (HGM) : m\u00e9thodes d\u2019analyse HGM pour quantifier l\u2019impact de la renou\u00e9e du Japon sur les syst\u00e8mes fluviaux.<br \/>\nColloque 218 &#8211; M\u00e9thodes d\u2019\u00e9tude innovatrices des esp\u00e8ces exotiques envahissantes et de leurs impacts. ACFAS, Sherbrooke, Canada<\/p>\n<p><strong>BOIVIN, M., VIN-DESLAURIER, J., BOUCHARD, M., B\u00c9RUB\u00c9, J., TREMBLAY, S., ET FANTINO, G. <\/strong>2021. Mise en place d\u2019un suivi r\u00e9gional pour analyser l\u2019impact de la crue de 1996 et des am\u00e9nagements anthropiques sur le comportement hydrog\u00e9omorphologique des rivi\u00e8res au Saguenay. Colloque 631 &#8211; 15e colloque sur les risques naturels au Qu\u00e9bec. ACFAS, Sherbrooke, Canada<\/p>\n<p><strong>LEMAY, J., BIRON, P., BOIVIN, M.<\/strong>\u00a02021. Can the Morphological Quality Index (MQI) be used to determine the ecological status of agricultural streams?. 74th Canadian Water Resources Association (CWRA) National Conference, Qu\u00e9bec, Canada<\/p>\n<p><strong>BOIVIN, M., DEPRIESTER, L, SAEIDI, A.<\/strong>\u00a02021. \u00c9valuation de la possibilit\u00e9 de faire reconna\u00eetre le site de Saint Jean-Vianney comme un g\u00e9osite\/g\u00e9omorphosite. Le sinistre de Saint-Jean-Vianney de 1971 &#8211; 50 ans de progression des connaissances en g\u00e9otechnique &#8211; UQAC\/MTQ, Saguenay, Canada<\/p>\n<p><strong>SAEIDI, A., RICHER, B., BOIVIN, M., ROULEAU, A.<\/strong>\u00a02021. Analyse g\u00e9otechnique des risques de glissement de terrain du secteur de Saint-Jean-Vianney. Le sinistre de Saint-Jean-Vianney de 1971 &#8211; 50<br \/>\nans de progression des connaissances en g\u00e9otechnique, Saguenay, Canada<\/p>\n<p><strong>BOIVIN M., BUFFIN-B\u00c9LANGER, T. ET MALTAIS M.<\/strong> 2019. Estimation of error margin in the quantification of large wood volume in river. 4Th international conference Wood in World Rivers 2019. Valdivia, Chile.<\/p>\n<p><strong>BUFFIN-B\u00c9LANGER, T., BOIVIN M., MALTAIS M., ET MASS\u00c9 S.<\/strong> 2019. Interannual evolution of large wood jams in three rivers of eastern Qu\u00e9bec. 4Th international conference Wood in World Rivers 2019. Valdivia, Chile.<\/p>\n<p><strong>PI\u00c9GAY H., GHAFFARIAN H., LEMAIRE P., ZHANG Z., BOIVIN M., SENTER A., ANTONIO A., BUFFIN-B\u00c9LANGER T., LOPEZ D., MACVICAR B., MICHEL K., MIGNOT E., PASTERNACK G., RIVI\u00c8RE N., TOUGNE L., VAUDOR L.<\/strong> 2019 Video-monitoring of wood flux : recent advancing and next steps. 4Th international conference Wood in World Rivers 2019. Valdivia, Chile.<\/p>\n<p><strong>BOIVIN M., BUFFIN-B\u00c9LANGER T., ARSENEAULT D. <\/strong>2018.\u00a0Using tree-rings to determine large wood residence time and transport pulses in a gravel-bed river. Ninth International River Flow Conference. Lyon, France.<\/p>\n<p><strong>BOIVIN M., BUFFIN-B\u00c9LANGER T., ARSENEAULT D., PI\u00c9GAY H. <\/strong>2017. \u00c9tat des connaissances sur la dynamique du bois mort en rivi\u00e8re et influences potentielles sur le saumon atlantique : Le cas de la rivi\u00e8re Saint-Jean, Gasp\u00e9. 20\u00e8me colloque annuel du Centre interuniversitaire de recherche sur le saumon atlantique (CIRSA). Universit\u00e9 Laval, Qu\u00e9bec.<\/p>\n<p><strong>BOIVIN M., BUFFIN-B\u00c9LANGER T., ARSENEAULT D., PI\u00c9GAY H. <\/strong>2017. Utilisation de la dendrochronologie pour d\u00e9terminer le temps de r\u00e9sidence et la mise en transport des bois en rivi\u00e8re en lien avec les conditions hydro-climatiques futures, actuelles et pass\u00e9es. Conf\u00e9rence RHQ 2017- La recherche en hydrologie au Qu\u00e9bec. Universit\u00e9 Laval. Qu\u00e9bec.<\/p>\n<p><strong>BOIVIN M., ROY M., RONDEAU M., BUJOLD J-M., MINGELBIER M., BERGERON N<\/strong>. 2017. Cartographie \u00e9cologique et hydromorphologique des rivi\u00e8res \u00e0 l\u2019\u00e9chelle du paysage lotique \u00e0 l\u2019aide de la bou\u00e9e HydroBall\u2122. 4\u00e8me Colloque du CIDCO. Rimouski.<\/p>\n<p><strong>BOIVIN M., BUFFIN-B\u00c9LANGER T. PI\u00c9GAY H. <\/strong>2016. Dynamique historique des bois morts en rivi\u00e8re et influencent des \u00e9v\u00e8nements hydrom\u00e9t\u00e9orologiques de faible r\u00e9currence sur la mobilit\u00e9 des bois\u00a0 \u00e0 l\u2019\u00e9chelle d\u2019un bassin versant. 11e Colloque sur les risques naturels au Qu\u00e9bec. ACFAS-2016, Montr\u00e9al. <strong>Prix pour la meilleure pr\u00e9sentation orale<\/strong>.<\/p>\n<p><strong>BOIVIN M., BUFFIN-B\u00c9LANGER T. PI\u00c9GAY H. <\/strong>2015. Gravel-bed river morphodynamics and large wood dynamics.\u00a0 Gravel bed Rivers Conference 8. Kyoto-Takayama, Japon. 14-20 septembre 2015<\/p>\n<p><strong>BOIVIN M., BUFFIN-B\u00c9LANGER T. PI\u00c9GAY H. <\/strong>2015. Implementation and validation of large wood analysis for wood budgeting in a semi-alluvial river, the Saint-Jean River, Gasp\u00e9sie, Canada. Third International Conference Wood in World Rivers (WWR3). Padova, Italie.<\/p>\n<p><strong>PI\u00c9GAY H., BENACCHIO V., BOIVIN M., LEMAIRE P., MACVICAR B.,\u00a0 MOULIN B., RUIZ-VILLANUEVA V., BUFFIN-B\u00c9LANGER T., MICHEL K., STOFFEL M., TOUGNE L. <\/strong>2015. Wood is good but it moves? Associated problems and research issues. Third International Conference Wood in World Rivers 3-2015. Padova, Italie. 6-10 Juillet 2015<\/p>\n<p><strong>BOIVIN M. <\/strong>2014. D\u00e9veloppement d\u2019un mod\u00e8le pour l\u2019analyse de bilan ligneux \u00e0 l\u2019\u00e9chelle d\u2019un corridor fluvial: le cas de la rivi\u00e8re Saint-Jean en Gasp\u00e9sie, Qu\u00e9bec. Colloque annuel de l\u2019Institut des Sciences de l\u2019environnement. C\u0153ur des Sciences, UQAM, Montr\u00e9al. <strong>Prix pour la meilleure pr\u00e9sentation orale. <\/strong><\/p>\n<p><strong>BOIVIN M., BUFFIN-B\u00c9LANGER T. PI\u00c9GAY H. <\/strong>2014. Interannual Monitoring of the Dynamics of large wood in a 60 km river corridor, the Saint-Jean River, Gaspe Peninsula, Quebec, Canada (2010-2013). AAG annual meeting. Tampa, USA.<\/p>\n<p><strong>PI\u00c9GAY H., MACVICAR B., BENACCHIO V., BOIVIN M., BUFFIN-B\u00c9LANGER T., LEMAIRE P., MICHEL K., RUIZ-VILLANUEVA V., STOFFEL M., TOUGNE L. <\/strong>2014. Assessment of wood mobility and wood budgeting using field measures, remote sensing techniques and experimentations:\u00a0examples and challenging issues. Session: dynamics of large wood in river basins: recruitment, transport and related hazard. XII International Association of Engineering Geology (IAEG) Congress, Torino, Italie.<\/p>\n<p><strong>BOIVIN M., BUFFIN-B\u00c9LANGER T. PI\u00c9GAY H. <\/strong>2013. Assessment of the annual dynamics of large woods along a 60 km semi-alluvial river section of the Gasp\u00e9 Peninsula, Qu\u00e9bec, Canada, feedbacks from 3 year field surveys combined with airborne and ground images. AIG Paris, France.<\/p>\n<p><strong>BOIVIN M., BUFFIN-B\u00c9LANGER T. PI\u00c9GAY H. <\/strong>2013. Analyse pluriannuelle (2010-2012) de la dynamique des bois morts dans le corridor fluvial de la rivi\u00e8re St-Jean, rivi\u00e8re semi-alluviale de la p\u00e9ninsule gasp\u00e9sienne, Qu\u00e9bec. RHQ 2013\u00a0: La recherche hydrologique au Qu\u00e9bec dans un contexte de changements climatiques. ENAP, Qu\u00e9bec.<\/p>\n<p><strong>BOIVIN M., BUFFIN-B\u00c9LANGER T. PI\u00c9GAY H. <\/strong>2012. Le raft de la rivi\u00e8re Saint-Jean en Gasp\u00e9sie, Qu\u00e9bec : diagnostic des causes et interventions possibles. Integrative Sciences Rivers. Lyon, France.<\/p>\n<p><strong>BOIVIN M., BUFFIN-B\u00c9LANGER T. PI\u00c9GAY H. <\/strong>2011. Des outils de gestion pour la dynamique des bois morts\u00a0: le cas du corridor fluvial de la rivi\u00e8re Saint-Jean, Gasp\u00e9. Colloque sp\u00e9cial\u00a0: R\u00e9habilitation des hydrosyst\u00e8mes\u00a0: Enjeux scientifiques et nouvelles perspectives. Les Entretiens Jacques Cartier 2011.<\/p>\n<p><strong>BOIVIN M., BUFFIN-B\u00c9LANGER T.<\/strong>\u00a02010. Using a terrestrial LIDAR for monitoring of large woody debris jams in gravel-bed rivers. Gravel bed Rivers Conference 7. Tadoussac, Qu\u00e9bec.<\/p>\n<ul>\n<li><em><u>Pr\u00e9sentations \u00e0 titre de conf\u00e9rencier public ou invit\u00e9<\/u><\/em><\/li>\n<\/ul>\n<p><strong>Boivin, M; Vin-Deslaurier, J*; Bouchard, M*; B\u00e9rub\u00e9, J; Tremblay, S*; Fantino, G.<\/strong>\u00a02021. Suivi r\u00e9gional pour analyser l\u2019impact de la crue de 1996 et des am\u00e9nagements anthropiques sur le comportement<br \/>\nhydrog\u00e9omorphologique des rivi\u00e8res au Saguenay. \u00c9v\u00e8nement grand public de l&#8217;\u00e9cole de p\u00eache Speyrit<\/p>\n<p><strong>Boivin, M.<\/strong>\u00a02020. Guide d\u2019analyse de la dynamique du bois en rivi\u00e8re : outils d\u2019aide \u00e0 la d\u00e9cision. Webinaire de la fondation canadienne pour le saumon atlantique, Fredericton, Canada<\/p>\n<p><strong>BOIVIN M. 2019.\u00a0<\/strong>Dynamique des bois en rivi\u00e8re et pr\u00e9sentation d\u2019un nouvel outil d\u2019aide \u00e0 la d\u00e9cision pour faciliter la gestion des emb\u00e2cles dans les cours d\u2019eau qu\u00e9b\u00e9cois. Colloque annuel de l&#8217;Association des gestionnaires r\u00e9gionaux des cours d&#8217;eau du Qu\u00e9bec (AGRCQ). L\u00e9vis.<\/p>\n<p><strong>BOIVIN M. 2019.\u00a0<\/strong>Pourquoi prendre en compte l\u2019hydrog\u00e9omorphologie dans la gestion et la pr\u00e9vention des risques fluviaux dans le contexte des changements climatiques! Table de concertation de l&#8217;Organisme des Bassins Versants (OBV) Saguenay.<\/p>\n<p><strong>BOIVIN M., BUFFIN-B\u00c9LANGER T.\u00a0MALTAIS M.\u00a0<\/strong>2018.\u00a0R\u00f4le des bois morts dans la restauration de la dynamique morphologique des cours d\u2019eau. 21e Rendez-vous des Organismes de Bassins Versants (OBV) du Qu\u00e9bec, Rivi\u00e8re Du Loup, Canada.<\/p>\n<p><strong>BOIVIN M. <\/strong>2015. Lorsque le bois n\u2019arrive plus \u00e0 la mer! Finaliste et repr\u00e9sentant de l\u2019UQAR au concours Ma Th\u00e8se en 180 secondes. ACFAS 2015.\u00a0<a href=\"https:\/\/www.acfas.ca\/prix-concours\/ma-these-en-180-secondes\/2015\/finaliste\/maxime-boivin\">https:\/\/www.acfas.ca\/prix-concours\/ma-these-en-180-secondes\/2015\/finaliste\/maxime-boivin<\/a><\/p>\n<p><strong>BOIVIN M. <\/strong>(2015). Gestion et dynamique des bois morts en rivi\u00e8re au Qu\u00e9bec\u00a0: exemples de cas et liens avec les changements environnementaux. Forum sur l\u2019adaptation aux changements climatiques\u00a0: rivi\u00e8res et bassins versants du nord de la Gasp\u00e9sie. Conseil de l\u2019eau du Nord de la Gasp\u00e9sie. Mont-Louis.<\/p>\n<p><strong>BUFFIN \u2013B\u00c9LANGER T., BOIVIN M., CLAVEAU S., DEMERS S., MASS\u00c9 S., MALTAIS M. <\/strong>(2015). Les changements climatiques et la dynamique des cours d\u2019eau de la Gasp\u00e9sie. Forum sur l\u2019adaptation aux changements climatiques\u00a0: rivi\u00e8res et bassins versants du nord de la Gasp\u00e9sie. Conseil de l\u2019eau du Nord de la Gasp\u00e9sie. Mont-Louis.<\/p>\n<p><strong>BOIVIN, M.<\/strong> 2014. Dynamique et gestion des bois morts en rivi\u00e8re au Qu\u00e9bec. Conf\u00e9rencier invit\u00e9. Midi des sciences naturelles du d\u00e9partement de Biologie, Chimie et G\u00e9ographie. Universit\u00e9 du Qu\u00e9bec \u00e0 Rimouski.<\/p>\n<p><strong>BOIVIN M., BUFFIN-B\u00c9LANGER T.<\/strong> (2011). \u00c9tude hydrog\u00e9omorphologique li\u00e9e \u00e0 la pr\u00e9sence de bois morts dans le corridor fluvial de la rivi\u00e8re Saint-Jean, Gasp\u00e9. Conf\u00e9rencier invit\u00e9. Caf\u00e9 de g\u00e9omorphologie fluviale. \u00c9cole Normale Sup\u00e9rieure de Lyon.<\/p>\n<ul>\n<li><em><u>Conf\u00e9rences sans processus d\u2019examen par les pairs<\/u><\/em><\/li>\n<\/ul>\n<p><strong>GAUTHIER F., FORTIN G., BUFFIN-B\u00c9LANGER T., BOIVIN M., H\u00c9TU B., MORISSETTE A., GERMAIN D. <\/strong>2015. Les al\u00e9as naturels reli\u00e9s \u00e0 l\u2019occurrence de la temp\u00eate post-tropicale Arthur du 4 au 6 juillet 2014 : caract\u00e9ristiques des pr\u00e9cipitations et ses enseignements. 83\u00e8me Congr\u00e8s de l\u2019Acfas \u00ab 10<sup>e<\/sup> colloque sur les risques naturels au Qu\u00e9bec \u00bb, 25-29 mai 2015, UQAR.<\/p>\n<p><strong>H\u00c9TU B., MORISSETTE A., GAUTHIER F., FORTIN G., GERMAIN D., BUFFIN-B\u00c9LANGER T., BOIVIN M. <\/strong>2015. Les al\u00e9as naturels reli\u00e9s \u00e0 l\u2019occurrence des fortes pluies en Gasp\u00e9sie depuis 1979 : torrentialit\u00e9, coul\u00e9es de d\u00e9bris et glissements superficiels. 83\u00e8me Congr\u00e8s de l\u2019Acfas \u00ab 10<sup>e<\/sup> colloque sur les risques naturels au Qu\u00e9bec \u00bb, 25-29 mai 2015, UQAR.<\/p>\n<p><strong>PI\u00c9GAY H., ALBER A., ARNAUD F., B\u00c9AL D., BOIVIN M., BUFFIN-B\u00c9LANGER T., FANTINO G., MACVICAR B, MICHEL K.,<\/strong> 2012. Nouveaux outils et nouvelles pratiques pour appr\u00e9hender l\u2019espace-temps fluvial. 80\u00e8me Congr\u00e8s de l\u2019Acfas \u00ab 30 ans de G\u00e9omorphologie Fluviale au Qu\u00e9bec \u00bb, 7-11 mai 2012, Montr\u00e9al, Canada.<\/p>\n<p><strong>BOIVIN M., MARCHAND J., CLOUTIER C-A., PARENT, V., B\u00c9RUB\u00c9, J., BUFFIN-B\u00c9LANGER T.<\/strong> 2012. Dynamique fluviale d\u2019une rivi\u00e8re \u00e0 tresses en milieu nordique. Symposium Nordique du CEN 2012.<\/p>\n<p><strong>BOIVIN M., BUFFIN-B\u00c9LANGER T. PI\u00c9GAY H.<\/strong> 2012. Des outils de gestion pour la dynamique des bois morts\u00a0: le cas du corridor fluvial de la rivi\u00e8re Saint-Jean, Gasp\u00e9. Symposium Nordique du CEN 2012. Universit\u00e9 du Qu\u00e9bec \u00e0 Rimouski.<\/p>\n<ul>\n<li><em><u>Activit\u00e9s de diffusion des connaissances dans les m\u00e9dias<\/u><\/em><\/li>\n<\/ul>\n<p><strong>RADIO-CANADA<\/strong>. 2019.\u00a0La rivi\u00e8re Pentec\u00f4te menace de changer de trajectoire, T\u00e9l\u00e9journal National 18h00 et 22h00, Radio-Canada<\/p>\n<p><strong>C\u00f4te-Nord Attitude (94,1 &#8211; Plaisir Sept-\u00celes)<\/strong>. 2019.\u00a0La rivi\u00e8re Pentec\u00f4te et trajectoire de son embouchure.<\/p>\n<p><strong>RADIO-CANADA<\/strong>. 2017. O\u00f9 ont frapp\u00e9 les pires inondations au Qu\u00e9bec? La r\u00e9ponse en Carte. Entrevue dans la cadre des inondations du printemps 2017 au Qu\u00e9bec. Diffusion le 12 mai 2017.\u00a0<a href=\"https:\/\/ici.radio-canada.ca\/nouvelle\/1032722\/historique-inondations-quebec-portrait-carte\">https:\/\/ici.radio-canada.ca\/nouvelle\/1032722\/historique-inondations-quebec-portrait-carte<\/a><\/p>\n<p><strong>RADIO-CANADA<\/strong>. 2017. \u00c9mission sp\u00e9ciale sur les inondations du Printemps 2017 au Qu\u00e9bec. T\u00e9l\u00e9journal Extra Est-du-Qu\u00e9bec. Diffusion le 12 mai 2017.\u00a0<a href=\"https:\/\/ici.radio-canada.ca\/tele\/le-tjextra-est-du-quebec\/site\/episodes\/381059\/episode-du-12-mai-2017\" target=\"_blank\">https:\/\/ici.radio-canada.ca\/tele\/le-tjextra-est-du-quebec\/2016-2017\/episodes\/381059\/episode-du-12-mai-2017<\/a><\/p>\n<p><strong>RADIO-CANADA<\/strong>. 2016. Le d\u00e9mant\u00e8lement des emb\u00e2cles de la rivi\u00e8re Saint-Jean. Participation \u00e0 la r\u00e9alisation du reportage dans le cadre de l\u2019\u00e9mission La semaine verte.\u00a0 Diffusion le 9 janvier 2016.\u00a0<a href=\"https:\/\/ici.radio-canada.ca\/tele\/la-semaine-verte\/2015-2016\/segments\/reportage\/4638\/embacle-bois-riviere-saumons-gaspesie\">https:\/\/ici.radio-canada.ca\/tele\/la-semaine-verte\/2015-2016\/segments\/reportage\/4638\/embacle-bois-riviere-saumons-gaspesie<\/a><\/p>\n<p><strong>RADIO-CANADA. <\/strong>2015. D\u00e9veloppement d&#8217;un mod\u00e8le analytique de la dynamique du bois mort dans des rivi\u00e8res semi-alluviales de r\u00e9gions froides. Entrevue Doc-Postdoc dans le cadre de l\u2019\u00e9mission Les Ann\u00e9es Lumi\u00e8res. Diffusion le 7 juin 2015.\u00a0<a href=\"https:\/\/ici.radio-canada.ca\/emissions\/les_annees_lumiere\/2011-2012\/chronique.asp?idChronique=374814\">https:\/\/ici.radio-canada.ca\/emissions\/les_annees_lumiere\/2011-2012\/chronique.asp?idChronique=374814<\/a><\/p>\n<p><strong>Radio-Canada T\u00e9l\u00e9. <\/strong>2015<strong>. <\/strong>Entrevue sur le d\u00e9mant\u00e8lement des emb\u00e2cles de Gasp\u00e9. T\u00e9l\u00e9journal Est-du-Qu\u00e9bec. Diffus\u00e9e le 4 f\u00e9vrier 2015.\u00a0<a href=\"https:\/\/ici.radio-canada.ca\/nouvelle\/705387\/riviere-saint-jean-demantelement-travaux\">https:\/\/ici.radio-canada.ca\/nouvelle\/705387\/riviere-saint-jean-demantelement-travaux<\/a><\/p>\n<p><strong>Radio-Canada Premi\u00e8re. <\/strong>2015<strong>. <\/strong>Entrevue sur le cas des emb\u00e2cles de de la Rivi\u00e8re Saint-Jean, Gasp\u00e9 et sur le concours\u00a0: Ma th\u00e8se en 180 secondes. \u00c9mission <em>Le monde d\u2019aujourd\u2019hui<\/em>. Diffus\u00e9e le 15 avril 2015.<\/p>\n<p><strong>Radio-Canada Premi\u00e8re. <\/strong>2015<strong>. <\/strong>Entrevue sur le d\u00e9mant\u00e8lement des emb\u00e2cles de de la Rivi\u00e8re Saint-Jean, Gasp\u00e9 et sur l\u2019apr\u00e8s-d\u00e9mant\u00e8lement. \u00c9mission <em>Au c\u0153ur du Monde.<\/em> Diffus\u00e9e le 22 avril 2015.<\/p>\n<p><strong>T\u00e9l\u00e9-Qu\u00e9bec<\/strong>. 2012. Comprendre le myst\u00e8re derri\u00e8re le gigantesque emb\u00e2cle de la rivi\u00e8re Saint-Jean en Gasp\u00e9sie. Participation \u00e0 la r\u00e9alisation du reportage dans le cadre de l\u2019\u00e9mission, Le code Chastenay. Production Pixcom. \u00a0<a href=\"https:\/\/lecodechastenay.telequebec.tv\/emission.aspx?id=102\">https:\/\/lecodechastenay.telequebec.tv\/emission.aspx?id=102<\/a><\/p>\n<p>&nbsp;<\/p>\n","protected":false},"excerpt":{"rendered":"<p>Conf\u00e9rences avec processus d\u2019examen par les pairs MATTE R., BOIVIN, M., ET LAVOIE, C. 2021. Renou\u00e9e du Japon et hydrog\u00e9omorphologie (HGM) : m\u00e9thodes d\u2019analyse HGM pour quantifier l\u2019impact de la renou\u00e9e du Japon sur les syst\u00e8mes fluviaux. Colloque 218 &#8211; M\u00e9thodes d\u2019\u00e9tude innovatrices des esp\u00e8ces exotiques envahissantes et de leurs impacts. ACFAS, Sherbrooke, Canada BOIVIN, &hellip; <a href=\"https:\/\/portfolio.uqac.ca\/maximeboivin\/communications\/\" class=\"more-link\">Continuer la lecture de <span class=\"screen-reader-text\">Communications<\/span>  <span class=\"meta-nav\">&rarr;<\/span><\/a><\/p>\n","protected":false},"author":89,"featured_media":0,"parent":0,"menu_order":0,"comment_status":"closed","ping_status":"closed","template":"","meta":{"footnotes":""},"tags":[],"_links":{"self":[{"href":"https:\/\/portfolio.uqac.ca\/maximeboivin\/wp-json\/wp\/v2\/pages\/25"}],"collection":[{"href":"https:\/\/portfolio.uqac.ca\/maximeboivin\/wp-json\/wp\/v2\/pages"}],"about":[{"href":"https:\/\/portfolio.uqac.ca\/maximeboivin\/wp-json\/wp\/v2\/types\/page"}],"author":[{"embeddable":true,"href":"https:\/\/portfolio.uqac.ca\/maximeboivin\/wp-json\/wp\/v2\/users\/89"}],"replies":[{"embeddable":true,"href":"https:\/\/portfolio.uqac.ca\/maximeboivin\/wp-json\/wp\/v2\/comments?post=25"}],"version-history":[{"count":23,"href":"https:\/\/portfolio.uqac.ca\/maximeboivin\/wp-json\/wp\/v2\/pages\/25\/revisions"}],"predecessor-version":[{"id":222,"href":"https:\/\/portfolio.uqac.ca\/maximeboivin\/wp-json\/wp\/v2\/pages\/25\/revisions\/222"}],"wp:attachment":[{"href":"https:\/\/portfolio.uqac.ca\/maximeboivin\/wp-json\/wp\/v2\/media?parent=25"}],"wp:term":[{"taxonomy":"post_tag","embeddable":true,"href":"https:\/\/portfolio.uqac.ca\/maximeboivin\/wp-json\/wp\/v2\/tags?post=25"}],"curies":[{"name":"wp","href":"https:\/\/api.w.org\/{rel}","templated":true}]}}