{"id":113,"date":"2015-06-29T09:42:13","date_gmt":"2015-06-29T13:42:13","guid":{"rendered":"http:\/\/portfolio-pre.uqac.ca\/maximepare\/?page_id=113"},"modified":"2023-04-19T15:39:40","modified_gmt":"2023-04-19T19:39:40","slug":"equipe-de-recherche","status":"publish","type":"page","link":"https:\/\/portfolio.uqac.ca\/maximepare\/equipe-de-recherche\/","title":{"rendered":"\u00c9quipe de recherche"},"content":{"rendered":"<p>&nbsp;<\/p>\n<hr \/>\n<h1 style=\"text-align: center\"><strong>\u00c9tudiants(es) sous ma direction<br \/>\n<\/strong><\/h1>\n<h3 style=\"text-align: center\"><strong>Kasandra Bradette<br \/>\n<\/strong><\/h3>\n<p style=\"text-align: center\"><a href=\"https:\/\/portfolio.uqac.ca\/maximepare\/files\/2022\/01\/VIT_5312.jpg\"><img loading=\"lazy\" decoding=\"async\" class=\"alignnone size-medium wp-image-249\" src=\"https:\/\/portfolio.uqac.ca\/maximepare\/files\/2022\/01\/VIT_5312-300x200.jpg\" alt=\"\" width=\"300\" height=\"200\" srcset=\"https:\/\/portfolio.uqac.ca\/maximepare\/files\/2022\/01\/VIT_5312-300x200.jpg 300w, https:\/\/portfolio.uqac.ca\/maximepare\/files\/2022\/01\/VIT_5312-768x511.jpg 768w, https:\/\/portfolio.uqac.ca\/maximepare\/files\/2022\/01\/VIT_5312-1024x681.jpg 1024w\" sizes=\"(max-width: 300px) 100vw, 300px\" \/><\/a><\/p>\n<ul>\n<li>Programme : Ma\u00eetrise en ressources renouvelables (UQAC)<\/li>\n<li>D\u00e9but : Automne 2021<\/li>\n<li>Titre : Vers l\u2019int\u00e9gration d\u2018innovations technologiques pour assurer la durabilit\u00e9 de production de plants forestiers \u00e0 une \u00e9chelle op\u00e9rationnelle en p\u00e9pini\u00e8re.<\/li>\n<li>Co-directions\u00a0: Charles Marty (UQAC) et Mohammed Lahmammedi (MFFP)<\/li>\n<\/ul>\n<p>Description\u00a0: Au Qu\u00e9bec, pr\u00e8s de 130 millions de plants forestiers sont produits annuellement et mis en terre dans les sites de reboisement. La mousse de sphaigne (tourbe) est un substrat de culture important pour la production des semis forestiers. Toutefois, la tourbe est une mati\u00e8re non-renouvelable et son exploitation \u2013 non-durable \u00e0 l\u2019\u00e9chelle humaine \u2013 n\u00e9cessite l\u2019ouverture des tourbi\u00e8res ombrotrophes, des \u00e9cosyst\u00e8mes de plus en plus prot\u00e9g\u00e9s en raison de leur biodiversit\u00e9 unique. Des alternatives \u00e0 la tourbe devront \u00eatre trouv\u00e9es et utilis\u00e9es afin de diminuer son utilisation et ainsi conserver le plus longtemps possible cette pr\u00e9cieuse ressource. Parall\u00e8lement \u00e0 cette probl\u00e9matique, l\u2019industrie foresti\u00e8re qu\u00e9b\u00e9coise produit annuellement plus de 2.5 millions de tonnes d\u2019\u00e9corces, alors que leurs dispositions (ex. : enfouissement, incin\u00e9ration, etc.) g\u00e9n\u00e8rent habituellement peu de retomb\u00e9es \u00e9conomiques et environnementales positives. Les \u00e9corces pourraient donc repr\u00e9senter une alternative peu couteuse \u00e0 la tourbe comme substrats de culture pour les semis forestiers. Dans le cadre de mon projet de ma\u00eetrise, je souhaite substituer en totalit\u00e9 ou en partie la mousse de sphaigne (tourbe) par la valorisation des \u00e9corces des essences foresti\u00e8res comme substrat de culture pour la production de plants forestiers. Des essais en serres et en p\u00e9pini\u00e8res sont pr\u00e9sentement en cours permettront, je l\u2019esp\u00e8re, de diminuer \u00e9ventuellement l\u2019utilisation de la tourbe pour la production de plants forestiers au Qu\u00e9bec.<\/p>\n<h3 style=\"text-align: center\"><strong>Anthony Pelletier<br \/>\n<\/strong><\/h3>\n<p style=\"text-align: center\"><a href=\"https:\/\/portfolio.uqac.ca\/maximepare\/files\/2022\/01\/IMG_0189.jpg\"><img loading=\"lazy\" decoding=\"async\" class=\"alignnone size-medium wp-image-246\" src=\"https:\/\/portfolio.uqac.ca\/maximepare\/files\/2022\/01\/IMG_0189-300x225.jpg\" alt=\"\" width=\"300\" height=\"225\" srcset=\"https:\/\/portfolio.uqac.ca\/maximepare\/files\/2022\/01\/IMG_0189-300x225.jpg 300w, https:\/\/portfolio.uqac.ca\/maximepare\/files\/2022\/01\/IMG_0189.jpg 640w\" sizes=\"(max-width: 300px) 100vw, 300px\" \/><\/a><\/p>\n<ul>\n<li>Programme :\u00a0Doctorat en biologie (UQAC)<\/li>\n<li>D\u00e9but :\u00a0Automne 2022<\/li>\n<li>Titre : Portrait agroenvironnemental du cycle de l&#8217;azote en bleueti\u00e8re.<\/li>\n<li>Co-direction\u00a0: Patrick Faubert (UQAC)<\/li>\n<\/ul>\n<p>Description\u00a0: La culture du bleuet sauvage (<em>Vaccinium angustifolium<\/em> Aiton) est grandement associ\u00e9e \u00e0 la r\u00e9gion du Saguenay-Lac-Saint-Jean qui repr\u00e9sente 80% de la superficie des bleueti\u00e8res au Qu\u00e9bec. Pour demeurer productif, le bleuet n\u00e9cessite des apports en fertilisants azot\u00e9s. L\u2019origine des fertilisants est tr\u00e8s variable ce qui signifie que les engrais min\u00e9rales, organiques ou encore \u00e0 base de mati\u00e8re r\u00e9siduelles fertilisantes telles que les boues de papeti\u00e8re et l\u2019anhydrite sont des options int\u00e9ressantes pour assurer le bon d\u00e9veloppement du bleuet sauvage. Cependant, les effets des diff\u00e9rents types de fertilisants sur\u00a0le cycle de l\u2019azote demeurent \u00e0 ce jour inconnus.\u00a0L\u2019objectif ultime de mon\u00a0projet de doctorat est d\u2019\u00e9tablir un premier portrait agroenvironnemental de la fertilisation en bleueti\u00e8re\u00a0d\u2019un point de vue biog\u00e9ochimique de l\u2019N. Ce portrait sera un premier pas vers un bilan azot\u00e9, qui\u00a0permettra d\u2019am\u00e9liorer le conseil agronomique et la gestion de l\u2019N. Le projet permettra de d\u00e9terminer si\u00a0les alternatives aux engrais conventionnels sont adapt\u00e9es \u00e0 la transition pour une industrie plus\u00a0 durable.\u00a0Ultimement, mon projet de ma\u00eetrise permettra aux producteurs de bleuets sauvages de prendre de meilleures d\u00e9cisions quant \u00e0 la gestion des fertilisants azot\u00e9s en bleueti\u00e8res commerciales.<\/p>\n<h3 style=\"text-align: center\"><strong>Julie Douillard<br \/>\n<\/strong><\/h3>\n<p style=\"text-align: center\"><a href=\"https:\/\/portfolio.uqac.ca\/maximepare\/files\/2015\/06\/IMG-20220128-WA0012.jpg\"><img loading=\"lazy\" decoding=\"async\" class=\"alignnone size-medium wp-image-256\" src=\"https:\/\/portfolio.uqac.ca\/maximepare\/files\/2015\/06\/IMG-20220128-WA0012-300x300.jpg\" alt=\"\" width=\"300\" height=\"300\" srcset=\"https:\/\/portfolio.uqac.ca\/maximepare\/files\/2015\/06\/IMG-20220128-WA0012-300x300.jpg 300w, https:\/\/portfolio.uqac.ca\/maximepare\/files\/2015\/06\/IMG-20220128-WA0012-150x150.jpg 150w, https:\/\/portfolio.uqac.ca\/maximepare\/files\/2015\/06\/IMG-20220128-WA0012-768x768.jpg 768w, https:\/\/portfolio.uqac.ca\/maximepare\/files\/2015\/06\/IMG-20220128-WA0012-1024x1024.jpg 1024w, https:\/\/portfolio.uqac.ca\/maximepare\/files\/2015\/06\/IMG-20220128-WA0012.jpg 2048w\" sizes=\"(max-width: 300px) 100vw, 300px\" \/><\/a><\/p>\n<ul>\n<li>Programme : Ma\u00eetrise en ressources renouvelables (UQAC)<\/li>\n<li>D\u00e9but : Hiver 2021<\/li>\n<li>Titre : L\u2019impact des pratiques agricoles pour la production de bleuets sauvages sur la fertilit\u00e9 du sol.<\/li>\n<li>Co-direction\u00a0: Joann Whalen (McGill)<\/li>\n<\/ul>\n<p>Description\u00a0: Pr\u00e9sent depuis longtemps dans la r\u00e9gion du Saguenay-Lac-Saint-Jean, le bleuet sauvage (<em>Vaccinium angustifolium<\/em> Aiton) se retrouve principalement sur des sols Podzoliques et d\u00e9finis par une fine couche de mati\u00e8re organique peu d\u00e9compos\u00e9e. C\u2019est cette fine couche de mati\u00e8re organique (entre 1 et 3 cm d\u2019\u00e9paisseurs) constitue la principale source d\u2019\u00e9l\u00e9ments nutritifs pour le bleuet. \u00c0 ce jour, tr\u00e8s peu de donn\u00e9es ont \u00e9t\u00e9 r\u00e9pertori\u00e9es quant \u00e0 l\u2019effet des pratiques agricoles sur les sols des bleueti\u00e8res. L\u2019objectif premier de mon projet de ma\u00eetrise est donc d\u2019\u00e9tudier leurs\u00a0impacts sur la fertilit\u00e9 des sols au niveau de la couche organique (0-5cm) et de la couche min\u00e9rale (5-20cm). Plus sp\u00e9cifiquement, les param\u00e8tres mesur\u00e9s sont\u00a0: i)\u00a0l\u2019azote et le phosphore potentiellement min\u00e9ralisables, ii) le carbone organique du sol, iii) le flux de CO<sub>2<\/sub> du sol et iv) les teneurs en \u00e9l\u00e9ments nutritifs du sol. Quant aux pratiques agricoles \u00e9tudi\u00e9es, nous avons : le type de taille (m\u00e9canique ou m\u00e9canique + thermique), la fertilisation (sans engrais, engrais min\u00e9ral ou engrais organique) et l\u2019application de fongicides (sans ou avec). Cette \u00e9tude permettra de d\u00e9terminer quelles pratiques ou quelles combinaisons de pratiques agricoles sont les plus propices \u00e0 maintenir un niveau de fertilit\u00e9 du sol \u00e9lev\u00e9 et donc, un syst\u00e8me de production durable et r\u00e9silient.<\/p>\n<h3 style=\"text-align: center\"><strong>Anne Schmitt<br \/>\n<\/strong><\/h3>\n<p style=\"text-align: center\"><a href=\"https:\/\/portfolio.uqac.ca\/maximepare\/files\/2015\/06\/Anne-Schmitt.jpeg\"><img loading=\"lazy\" decoding=\"async\" class=\"alignnone size-medium wp-image-222\" src=\"https:\/\/portfolio.uqac.ca\/maximepare\/files\/2015\/06\/Anne-Schmitt-200x300.jpeg\" alt=\"\" width=\"200\" height=\"300\" srcset=\"https:\/\/portfolio.uqac.ca\/maximepare\/files\/2015\/06\/Anne-Schmitt-200x300.jpeg 200w, https:\/\/portfolio.uqac.ca\/maximepare\/files\/2015\/06\/Anne-Schmitt-768x1152.jpeg 768w, https:\/\/portfolio.uqac.ca\/maximepare\/files\/2015\/06\/Anne-Schmitt-683x1024.jpeg 683w, https:\/\/portfolio.uqac.ca\/maximepare\/files\/2015\/06\/Anne-Schmitt.jpeg 1920w\" sizes=\"(max-width: 200px) 100vw, 200px\" \/><\/a><\/p>\n<ul>\n<li>Programme : Ma\u00eetrise en ressources renouvelables (UQAC)<\/li>\n<li>D\u00e9but : Hiver 2020<\/li>\n<li>Titre : Le bleuet sauvage au Saguenay-Lac-Saint-Jean : Comment mieux le produire?<\/li>\n<li>Co-direction\u00a0: Jean Lafond (Agriculture et Agroalimentaire Canada\u00a0\u00e0 Normandin).<\/li>\n<\/ul>\n<p>Description\u00a0: Le Qu\u00e9bec, et particuli\u00e8rement la r\u00e9gion du Saguenay-Lac-Saint-Jean (SLSJ), sont des endroits importants pour la production du bleuet sauvage (<em>Vaccinium angustifolium<\/em> Ait.) au Canada et dans le monde. Toutefois, tr\u00e8s peu d\u2019information agronomiques relatives \u00e0 la r\u00e9gie de production de ce petit fruit dans la r\u00e9gion du SLSJ sont connues. L\u2019objectif g\u00e9n\u00e9ral de son projet de ma\u00eetrise est de documenter l\u2019incidence de diverses pratiques agricoles sur les rendements en bleuets sauvages et plusieurs autres variables connexes importantes telles que le nombre et la hauteur des tiges, le pourcentage de plantes ind\u00e9sirables et de maladies ainsi que l\u2019\u00e9tat nutritionnel des bleuetiers et du sol. Les pratiques agricoles \u00e9valu\u00e9es dans le cadre de son projet d\u2019\u00e9tude sont : le cycle de production (2 vs 3 ann\u00e9es), le type de fauche (m\u00e9canique vs thermique), l\u2019utilisation de fongicides (avec vs sans) et de fertilisants (min\u00e9ral, organique, aucun). Les r\u00e9sultats de son projet de ma\u00eetrise seront particuli\u00e8rement importants pour l\u2019am\u00e9lioration des fa\u00e7ons de faire sur le terrain et, au final, proposer des mod\u00e8les de productions \u00e9prouv\u00e9s tant en r\u00e9gie conventionnelle qu\u2019en r\u00e9gie biologique. Le projet de ma\u00eetrise \u00e0 Anne a fait l\u2019objet d\u2019un reportage t\u00e9l\u00e9vis\u00e9 \u00e0 l\u2019\u00e9mission La Semaine Verte \u00e0 Radio-Canada en F\u00e9vrier 2020. Pour visionner le reportage\u00a0: <a href=\"https:\/\/www.youtube.com\/watch?v=rQ4eKHD1V_M\">https:\/\/www.youtube.com\/watch?v=rQ4eKHD1V_M<\/a><\/p>\n<h3 style=\"text-align: center\"><strong>St\u00e9phanie Cloutier<br \/>\n<\/strong><\/h3>\n<p style=\"text-align: center\"><a href=\"https:\/\/portfolio.uqac.ca\/maximepare\/files\/2015\/06\/Photo-2019-1-copie.jpg\"><img loading=\"lazy\" decoding=\"async\" class=\"alignnone size-medium wp-image-232\" src=\"https:\/\/portfolio.uqac.ca\/maximepare\/files\/2015\/06\/Photo-2019-1-copie-200x300.jpg\" alt=\"\" width=\"200\" height=\"300\" srcset=\"https:\/\/portfolio.uqac.ca\/maximepare\/files\/2015\/06\/Photo-2019-1-copie-200x300.jpg 200w, https:\/\/portfolio.uqac.ca\/maximepare\/files\/2015\/06\/Photo-2019-1-copie-768x1152.jpg 768w, https:\/\/portfolio.uqac.ca\/maximepare\/files\/2015\/06\/Photo-2019-1-copie-683x1024.jpg 683w, https:\/\/portfolio.uqac.ca\/maximepare\/files\/2015\/06\/Photo-2019-1-copie.jpg 1920w\" sizes=\"(max-width: 200px) 100vw, 200px\" \/><\/a><\/p>\n<ul>\n<li>Programme :\u00a0Doctorat en biologie (UQAC)<\/li>\n<li>D\u00e9but :\u00a0Automne 2022<\/li>\n<li>Titre :\u00a0D\u00e9veloppement et optimisation d\u2019une m\u00e9thode de contr\u00f4le de la gale commune pour la culture de la pomme de\u00a0 terre.<\/li>\n<li>Co-direction\u00a0: Jean Legault (UQAC)<\/li>\n<\/ul>\n<p>Description\u00a0: La gale commune est l\u2019une des maladies telluriques les plus importantes au Canada pour la production de pomme de terre (<em>Solanum tuberosum<\/em> L.). L\u2019agent causal principal de la gale commune est <em>Streptomyces scabiei<\/em>, une Actinobact\u00e9rie filamenteuse gram-positive. L\u2019absence de m\u00e9thode de lutte \u00e0 faibles co\u00fbts et \u00e0 faibles impacts environnementaux pour contr\u00f4ler la maladie souligne la pertinence de d\u00e9velopper un nouvel outil pour contrer et minimiser les effets n\u00e9gatifs de la maladie. Il a \u00e9t\u00e9 d\u00e9montr\u00e9 que les bact\u00e9ries productrices d\u2019acide ph\u00e9nazine-1-carboxylique (PCA), telles que les <em>Pseudomonas <\/em>spp., pouvaient contribuer \u00e0 la r\u00e9duction des sympt\u00f4mes de la gale commune. De plus, nos r\u00e9sultats ont d\u00e9montr\u00e9 l\u2019efficacit\u00e9 des extraits d\u2019\u00e9corce, riche en acides r\u00e9siniques, sur l\u2019inhibition de la croissance de <em>S. scabiei<\/em> et la r\u00e9duction des sympt\u00f4mes de la maladie. Cependant, une combinaison d\u2019extraits d\u2019\u00e9corce et de bact\u00e9ries productrices de PCA pourrait r\u00e9duire encore davantage la croissance et la pathog\u00e9nicit\u00e9 de <em>S. scabiei<\/em> et les sympt\u00f4mes de la gale commune de mani\u00e8re \u00e0 contr\u00f4ler plus efficacement la maladie. L\u2019objectif g\u00e9n\u00e9ral de ce projet de th\u00e8se doctorale est de d\u00e9velopper et d\u2019optimiser une m\u00e9thode de contr\u00f4le des sympt\u00f4mes de la gale commune de la pomme de terre (<em>Solanum tuberosum<\/em> L.) \u00e0 partir de produits d\u2019origine naturelle et de bact\u00e9ries antagonistes <em>Pseudomonas <\/em>spp. Ce projet de recherche, d\u00e9velopp\u00e9 selon une d\u00e9marche exp\u00e9rimentale, est d\u2019une dur\u00e9e de 4 ann\u00e9es et est divis\u00e9 en 4 chapitres. Le chapitre 1 visera principalement \u00e0 s\u00e9lectionner des agents d\u2019int\u00e9r\u00eats (i.e. r\u00e9sidus, extraits, acides, bact\u00e9ries <em>Pseudomonas <\/em>spp.) qui seront prometteurs pour le d\u00e9veloppement d\u2019un produit contre la gale commune. La s\u00e9lection sera possible gr\u00e2ce \u00e0 des essais <em>in vitro<\/em> visant \u00e0 \u00e9valuer l\u2019efficacit\u00e9 des agents \u00e0 inhiber la croissance des diff\u00e9rents pathog\u00e8nes causant la gale commune (<em>Streptomyces <\/em>spp.). Le chapitre 2, \u00e9galement r\u00e9alis\u00e9 en laboratoire, permettra d\u2019\u00e9valuer les effets de ces agents antibact\u00e9riens sur la quantit\u00e9 de <em>Streptomyces <\/em>spp. pathog\u00e8nes dans un sol de type agricole en conditions contr\u00f4l\u00e9es. Le chapitre 2 aura \u00e9galement comme objectif de d\u00e9velopper au moins une formulation (i.e. agents antibact\u00e9riens, dispersants, solubilisant) qui optimisera la r\u00e9duction de la quantit\u00e9 de <em>Streptomyces <\/em>spp. dans le sol. La ou les formulations les plus efficaces pourront \u00eatre test\u00e9s dans un cycle de production contr\u00f4l\u00e9 de pommes de terre en serres au chapitre 3. En effet, l\u2019objectif principal du Chapitre 3 sera d\u2019\u00e9valuer l\u2019effet des formulations les plus efficaces d\u00e9velopp\u00e9es en laboratoire sur les sympt\u00f4mes de la gale commune. Il s\u2019agira \u00e9galement d\u2019\u00e9valuer les effets sur la croissance et le d\u00e9veloppement des plants de pommes de terre et d\u2019\u00e9valuer, en parall\u00e8le, les effets de ces formulations sur l\u2019environnement. Le chapitre 4 sera d\u00e9di\u00e9 aux essais des formulations les plus efficaces des essais en serres dans une culture de pommes de terre en champs afin d\u2019\u00e9valuer leurs effets sur les sympt\u00f4mes de la gale commune et sur les volumes de pommes de terre r\u00e9colt\u00e9s. Cette \u00e9tude pourrait permettre de proposer un nouveau moyen de contr\u00f4ler la gale commune sur les pommes de terre. Le projet sera \u00e9valu\u00e9 par le Comit\u00e9 de gestion des risques biologiques de l\u2019Universit\u00e9 du Qu\u00e9bec \u00e0 Chicoutimi.\u00a0Le projet de ma\u00eetrise \u00e0 St\u00e9phanie a fait l\u2019objet d\u2019un reportage t\u00e9l\u00e9vis\u00e9 \u00e0 l\u2019\u00e9mission La Semaine Verte \u00e0 Radio-Canada en Novembre 2020. Pour visionner le reportage\u00a0: <a href=\"https:\/\/www.youtube.com\/watch?v=0aiAd4v37c0\">https:\/\/www.youtube.com\/watch?v=0aiAd4v37c0<\/a><\/p>\n<h3 style=\"text-align: center\"><strong>Genevi\u00e8ve Telmosse<br \/>\n<\/strong><\/h3>\n<p style=\"text-align: center\"><a href=\"https:\/\/portfolio.uqac.ca\/maximepare\/files\/2015\/06\/Genevi\u00e8ve-Telmosse_1.jpg\"><img loading=\"lazy\" decoding=\"async\" class=\"alignnone size-medium wp-image-223\" src=\"https:\/\/portfolio.uqac.ca\/maximepare\/files\/2015\/06\/Genevi\u00e8ve-Telmosse_1-300x225.jpg\" alt=\"\" width=\"300\" height=\"225\" srcset=\"https:\/\/portfolio.uqac.ca\/maximepare\/files\/2015\/06\/Genevi\u00e8ve-Telmosse_1-300x225.jpg 300w, https:\/\/portfolio.uqac.ca\/maximepare\/files\/2015\/06\/Genevi\u00e8ve-Telmosse_1-768x576.jpg 768w, https:\/\/portfolio.uqac.ca\/maximepare\/files\/2015\/06\/Genevi\u00e8ve-Telmosse_1-1024x768.jpg 1024w\" sizes=\"(max-width: 300px) 100vw, 300px\" \/><\/a><\/p>\n<ul>\n<li>Programme : Ma\u00eetrise en ressources renouvelables (UQAC)<\/li>\n<li>D\u00e9but : \u00c9t\u00e9 2020. Genevi\u00e8ve est maintenant \u00e0 l\u2019emploi \u00e0 titre de chercheure chez Agriculture et Agroalimentaire Canada \u00e0 Normandin. Elle termine donc son projet de ma\u00eetrise \u00e0 temps partiel.<\/li>\n<li>Titre : Abondance et croissance des champignons saprophytes\u00a0et \u00e0 mycorhizes \u00e9rico\u00efdes sous culture de bleuets sauvages\u00a0soumise \u00e0 des applications de fertilisants et de fongicides.<\/li>\n<li>Co-direction\u00a0: Pierre-Luc Chagnon (Universit\u00e9 de Montr\u00e9al)<\/li>\n<\/ul>\n<p>Description\u00a0: Le Qu\u00e9bec est un des plus grands producteurs de bleuet sauvage (<em>Vaccinium angustifolium<\/em> Ait.) au monde. Comme le bleuet sauvage prolif\u00e8re dans un milieu infertile et pauvre en nutriments, les champignons saprophytes et les champignons \u00e0 mycorhizes \u00e9rico\u00efdes sont indispensables \u00e0 son d\u00e9veloppement et \u00e0 sa productivit\u00e9 en transformant la mati\u00e8re organique en \u00e9l\u00e9ments nutritifs mais aussi en tant que symbiotes, dans le cas du deuxi\u00e8me type de champignons. Actuellement, les applications de fertilisants et de fongicides sont courantes dans les bleueti\u00e8res commerciales, mais leurs impacts sur la flore mycologique du sol demeurent inconnus. Ce projet de recherche vise \u00e0 \u00e9valuer les cons\u00e9quences de ces pratiques sur l\u2019abondance et la croissance des champignons pr\u00e9sents dans les bleueti\u00e8res commerciales. Les conclusions obtenues permettront de d\u00e9terminer des pratiques agricoles qui favoriseront la productivit\u00e9 du bleuet sauvage tout en pr\u00e9servant les conditions essentielles \u00e0 son d\u00e9veloppement et serviront \u00e0 bonifier les mod\u00e8les de production.<\/p>\n<hr \/>\n<h1 style=\"text-align: center\"><strong>Professionnelle<\/strong><\/h1>\n<h3 style=\"text-align: center\"><strong>Catherine Tremblay<\/strong><\/h3>\n<p style=\"text-align: center\"><a href=\"https:\/\/portfolio.uqac.ca\/maximepare\/files\/2015\/06\/Tremblay_2.jpg\"><img loading=\"lazy\" decoding=\"async\" class=\"alignnone size-medium wp-image-224\" src=\"https:\/\/portfolio.uqac.ca\/maximepare\/files\/2015\/06\/Tremblay_2-300x200.jpg\" alt=\"\" width=\"300\" height=\"200\" srcset=\"https:\/\/portfolio.uqac.ca\/maximepare\/files\/2015\/06\/Tremblay_2-300x200.jpg 300w, https:\/\/portfolio.uqac.ca\/maximepare\/files\/2015\/06\/Tremblay_2-768x512.jpg 768w, https:\/\/portfolio.uqac.ca\/maximepare\/files\/2015\/06\/Tremblay_2.jpg 960w\" sizes=\"(max-width: 300px) 100vw, 300px\" \/><\/a><\/p>\n<p>Depuis l\u2019obtention de son dipl\u00f4me de 2<sup>e<\/sup> cycle, Catherine s\u2019implique \u00e0 titre de professionnelle dans notre groupe de recherche. Catherine participe notamment \u00e0 la r\u00e9alisation des diff\u00e9rents projets de recherche sur le terrain dans plusieurs domaines tels que la pomme de terre de semence, la camerise et le bleuet sauvage. En plus de son implication en recherche, Catherine enseigne \u00e9galement quelques cours dans le programme \u00ab\u00a0Exploitation d\u2019un Verger Nordique\u00a0\u00bb au Coll\u00e8ge d\u2019Alma.<\/p>\n<hr \/>\n<h1 style=\"text-align: center\"><strong><em>Alumni<\/em><\/strong><\/h1>\n<h3><strong>Charles Marty<br \/>\n<\/strong><\/h3>\n<ul>\n<li>Programme : Stagiaire Post-Doctoral, Avril 2018-19.<\/li>\n<li>Charles a travaill\u00e9 sur plusieurs sujets reli\u00e9s au cycle de l\u2019azote dans les sols ainsi que sur la qualit\u00e9 de la mati\u00e8re organique des sols forestiers en for\u00eat bor\u00e9ale. Son travail a r\u00e9sult\u00e9 en plusieurs publications scientifiques publi\u00e9es dans des revues savantes.<\/li>\n<\/ul>\n<h3><strong>Jos\u00e9e-Anne L\u00e9vesque<br \/>\n<\/strong><\/h3>\n<ul>\n<li>Programme : Ma\u00eetrise en ressources renouvelables (UQAC)<\/li>\n<li>Titre : Compr\u00e9hension de l\u2019\u00e9cologie du bleuet nain (<em>Vaccinium Angustifolium<\/em> Ait.) cultiv\u00e9 pour am\u00e9liorer sa production au Saguenay-Lac-Saint-Jean.<\/li>\n<li>Co-direction\u00a0: Robert Bradley (Universit\u00e9 de Sherbrooke)<\/li>\n<li>Description\u00a0: <a href=\"https:\/\/constellation.uqac.ca\/5060\/\">https:\/\/constellation.uqac.ca\/5060\/<\/a><\/li>\n<\/ul>\n<h3><strong>Catherine Tremblay<\/strong><\/h3>\n<ul>\n<li>Programme : Ma\u00eetrise en ressources renouvelables (UQAC)<\/li>\n<li>Titre : Conditions \u00e9daphiques optimales pour l\u2019implantation d\u2019un verger de camerisiers : la gestion du pH et de la fertilisation azot\u00e9e.<\/li>\n<li>Co-direction\u00a0: Annie Deslauriers (UQAC)<\/li>\n<li>Description\u00a0: <a href=\"https:\/\/constellation.uqac.ca\/4453\/\">https:\/\/constellation.uqac.ca\/4453\/<\/a><\/li>\n<\/ul>\n<h3><strong>M\u00e9lanie Aubin<\/strong><\/h3>\n<ul>\n<li>Programme : Ma\u00eetrise en ressources renouvelables (UQAC)<\/li>\n<li>Titre : D\u00e9termination de la densit\u00e9 optimale pour la s\u00e9paration des fractions organiques et min\u00e9rales des s\u00e9diments lacustres nordiques dans la perspective d&#8217;\u00e9tudier les phases cumulatives des m\u00e9taux.<\/li>\n<li>Co-direction\u00a0: Diane Saint-Laurent (UQTR)<\/li>\n<li>Description\u00a0: <a href=\"https:\/\/constellation.uqac.ca\/4537\/\">https:\/\/constellation.uqac.ca\/4537\/<\/a><\/li>\n<\/ul>\n<h3><strong>\u00a0<\/strong><strong>Xavier Plante<\/strong><\/h3>\n<ul>\n<li>Programme : Ma\u00eetrise en ressources renouvelables (UQAC)<\/li>\n<li>Titre : Effet des pratiques agricoles sur la min\u00e9ralisation brute de l\u2019azote et de la d\u00e9composition de la liti\u00e8re dans une argile limoneuse de la r\u00e9gion du Lac-Saint-Jean.<\/li>\n<li>Co-direction\u00a0: Jean Lafond (Agriculture et Agroalimentaire Canada)<\/li>\n<li>Description\u00a0: <a href=\"https:\/\/constellation.uqac.ca\/4698\/\">https:\/\/constellation.uqac.ca\/4698\/<\/a><\/li>\n<\/ul>\n<h3><strong>Joanie Piquette<\/strong><\/h3>\n<ul>\n<li>Programme : Ma\u00eetrise en ressources renouvelables (UQAC)<\/li>\n<li>Titre : R\u00e9ponse \u00e0 moyen terme de la min\u00e9ralisation de l\u2019azote \u00e0 l\u2019augmentation des d\u00e9positions d\u2019azote et de la temp\u00e9rature du sol en for\u00eat bor\u00e9ale.<\/li>\n<li>Co-directions\u00a0: Hubert Morin (UQAC) et Nelson Thiffault (MFFP)<\/li>\n<li>Description\u00a0: <a href=\"https:\/\/constellation.uqac.ca\/4532\/\">https:\/\/constellation.uqac.ca\/4532\/<\/a><\/li>\n<\/ul>\n","protected":false},"excerpt":{"rendered":"<p>&nbsp; \u00c9tudiants(es) sous ma direction Kasandra Bradette Programme : Ma\u00eetrise en ressources renouvelables (UQAC) D\u00e9but : Automne 2021 Titre : Vers l\u2019int\u00e9gration d\u2018innovations technologiques pour assurer la durabilit\u00e9 de production de plants forestiers \u00e0 une \u00e9chelle op\u00e9rationnelle en p\u00e9pini\u00e8re. Co-directions\u00a0: Charles Marty (UQAC) et Mohammed Lahmammedi (MFFP) Description\u00a0: Au Qu\u00e9bec, pr\u00e8s de 130 millions de &hellip; <a href=\"https:\/\/portfolio.uqac.ca\/maximepare\/equipe-de-recherche\/\" class=\"more-link\">Continuer la lecture de <span class=\"screen-reader-text\">\u00c9quipe de recherche<\/span>  <span class=\"meta-nav\">&rarr;<\/span><\/a><\/p>\n","protected":false},"author":126,"featured_media":0,"parent":0,"menu_order":0,"comment_status":"closed","ping_status":"closed","template":"","meta":{"footnotes":""},"tags":[],"_links":{"self":[{"href":"https:\/\/portfolio.uqac.ca\/maximepare\/wp-json\/wp\/v2\/pages\/113"}],"collection":[{"href":"https:\/\/portfolio.uqac.ca\/maximepare\/wp-json\/wp\/v2\/pages"}],"about":[{"href":"https:\/\/portfolio.uqac.ca\/maximepare\/wp-json\/wp\/v2\/types\/page"}],"author":[{"embeddable":true,"href":"https:\/\/portfolio.uqac.ca\/maximepare\/wp-json\/wp\/v2\/users\/126"}],"replies":[{"embeddable":true,"href":"https:\/\/portfolio.uqac.ca\/maximepare\/wp-json\/wp\/v2\/comments?post=113"}],"version-history":[{"count":31,"href":"https:\/\/portfolio.uqac.ca\/maximepare\/wp-json\/wp\/v2\/pages\/113\/revisions"}],"predecessor-version":[{"id":259,"href":"https:\/\/portfolio.uqac.ca\/maximepare\/wp-json\/wp\/v2\/pages\/113\/revisions\/259"}],"wp:attachment":[{"href":"https:\/\/portfolio.uqac.ca\/maximepare\/wp-json\/wp\/v2\/media?parent=113"}],"wp:term":[{"taxonomy":"post_tag","embeddable":true,"href":"https:\/\/portfolio.uqac.ca\/maximepare\/wp-json\/wp\/v2\/tags?post=113"}],"curies":[{"name":"wp","href":"https:\/\/api.w.org\/{rel}","templated":true}]}}