{"id":18,"date":"2012-07-23T20:05:15","date_gmt":"2012-07-23T20:05:15","guid":{"rendered":"http:\/\/portfolio-pre.uqac.ca\/gabarit\/?page_id=18"},"modified":"2020-03-21T21:31:25","modified_gmt":"2020-03-22T01:31:25","slug":"enseignement","status":"publish","type":"page","link":"https:\/\/portfolio.uqac.ca\/maximepare\/enseignement\/","title":{"rendered":"Enseignement \/ Teaching"},"content":{"rendered":"<h3><strong>Responsable du cours \/ <em>Main Teacher<\/em><\/strong><\/h3>\n<ul>\n<li>Agro\u00e9cosyst\u00e8mes bor\u00e9aux \u2013 <a href=\"https:\/\/cours.uqac.ca\/1AGB302\">1AGB302<\/a><\/li>\n<li>Histoire des sciences et d\u00e9marche scientifique \u2013 <a href=\"https:\/\/cours.uqac.ca\/1HSD120\">1HSD120<\/a><\/li>\n<li>Interactions sol-\u00e9cosyst\u00e8mes \u2013 <a href=\"https:\/\/cours.uqac.ca\/1ISE320\">1ISE320<\/a><\/li>\n<\/ul>\n<h3><strong>En \u00e9quipe \/ <em>Team Teaching<\/em><\/strong><\/h3>\n<ul>\n<li>\u00c9tudes biologiques sur le terrain \u2013 <a href=\"https:\/\/cours.uqac.ca\/1EBT316\">1EBT316<\/a><\/li>\n<li>Gestion de la faune et des habitats \u2013 <a href=\"https:\/\/cours.uqac.ca\/1GFH318\">1GFH318 <\/a><\/li>\n<li>Techniques d\u2019analyse en \u00e9cologie \u2013 <a href=\"https:\/\/cours.uqac.ca\/1TAE324\">1TAE324<\/a><\/li>\n<\/ul>\n","protected":false},"excerpt":{"rendered":"<p>Responsable du cours \/ Main Teacher Agro\u00e9cosyst\u00e8mes bor\u00e9aux \u2013 1AGB302 Histoire des sciences et d\u00e9marche scientifique \u2013 1HSD120 Interactions sol-\u00e9cosyst\u00e8mes \u2013 1ISE320 En \u00e9quipe \/ Team Teaching \u00c9tudes biologiques sur le terrain \u2013 1EBT316 Gestion de la faune et des habitats \u2013 1GFH318 Techniques d\u2019analyse en \u00e9cologie \u2013 1TAE324<\/p>\n","protected":false},"author":61,"featured_media":0,"parent":0,"menu_order":0,"comment_status":"closed","ping_status":"closed","template":"","meta":{"footnotes":""},"tags":[],"_links":{"self":[{"href":"https:\/\/portfolio.uqac.ca\/maximepare\/wp-json\/wp\/v2\/pages\/18"}],"collection":[{"href":"https:\/\/portfolio.uqac.ca\/maximepare\/wp-json\/wp\/v2\/pages"}],"about":[{"href":"https:\/\/portfolio.uqac.ca\/maximepare\/wp-json\/wp\/v2\/types\/page"}],"author":[{"embeddable":true,"href":"https:\/\/portfolio.uqac.ca\/maximepare\/wp-json\/wp\/v2\/users\/61"}],"replies":[{"embeddable":true,"href":"https:\/\/portfolio.uqac.ca\/maximepare\/wp-json\/wp\/v2\/comments?post=18"}],"version-history":[{"count":11,"href":"https:\/\/portfolio.uqac.ca\/maximepare\/wp-json\/wp\/v2\/pages\/18\/revisions"}],"predecessor-version":[{"id":238,"href":"https:\/\/portfolio.uqac.ca\/maximepare\/wp-json\/wp\/v2\/pages\/18\/revisions\/238"}],"wp:attachment":[{"href":"https:\/\/portfolio.uqac.ca\/maximepare\/wp-json\/wp\/v2\/media?parent=18"}],"wp:term":[{"taxonomy":"post_tag","embeddable":true,"href":"https:\/\/portfolio.uqac.ca\/maximepare\/wp-json\/wp\/v2\/tags?post=18"}],"curies":[{"name":"wp","href":"https:\/\/api.w.org\/{rel}","templated":true}]}}