{"id":192,"date":"2016-12-16T21:26:16","date_gmt":"2016-12-17T02:26:16","guid":{"rendered":"http:\/\/portfolio-pre.uqac.ca\/maximepare\/?page_id=192"},"modified":"2020-03-20T15:36:03","modified_gmt":"2020-03-20T19:36:03","slug":"offres-opportunities","status":"publish","type":"page","link":"https:\/\/portfolio.uqac.ca\/maximepare\/offres-opportunities\/","title":{"rendered":"Offres \/ Opportunities"},"content":{"rendered":"<p>J&#8217;ai quelques possibilit\u00e9s de projets \u00e0 la ma\u00eetrise et au doctorat \u00e0 combler. J&#8217;invite les \u00e9tudiants(es) motiv\u00e9s(es) \u00e0 travailler et \u00e0 \u00e9tudier dans les domaines de l&#8217;agriculture nordique et de la science du sol \u00e0\u00a0me contacter par courriel. Prenez toutefois note qu&#8217;une lettre de motivation ainsi qu&#8217;un <em>curriculum vitae<\/em> vous seront demand\u00e9s.<\/p>\n","protected":false},"excerpt":{"rendered":"<p>J&#8217;ai quelques possibilit\u00e9s de projets \u00e0 la ma\u00eetrise et au doctorat \u00e0 combler. J&#8217;invite les \u00e9tudiants(es) motiv\u00e9s(es) \u00e0 travailler et \u00e0 \u00e9tudier dans les domaines de l&#8217;agriculture nordique et de la science du sol \u00e0\u00a0me contacter par courriel. Prenez toutefois note qu&#8217;une lettre de motivation ainsi qu&#8217;un curriculum vitae vous seront demand\u00e9s.<\/p>\n","protected":false},"author":126,"featured_media":0,"parent":0,"menu_order":0,"comment_status":"closed","ping_status":"closed","template":"","meta":{"footnotes":""},"tags":[],"_links":{"self":[{"href":"https:\/\/portfolio.uqac.ca\/maximepare\/wp-json\/wp\/v2\/pages\/192"}],"collection":[{"href":"https:\/\/portfolio.uqac.ca\/maximepare\/wp-json\/wp\/v2\/pages"}],"about":[{"href":"https:\/\/portfolio.uqac.ca\/maximepare\/wp-json\/wp\/v2\/types\/page"}],"author":[{"embeddable":true,"href":"https:\/\/portfolio.uqac.ca\/maximepare\/wp-json\/wp\/v2\/users\/126"}],"replies":[{"embeddable":true,"href":"https:\/\/portfolio.uqac.ca\/maximepare\/wp-json\/wp\/v2\/comments?post=192"}],"version-history":[{"count":6,"href":"https:\/\/portfolio.uqac.ca\/maximepare\/wp-json\/wp\/v2\/pages\/192\/revisions"}],"predecessor-version":[{"id":221,"href":"https:\/\/portfolio.uqac.ca\/maximepare\/wp-json\/wp\/v2\/pages\/192\/revisions\/221"}],"wp:attachment":[{"href":"https:\/\/portfolio.uqac.ca\/maximepare\/wp-json\/wp\/v2\/media?parent=192"}],"wp:term":[{"taxonomy":"post_tag","embeddable":true,"href":"https:\/\/portfolio.uqac.ca\/maximepare\/wp-json\/wp\/v2\/tags?post=192"}],"curies":[{"name":"wp","href":"https:\/\/api.w.org\/{rel}","templated":true}]}}