{"id":18,"date":"2019-07-04T09:15:04","date_gmt":"2019-07-04T13:15:04","guid":{"rendered":"http:\/\/portfolio-pre.uqac.ca\/gabarit\/?page_id=18"},"modified":"2019-07-31T08:25:48","modified_gmt":"2019-07-31T12:25:48","slug":"enseignement","status":"publish","type":"page","link":"https:\/\/portfolio.uqac.ca\/melissalavoie\/enseignement\/","title":{"rendered":"Enseignement"},"content":{"rendered":"<p>Aux baccalaur\u00e9ats en sciences infirmi\u00e8res (<a href=\"https:\/\/www.uqac.ca\/programme\/7450\/\">7450<\/a> &#8211;<a href=\"https:\/\/www.uqac.ca\/programme\/7452\/\">7452<\/a> &#8211; <a href=\"https:\/\/www.uqac.ca\/programme\/7453\">7453<\/a>) :<\/p>\n<ul>\n<li><a href=\"https:\/\/cours.uqac.ca\/ssoi107\">SSOI107 : Introduction aux programmes en sciences infirmi\u00e8res <\/a><\/li>\n<li><span style=\"line-height: 1.5;\"><a href=\"https:\/\/cours.uqac.ca\/ssoi318\">SSOI318 : \u00c9ducation \u00e0 la sant\u00e9 et approche interculturelle<\/a><br \/>\n<\/span><\/li>\n<li><a href=\"https:\/\/cours.uqac.ca\/SSOI337\">SSOI337 : Pratique infirmi\u00e8re en r\u00e9adaptation<\/a><\/li>\n<li><a href=\"https:\/\/cours.uqac.ca\/SSOI409\">SSOI409 :\u00a0 Pratique infirmi\u00e8re et collectivit\u00e9<\/a><\/li>\n<\/ul>\n<p>\u00c0 la ma\u00eetrise en sciences infirmi\u00e8res (<a href=\"https:\/\/www.uqac.ca\/programme\/2210\">2210<\/a> &#8211; <a href=\"https:\/\/www.uqac.ca\/programme\/3576\/\">3576<\/a>) :<\/p>\n<ul>\n<li>\n<div>\n<div>\u00a0<a href=\"https:\/\/cours.uqac.ca\/MSI6153S\"><span class=\"noprog\"><span class=\"noprog\">MSI6153S : <\/span><\/span>D\u00e9veloppement, implantation et \u00e9valuation de programme<\/a><\/div>\n<div><\/div>\n<\/div>\n<\/li>\n<li><span class=\"noprog\"><a href=\"https:\/\/cours.uqac.ca\/MSI6173S\">MSI6173S : Recherche en sciences infirmi\u00e8res<\/a><\/span><\/li>\n<li>\n<div id=\"texte\"><a href=\"https:\/\/cours.uqac.ca\/MSI6302S\">\u00a0<span class=\"noprog\">MSI6302S<\/span> : Interventions \u00e9ducatives en sant\u00e9<\/a><\/div>\n<\/li>\n<\/ul>\n","protected":false},"excerpt":{"rendered":"<p>Aux baccalaur\u00e9ats en sciences infirmi\u00e8res (7450 &#8211;7452 &#8211; 7453) : SSOI107 : Introduction aux programmes en sciences infirmi\u00e8res SSOI318 : \u00c9ducation \u00e0 la sant\u00e9 et approche interculturelle SSOI337 : Pratique infirmi\u00e8re en r\u00e9adaptation SSOI409 :\u00a0 Pratique infirmi\u00e8re et collectivit\u00e9 \u00c0 la ma\u00eetrise en sciences infirmi\u00e8res (2210 &#8211; 3576) : \u00a0MSI6153S : D\u00e9veloppement, implantation et \u00e9valuation &hellip; <a href=\"https:\/\/portfolio.uqac.ca\/melissalavoie\/enseignement\/\" class=\"more-link\">Continuer la lecture de <span class=\"screen-reader-text\">Enseignement<\/span>  <span class=\"meta-nav\">&rarr;<\/span><\/a><\/p>\n","protected":false},"author":147,"featured_media":0,"parent":0,"menu_order":0,"comment_status":"closed","ping_status":"closed","template":"","meta":{"footnotes":""},"tags":[],"_links":{"self":[{"href":"https:\/\/portfolio.uqac.ca\/melissalavoie\/wp-json\/wp\/v2\/pages\/18"}],"collection":[{"href":"https:\/\/portfolio.uqac.ca\/melissalavoie\/wp-json\/wp\/v2\/pages"}],"about":[{"href":"https:\/\/portfolio.uqac.ca\/melissalavoie\/wp-json\/wp\/v2\/types\/page"}],"author":[{"embeddable":true,"href":"https:\/\/portfolio.uqac.ca\/melissalavoie\/wp-json\/wp\/v2\/users\/147"}],"replies":[{"embeddable":true,"href":"https:\/\/portfolio.uqac.ca\/melissalavoie\/wp-json\/wp\/v2\/comments?post=18"}],"version-history":[{"count":9,"href":"https:\/\/portfolio.uqac.ca\/melissalavoie\/wp-json\/wp\/v2\/pages\/18\/revisions"}],"predecessor-version":[{"id":218,"href":"https:\/\/portfolio.uqac.ca\/melissalavoie\/wp-json\/wp\/v2\/pages\/18\/revisions\/218"}],"wp:attachment":[{"href":"https:\/\/portfolio.uqac.ca\/melissalavoie\/wp-json\/wp\/v2\/media?parent=18"}],"wp:term":[{"taxonomy":"post_tag","embeddable":true,"href":"https:\/\/portfolio.uqac.ca\/melissalavoie\/wp-json\/wp\/v2\/tags?post=18"}],"curies":[{"name":"wp","href":"https:\/\/api.w.org\/{rel}","templated":true}]}}