{"id":198,"date":"2020-03-04T08:27:40","date_gmt":"2020-03-04T13:27:40","guid":{"rendered":"http:\/\/portfolio-pre.uqac.ca\/michaellachance\/?page_id=198"},"modified":"2020-03-04T08:27:40","modified_gmt":"2020-03-04T13:27:40","slug":"livres","status":"publish","type":"page","link":"https:\/\/portfolio.uqac.ca\/michaellachance\/livres\/","title":{"rendered":"Livres"},"content":{"rendered":"<h1>2018<\/h1>\n<p>Nous tournons dans la nuit. IN GIRUM IMUS NOCTE. La po\u00e9sie et le d\u00e9fi de l&#8217;infini de Giordano Bruno \u00e0 la m\u00e9canique quantique, avec \u00ab La vall\u00e9e de l&#8217;\u00e9tonnement \u00bb, Pr\u00e9face de Basarab Nicolescu, Presses de l&#8217;Universit\u00e9 Laval, coll. \u00ab Intercultures \u00bb, 236 p. Version remani\u00e9e d&#8217;une \u00e9dition pr\u00e9c\u00e9dente : Chicoutimi, \u00c9ditions Interritoires, 2015, 230 p.<\/p>\n<h1>2017<\/h1>\n<p>Les Nouvelles fables de Fountain, 1917-2017 (avec des annotations d&#8217;Andr\u00e9 Gervais), Les \u00c9ditions Intervention, Qu\u00e9bec, 72 p.<\/p>\n<h1>2016<\/h1>\n<p>Les bruits et les feux de l\u2019Ouiatchouan. Les arch\u00e9ologies po\u00e9tiques de Richard Robertson (avec Richard Robertson), Chicoutimi, Editions Interritoires, 70 p.<\/p>\n<h1>2012<\/h1>\n<p>La disparition des abeilles et des glaciers. Appel pour un moratoire po\u00e9tique et r\u00e9flexion sur la minorit\u00e9 cr\u00e9atrice, la saturation des images et la plasticit\u00e9 de l&#8217;\u00e9criture, Les \u00c9ditions Intervention, Qu\u00e9bec, 24 p. [Fascicule ins\u00e9r\u00e9 Inter Art Actuel, no. 110]<\/p>\n<h1>2007<\/h1>\n<p>\u0152uvres-bombes et bioterreur, L\u2019art au temps des bombes, Qu\u00e9bec et Paris, Inter \u00c9diteur et Productions New Al Dante, ill. 201 p.<\/p>\n<h1>2006<\/h1>\n<p>Paroxysmes. La parole hyperbolique, Montr\u00e9al, VLB, coll. \u00ab\u2009Le Soi et l\u2019autre\u2009\u00bb, 150 p. (r\u00e9\u00e9d.).<\/p>\n<p>Capture totale. Matrix, mythologie de la cyberculture, Qu\u00e9bec, Presses de l\u2019Universit\u00e9 Laval, coll. \u00ab Intercultures \u00bb, 200\u2009p. Consulter Capture totale sur Google books<\/p>\n<h1>2005<\/h1>\n<p>Frontalit\u00e9s. Censure et provocation dans la photographie contemporaine, Montr\u00e9al, VLB, coll. \u00ab\u2009Le Soi et l\u2019autre\u2009\u00bb, 220\u2009p.<\/p>\n<h1>2003<\/h1>\n<p>La culture Atlantide, Montr\u00e9al, Fides, coll. \u00ab\u2009M\u00e9tissages\u2009\u00bb, 182\u2009p.<\/p>\n<p>Paroxysmes. La parole hyperbolique, Montr\u00e9al, Trait d\u2019union, coll. \u00ab\u2009Le Soi et l\u2019autre\u2009\u00bb, 2003, 152\u2009p.<\/p>\n<h1>2001<\/h1>\n<p>Les penseurs de fer, Les sir\u00e8nes de la cyberculture, Montr\u00e9al, Trait d\u2019union, coll. \u00ab\u2009Spirale\u2009\u00bb, 218\u2009p.<\/p>\n<h1>1994<\/h1>\n<p>Beckett. Entre le refus de l\u2019art et le parcours mystique (avec Georges Godin), Montr\u00e9al et Paris, Hurtubise HMH &amp; Castor Astral, coll. \u00ab L\u2019atelier des modernes \u00bb, 152 p.<\/p>\n","protected":false},"excerpt":{"rendered":"<p>2018 Nous tournons dans la nuit. IN GIRUM IMUS NOCTE. La po\u00e9sie et le d\u00e9fi de l&#8217;infini de Giordano Bruno \u00e0 la m\u00e9canique quantique, avec \u00ab La vall\u00e9e de l&#8217;\u00e9tonnement \u00bb, Pr\u00e9face de Basarab Nicolescu, Presses de l&#8217;Universit\u00e9 Laval, coll. \u00ab Intercultures \u00bb, 236 p. Version remani\u00e9e d&#8217;une \u00e9dition pr\u00e9c\u00e9dente : Chicoutimi, \u00c9ditions Interritoires, 2015, &hellip; <a href=\"https:\/\/portfolio.uqac.ca\/michaellachance\/livres\/\" class=\"more-link\">Continuer la lecture de <span class=\"screen-reader-text\">Livres<\/span>  <span class=\"meta-nav\">&rarr;<\/span><\/a><\/p>\n","protected":false},"author":256,"featured_media":0,"parent":0,"menu_order":0,"comment_status":"closed","ping_status":"closed","template":"","meta":{"footnotes":""},"tags":[],"_links":{"self":[{"href":"https:\/\/portfolio.uqac.ca\/michaellachance\/wp-json\/wp\/v2\/pages\/198"}],"collection":[{"href":"https:\/\/portfolio.uqac.ca\/michaellachance\/wp-json\/wp\/v2\/pages"}],"about":[{"href":"https:\/\/portfolio.uqac.ca\/michaellachance\/wp-json\/wp\/v2\/types\/page"}],"author":[{"embeddable":true,"href":"https:\/\/portfolio.uqac.ca\/michaellachance\/wp-json\/wp\/v2\/users\/256"}],"replies":[{"embeddable":true,"href":"https:\/\/portfolio.uqac.ca\/michaellachance\/wp-json\/wp\/v2\/comments?post=198"}],"version-history":[{"count":1,"href":"https:\/\/portfolio.uqac.ca\/michaellachance\/wp-json\/wp\/v2\/pages\/198\/revisions"}],"predecessor-version":[{"id":199,"href":"https:\/\/portfolio.uqac.ca\/michaellachance\/wp-json\/wp\/v2\/pages\/198\/revisions\/199"}],"wp:attachment":[{"href":"https:\/\/portfolio.uqac.ca\/michaellachance\/wp-json\/wp\/v2\/media?parent=198"}],"wp:term":[{"taxonomy":"post_tag","embeddable":true,"href":"https:\/\/portfolio.uqac.ca\/michaellachance\/wp-json\/wp\/v2\/tags?post=198"}],"curies":[{"name":"wp","href":"https:\/\/api.w.org\/{rel}","templated":true}]}}