{"id":109,"date":"2014-11-11T10:48:36","date_gmt":"2014-11-11T15:48:36","guid":{"rendered":"http:\/\/portfolio-pre.uqac.ca\/michelperron\/?page_id=109"},"modified":"2015-03-17T13:44:30","modified_gmt":"2015-03-17T17:44:30","slug":"subventions","status":"publish","type":"page","link":"https:\/\/portfolio.uqac.ca\/michelperron\/subventions\/","title":{"rendered":"Subventions"},"content":{"rendered":"<h2>Subventions obtenues<\/h2>\n<h6>Projet CartoJeunes<\/h6>\n<p>Fondation Lucie et Andr\u00e9 Chagnon<br \/>\n600 000\u00a0$ de 01\/2013 \u00e0 04\/2015<br \/>\nSubvention obtenue en groupe (6 personnes); nature de ma participation\u00a0: chercheur principal<\/p>\n<h6>Projet Monitorage sociog\u00e9ographique des indicateurs scolaires postsecondaires\u00a0: un partenariat UQAC-C\u00e9gep de Jonqui\u00e8re<\/h6>\n<p>Minist\u00e8re de l\u2019\u00c9ducation, du Loisir et du Sport (MELS)110 750\u00a0$ de 05\/2013 \u00e0 04\/2014<br \/>\n110 750\u00a0$ de 05\/2014 \u00e0 04\/2015<br \/>\n110 750\u00a0$ de 05\/2012 \u00e0 04\/2013<br \/>\nSubvention obtenue en groupe (6 personnes); nature de ma participation\u00a0: cheurcheur principal<\/p>\n<h6>Projet Pers\u00e9v\u00e9rance scolaire et innovation\u00a0: pilotage de la coop\u00e9ration franco-qu\u00e9b\u00e9coise<\/h6>\n<p>Minist\u00e8re des Relations internationales du Qu\u00e9bec 8\u00a0300\u00a0$ de 05\/2012 \u00e0 04\/2013<br \/>\nSubvention obtenue en partenariat avec l\u2019Association nationale des acteurs de r\u00e9ussite \u00e9ducative (ANAR\u00c9) en France; nature de ma participation\u00a0: coordonnateur pour le Qu\u00e9bec<br \/>\n8\u00a0300\u00a0$ de 05\/2011 \u00e0 04\/2012<\/p>\n<h6>Enqu\u00eate populationnelle sur la g\u00e9n\u00e9tique communautaire et sur le projet-pilote d\u2019offre de tests de porteur pour quatre maladies h\u00e9r\u00e9ditaires r\u00e9cessives au Saguenay\u2013Lac-Saint-Jean<\/h6>\n<ul>\n<li>Fondation GO<\/li>\n<li>25\u00a0000 $ de 09\/2011 \u00e0 06\/2013<\/li>\n<li>Corporation de recherche et d&#8217;action sur les maladies h\u00e9r\u00e9ditaires (CORAMH)<\/li>\n<li>20\u00a0000 $ de 06\/2011 \u00e0 05\/2013<\/li>\n<li>Quatre associations de malades<\/li>\n<li>Subvention obtenue en groupe (5 personnes); chercheur principal\u00a0: Mme Suzanne Veillette; nature de ma participation\u00a0: cochercheur<\/li>\n<li>20\u00a0000 $ de 06\/2011 \u00e0 05\/2013<\/li>\n<\/ul>\n<h6>Motor, multisystemic and social participation assessment in myotonic dystrophy type 1\u00a0: a 9-year longitudinal study<\/h6>\n<ul>\n<li>Instituts de recherche en sant\u00e9 du Canada<\/li>\n<li>170 223\u00a0$ de 10\/2010 \u00e0 10\/2014<\/li>\n<li>Association canadienne de dystrophie musculaire<\/li>\n<li>32\u00a0378\u00a0$ de 10\/2010 \u00e0 10\/2011<\/li>\n<li>Soci\u00e9t\u00e9 canadienne de scl\u00e9rose lat\u00e9rale amyotrophiqueSubvention obtenue en groupe (15 personnes); chercheur principal\u00a0: Dr Jean Mathieu et Mme Cynthia Gagnon; nature de ma participation\u00a0: cochercheur<\/li>\n<li>44\u00a0206\u00a0$ de 10\/2010 \u00e0 10\/2011<\/li>\n<\/ul>\n<h6>Les parcours \u00e9tudiants dans l\u2019enseignement postsecondaire<\/h6>\n<ul>\n<li>Conseil de recherche en sciences humaines du Canada \u2013 Subventions ordinaires de rechercheSubvention obtenue en groupe (7 personnes); chercheur principal\u00a0: M. Pierre Doray; nature de ma participation\u00a0: cochercheur et responsable local<\/li>\n<li>\u00a0110\u00a0386\u00a0$ de 10\/2010 \u00e0 10\/2014<br \/>\n<h6><\/h6>\n<\/li>\n<\/ul>\n<h6>Parcours \u00e9tudiants dans l\u2019enseignement sup\u00e9rieur qu\u00e9b\u00e9cois\u00a0: analyse du syst\u00e8me de production des donn\u00e9es statistiques et constitution de bases de donn\u00e9es originales<\/h6>\n<ul>\n<li>Fonds de recherche sur la soci\u00e9t\u00e9 et la culture du Qu\u00e9bec \u2013 Soutien aux \u00e9quipes de rechercheSubvention obtenue en groupe (5 personnes); chercheur principal\u00a0: M. Pierre Doray; nature de ma participation\u00a0: cochercheur<\/li>\n<li>\u00a0382\u00a0171\u00a0$ de 09\/2011 \u00e0 09\/2015<\/li>\n<\/ul>\n<h6>Conditions d\u2019exercice du travail et SST\u00a0: r\u00e9sultats d\u2019une enqu\u00eate interr\u00e9gionale aupr\u00e8s des jeunes du secondaire et du coll\u00e9gial<\/h6>\n<ul>\n<li>Recherche concert\u00e9e de l\u2019Institut de Recherche en Sant\u00e9 et en S\u00e9curit\u00e9 du Travail du Qu\u00e9bec; 167\u00a0594\u00a0$ de 09\/2010 \u00e0 08\/2012<\/li>\n<li>Subvention obtenue en groupe; chercheur principal\u00a0: M. Luc Laberge<\/li>\n<\/ul>\n<h6>Enqu\u00eate populationnelle sur la g\u00e9n\u00e9tique communautaire et sur le projet-pilote d\u2019offre de tests de porteur pour quatre maladies h\u00e9r\u00e9ditaires r\u00e9cessives au Saguenay\u2013Lac-Saint-Jean<\/h6>\n<ul>\n<li>Programme de subventions en sant\u00e9 publique du minist\u00e8re de la Sant\u00e9 et des Services sociaux; 20\u00a0000\u00a0$ de 09\/2009 \u00e0 12\/2010<\/li>\n<\/ul>\n<p>Subvention obtenue en groupe (5 personnes); chercheurs principaux\u00a0: M.-\u00c8. Blackburn et Dre Ann Bergeron; nature de ma participation\u00a0: cochercheur<\/p>\n<h6><strong>\u00a0<\/strong>D\u00e9veloppement et implantation de la Chaire UQAC\u2013C\u00e9gep de Jonqui\u00e8re sur les conditions de vie, la sant\u00e9 et les aspirations des jeunes (VISAJ)<\/h6>\n<ul>\n<li>Entente sp\u00e9cifique de r\u00e9gionalisation regroupant les organismes suivants\u00a0: minist\u00e8re de l\u2019\u00c9ducation, du Loisir et du Sport, minist\u00e8re des Affaires municipales, des R\u00e9gions et de l\u2019Occupation du territoire, Agence de la sant\u00e9 et des services sociaux du Saguenay\u2013Lac-Saint-Jean, Conf\u00e9rence r\u00e9gionale des \u00e9lus du Saguenay\u2013Lac-Saint-Jean, Universit\u00e9 du Qu\u00e9bec \u00e0 Chicoutimi, C\u00e9gep de Jonqui\u00e8re, Regroupement Action-Jeunesse 02, Fondation Asselin du C\u00e9gep de Jonqui\u00e8re, Ville de Saguenay et Fondation Lucie et Andr\u00e9 Chagnon.Subvention obtenue \u00e0 titre de titulaire; nature de ma participation\u00a0: chercheur principal<\/li>\n<li>\u00a02\u00a0771\u00a0382\u00a0$ de 08\/2008 \u00e0 08\/2014<\/li>\n<\/ul>\n<h6>Long-term Consequences of Prenatal Exposure to Maternal Cigarette Smoking (PEMCS) on Brain and Behaviour and Cardiovascular and Metabolic Health of the Adolescent Offspring<\/h6>\n<ul>\n<li>Subvention de fonctionnement des IRSCSubvention obtenue en groupe (11 personnes); chercheur principal\u00a0: MM. Daniel Gaudet et Tomas Paus; nature de ma participation\u00a0: cochercheur<\/li>\n<li>316\u00a0390\u00a0$ (base annuelle) de 07\/2007 \u00e0 06\/2012<\/li>\n<\/ul>\n<h6><strong>\u00a0<\/strong>CIHR team in community genetics (ECOGENE-21)<\/h6>\n<ul>\n<li>Instituts de recherche en sant\u00e9 du CanadaSubvention obtenue en groupe (5 personnes); chercheur principal\u00a0: Dr Daniel Gaudet; nature de ma participation\u00a0: cochercheur<\/li>\n<li>3\u00a0152 250\u00a0$ de 10\/2007 \u00e0 09\/2012<\/li>\n<\/ul>\n<p>&nbsp;<\/p>\n<h6>Enqu\u00eate interr\u00e9gionale 2008 aupr\u00e8s des jeunes du secondaire<\/h6>\n<ul>\n<li>Partenaires de la r\u00e9ussite \u00e9ducative des jeunes dans les LaurentidesSubvention obtenue en groupe (4 personnes); chercheur principal\u00a0: Mme Nadine Arbour; nature de ma participation\u00a0: cochercheur<\/li>\n<li>100\u00a0000\u00a0$ de 09\/2007 \u00e0 09\/2010<\/li>\n<\/ul>\n<p>&nbsp;<\/p>\n<h6>Enqu\u00eate interr\u00e9gionale 2008 aupr\u00e8s des jeunes du secondaire<\/h6>\n<ul>\n<li>Conf\u00e9rence r\u00e9gionale des \u00e9lus de la Capitale NationaleSubvention obtenue en groupe (4 personnes); chercheur principal\u00a0: Mme Nadine Arbour; nature de ma participation\u00a0: cochercheur<\/li>\n<li>80\u00a0000\u00a0$ de 09\/2007 \u00e0 09\/2010<\/li>\n<\/ul>\n<p>&nbsp;<\/p>\n<h6>Enqu\u00eate interr\u00e9gionale 2008 aupr\u00e8s des jeunes du secondaire<\/h6>\n<ul>\n<li>Fondation Lucie et Andr\u00e9 ChagnonSubvention obtenue en groupe (2 personnes); chercheur principal\u00a0: Mme Nadine Arbour; nature de ma participation\u00a0: cochercheur<\/li>\n<li>\u00a0444 996\u00a0$ de 09\/2007 \u00e0 09\/2010<\/li>\n<\/ul>\n<h6>Enqu\u00eate interr\u00e9gionale 2008 aupr\u00e8s des jeunes du secondaire<\/h6>\n<ul>\n<li>Agence de la sant\u00e9 et des services sociaux de la Capitale-NationaleSubvention obtenue en groupe (4 personnes); chercheur principal\u00a0: Mme Nadine Arbour; nature de ma participation\u00a0: cochercheur<\/li>\n<li>20\u00a0000\u00a0$ de 09\/2008 \u00e0 09\/2010<\/li>\n<\/ul>\n<p>&nbsp;<\/p>\n<h6>Enqu\u00eate interr\u00e9gionale 2008 aupr\u00e8s des jeunes du secondaire<\/h6>\n<ul>\n<li>Programme de subventions en sant\u00e9 publique de l\u2019Agence de la sant\u00e9 et des services sociaux du Saguenay\u2013Lac-Saint-Jean Subvention obtenue en groupe (4 personnes); chercheur principal\u00a0: Mme Nadine Arbour; nature de ma participation\u00a0: cochercheur<\/li>\n<li>75\u00a0000\u00a0$ de 09\/2008 \u00e0 09\/2010<\/li>\n<\/ul>\n<h6>La pr\u00e9vention de l\u2019abandon scolaire au Saguenay\u2013Lac-Saint-Jean<\/h6>\n<p>&nbsp;<\/p>\n<ul>\n<li>Gouvernement du Qu\u00e9becSubvention obtenue en groupe (14 personnes); chercheur principal\u00a0: Mme Suzanne Veillette; nature de ma participation\u00a0: cochercheur<\/li>\n<li>\u00a0503 000\u00a0$ (base annuelle) de 07\/2005 \u00e0 07\/2010<\/li>\n<\/ul>\n<h6>Les transitions scolaires dans l\u2019enseignement postsecondaire\u00a0: formes et impacts sur les carri\u00e8res \u00e9tudiantes<\/h6>\n<ul>\n<li>Fondation canadienne des bourses d\u2019\u00e9tudes du mill\u00e9naire \u2013 Projet TransitionsSubvention obtenue en groupe (14 personnes); chercheur principal\u00a0: M. Pierre Doray; nature de ma participation\u00a0: cochercheur<\/li>\n<li>667\u00a0000\u00a0$ de 03\/2007 \u00e0 03\/2010<\/li>\n<\/ul>\n<p>&nbsp;<\/p>\n<h6>Grand travail de recherche concert\u00e9e sur le m\u00e9dicament<\/h6>\n<ul>\n<li>Conseil de recherches en sciences humaines du CanadaSubvention obtenue en groupe (39 personnes); chercheur principal\u00a0: Mme Catherine Garnier; nature de ma participation\u00a0: cochercheur<\/li>\n<li>500 000\u00a0$ (base annuelle) de 10\/2004 \u00e0 10\/2009<\/li>\n<\/ul>\n<p>&nbsp;<\/p>\n<h6>Mod\u00e8le novateur de dispensation des soins pour la dystrophie myotonique de type 1\u00a0: \u00e9laboration, validation et implantation d\u2019un plan de soins int\u00e9gr\u00e9s<\/h6>\n<ul>\n<li>Programme de partenariat pour l\u2019am\u00e9lioration des soins de sant\u00e9 des IRSCSubvention obtenue en groupe (9 personnes); chercheur principal\u00a0: Mme Maud-Christine Chouinard; nature de ma participation\u00a0: cochercheur<\/li>\n<li>92\u00a0685\u00a0$ (base annuelle) de 10\/2005 \u00e0 10\/2009<\/li>\n<\/ul>\n<p>&nbsp;<\/p>\n<h6>Projet pilote en innovation sociale\u00a0: marqueurs applicables \u00e0 l\u2019\u00e9valuation du transfert en innovation sociale<\/h6>\n<ul>\n<li>Minist\u00e8re de l\u2019\u00c9ducation, du Loisir et du SportSubvention obtenue en groupe (7 personnes); chercheur principal\u00a0: Mme Suzanne Veillette; nature de ma participation\u00a0: cochercheur<\/li>\n<li>150 000\u00a0$ (base annuelle) de 07\/2005 \u00e0 06\/2008<\/li>\n<\/ul>\n<p>&nbsp;<\/p>\n<h6>Troisi\u00e8me temps de l\u2019Enqu\u00eate longitudinale aupr\u00e8s des \u00e9l\u00e8ves saguen\u00e9ens et jeannois \u00e2g\u00e9s de 14 ans en 2002 (ELESJ-14)<\/h6>\n<ul>\n<li>Programme de subventions en sant\u00e9 publique du Minist\u00e8re de la Sant\u00e9 et des Services sociauxSubvention obtenue en groupe (4 personnes); chercheurs principaux\u00a0: M. Luc Laberge et D<sup>re<\/sup> Ann Bergeron; nature de ma participation\u00a0: cochercheur<\/li>\n<li>48\u00a0204\u00a0$ de 01\/2006 \u00e0 06\/2008<\/li>\n<\/ul>\n<p>&nbsp;<\/p>\n<h6>\u00c9tudier et travailler en r\u00e9gion \u00e0 18 ans\u00a0: quels risques de SST? Une \u00e9tude exploratoire<\/h6>\n<ul>\n<li>Devis d\u2019activit\u00e9s de recherche de l\u2019Institut de recherche Robert-Sauv\u00e9 en sant\u00e9 et s\u00e9curit\u00e9 du travail (IRSST); 60\u00a0340\u00a0$ de 01\/2006 \u00e0 01\/2007<\/li>\n<li>Subvention obtenue en groupe (6 personnes); chercheur principal\u00a0: M. Luc Laberge; nature de ma participation\u00a0: cochercheur<\/li>\n<\/ul>\n<h6><strong>\u00a0<\/strong>Activit\u00e9s de recherche et de communications 2005-2006<\/h6>\n<ul>\n<li>Gouvernement du Qu\u00e9bec; 50\u00a0000\u00a0$ de 12\/2005 \u00e0 12\/2006<\/li>\n<li>Subvention obtenue en groupe (4 personnes); chercheur principal\u00a0: Mme Suzanne Veillette; nature de ma participation\u00a0: cochercheur<\/li>\n<\/ul>\n<p>&nbsp;<\/p>\n<h6>\u00c9tude longitudinale des parcours scolaires<\/h6>\n<ul>\n<li>Minist\u00e8re de l\u2019\u00c9ducation (Qu\u00e9bec);<\/li>\n<li>159\u00a0028\u00a0$ de 06\/2005 \u00e0 06\/2007<\/li>\n<\/ul>\n<p>Subvention obtenue en groupe (6 personnes); chercheur principal\u00a0: Mme Suzanne Veillette; nature de ma participation\u00a0: cochercheur<\/p>\n<p>&nbsp;<\/p>\n<h6>Long-Term Consequences of Prenatal Exposure to Maternel Cigarette Smoking on Brain Structure, Function and Mental Health in Adolescence\u00a0: Role of Genes and Environment in Brain Development<\/h6>\n<ul>\n<li>Instituts de recherche en sant\u00e9 du Canada; Subvention obtenue en groupe (19 personnes); chercheur principal\u00a0: Dr Tomas Paus; nature de ma participation\u00a0: cochercheur<\/li>\n<li>250 000\u00a0$ (base annuelle) de 04\/2001 \u00e0 03\/2006<\/li>\n<\/ul>\n<p>&nbsp;<\/p>\n<h6>Site interactif d\u2019indicateurs spatialis\u00e9s de pers\u00e9v\u00e9rance et de r\u00e9ussite scolaires<\/h6>\n<ul>\n<li>Minist\u00e8re de la Recherche, de la Science et de la Technologie \u2013 Mesure pilote d\u2019exp\u00e9rimentation de projets 90\u00a0000 $ de 01\/2004 \u00e0 09\/2005<\/li>\n<li>Subvention obtenue en groupe (3 personnes); chercheur principal\u00a0: Julie Auclair; nature de ma participation\u00a0: cochercheur<strong><br \/>\n<\/strong><\/li>\n<\/ul>\n<h6>Entente sp\u00e9cifique sur la consolidation et le d\u00e9veloppement du Groupe \u00c9COBES<\/h6>\n<ul>\n<li>Minist\u00e8re de la Recherche, de la Science et de la Technologie (MRST); Subvention obtenue en groupe (2 personnes); chercheur principal\u00a0: Suzanne Veillette; nature de ma participation\u00a0: cochercheur<\/li>\n<li>1\u00a0050 000\u00a0$ de 04\/2002 \u00e0 06\/2005<\/li>\n<\/ul>\n<h6>ECOGENE-21\u00a0: From DNA to the Community. An alliance for Research in Community<\/h6>\n<ul>\n<li>Instituts de recherche en sant\u00e9 du Canada; Subvention obtenue en groupe (30 personnes); chercheur principal\u00a0: Dr Daniel Gaudet; nature de ma participation\u00a0: cochercheur<\/li>\n<li>476 010\u00a0$ (base annuelle) de 01\/2001 \u00e0 12\/2005<\/li>\n<\/ul>\n<h6>Application des connaissances g\u00e9n\u00e9tiques \u00e0 la population et aux services cliniques<\/h6>\n<ul>\n<li>Fonds de la Recherche en Sant\u00e9 du Qu\u00e9bec du Canada; Subvention obtenue en groupe (4 personnes); chercheur principal\u00a0: Dr Claude Laberge; nature de ma participation\u00a0: cochercheur<\/li>\n<li>50 000\u00a0$ de 09\/2000 \u00e0 09\/2005<\/li>\n<\/ul>\n<p>&nbsp;<\/p>\n<h6>Consequences of Neuromuscular Disorders\u00a0: Distabilities, Social Participation, Quality of Life and their Determinants Among Individuals with Myotonic Dystrophy<\/h6>\n<ul>\n<li>Institut de Recherche en Sant\u00e9 du Canada (IRSC); Subvention obtenue en groupe (10 personnes); chercheur principal\u00a0: Dr Jean Mathieu; nature de ma participation\u00a0: cochercheur<\/li>\n<li>314 928\u00a0$ de 09\/2001 \u00e0 06\/2004<\/li>\n<\/ul>\n","protected":false},"excerpt":{"rendered":"<p>Subventions obtenues Projet CartoJeunes Fondation Lucie et Andr\u00e9 Chagnon 600 000\u00a0$ de 01\/2013 \u00e0 04\/2015 Subvention obtenue en groupe (6 personnes); nature de ma participation\u00a0: chercheur principal Projet Monitorage sociog\u00e9ographique des indicateurs scolaires postsecondaires\u00a0: un partenariat UQAC-C\u00e9gep de Jonqui\u00e8re Minist\u00e8re de l\u2019\u00c9ducation, du Loisir et du Sport (MELS)110 750\u00a0$ de 05\/2013 \u00e0 04\/2014 110 750\u00a0$ &hellip; <a href=\"https:\/\/portfolio.uqac.ca\/michelperron\/subventions\/\" class=\"more-link\">Continuer la lecture de <span class=\"screen-reader-text\">Subventions<\/span>  <span class=\"meta-nav\">&rarr;<\/span><\/a><\/p>\n","protected":false},"author":104,"featured_media":0,"parent":0,"menu_order":0,"comment_status":"closed","ping_status":"open","template":"","meta":{"footnotes":""},"tags":[],"_links":{"self":[{"href":"https:\/\/portfolio.uqac.ca\/michelperron\/wp-json\/wp\/v2\/pages\/109"}],"collection":[{"href":"https:\/\/portfolio.uqac.ca\/michelperron\/wp-json\/wp\/v2\/pages"}],"about":[{"href":"https:\/\/portfolio.uqac.ca\/michelperron\/wp-json\/wp\/v2\/types\/page"}],"author":[{"embeddable":true,"href":"https:\/\/portfolio.uqac.ca\/michelperron\/wp-json\/wp\/v2\/users\/104"}],"replies":[{"embeddable":true,"href":"https:\/\/portfolio.uqac.ca\/michelperron\/wp-json\/wp\/v2\/comments?post=109"}],"version-history":[{"count":4,"href":"https:\/\/portfolio.uqac.ca\/michelperron\/wp-json\/wp\/v2\/pages\/109\/revisions"}],"predecessor-version":[{"id":142,"href":"https:\/\/portfolio.uqac.ca\/michelperron\/wp-json\/wp\/v2\/pages\/109\/revisions\/142"}],"wp:attachment":[{"href":"https:\/\/portfolio.uqac.ca\/michelperron\/wp-json\/wp\/v2\/media?parent=109"}],"wp:term":[{"taxonomy":"post_tag","embeddable":true,"href":"https:\/\/portfolio.uqac.ca\/michelperron\/wp-json\/wp\/v2\/tags?post=109"}],"curies":[{"name":"wp","href":"https:\/\/api.w.org\/{rel}","templated":true}]}}