{"id":4,"date":"2012-07-23T17:46:31","date_gmt":"2012-07-23T17:46:31","guid":{"rendered":"http:\/\/portfolio-pre.uqac.ca\/gabarit\/?page_id=4"},"modified":"2025-09-15T14:22:28","modified_gmt":"2025-09-15T18:22:28","slug":"presentatio","status":"publish","type":"page","link":"https:\/\/portfolio.uqac.ca\/michelperron\/","title":{"rendered":"Pr\u00e9sentation"},"content":{"rendered":"<h2>Michel Perron<\/h2>\n<p>Professeur rattach\u00e9 au domaine de la <a title=\"Programmes g\u00e9ographie UQAC\" href=\"https:\/\/www.uqac.ca\/sc-humaines\/programmes-2\/geographie-et-amenagement-durable\/\">g\u00e9ographie<\/a> au D\u00e9partement des sciences humaines de l\u2019Universit\u00e9 du Qu\u00e9bec \u00e0 Chicoutimi (2008-2015)<br \/>\net titulaire de la Chaire UQAC\u2013C\u00e9gep de Jonqui\u00e8re sur les conditions de vie, la sant\u00e9<br \/>\net les aspirations des jeunes (VISAJ) (2008-2015)<\/p>\n<h2>Champs d&#8217;int\u00e9r\u00eat<\/h2>\n<h6>Champs disciplinaires<\/h6>\n<p>Sociog\u00e9ographie de l\u2019\u00e9ducation<br \/>\nSociog\u00e9ographie de la sant\u00e9<br \/>\nSociologie m\u00e9dicale<\/p>\n<h6>Domaines de recherche<\/h6>\n<p>Pr\u00e9vention des maladies g\u00e9n\u00e9tiques<br \/>\nAm\u00e9lioration des conditions de vie des jeunes<br \/>\nPr\u00e9vention de l\u2019abandon scolaire<\/p>\n<p><a href=\"https:\/\/portfolio.uqac.ca\/michelperron\/files\/2012\/07\/CV_d\u00e9taill\u00e9_MichelPerron.pdf\">Curriculum vitae Michel Perron<\/a><\/p>\n","protected":false},"excerpt":{"rendered":"<p>Michel Perron Professeur rattach\u00e9 au domaine de la g\u00e9ographie au D\u00e9partement des sciences humaines de l\u2019Universit\u00e9 du Qu\u00e9bec \u00e0 Chicoutimi (2008-2015) et titulaire de la Chaire UQAC\u2013C\u00e9gep de Jonqui\u00e8re sur les conditions de vie, la sant\u00e9 et les aspirations des jeunes (VISAJ) (2008-2015) Champs d&#8217;int\u00e9r\u00eat Champs disciplinaires Sociog\u00e9ographie de l\u2019\u00e9ducation Sociog\u00e9ographie de la sant\u00e9 Sociologie &hellip; <a href=\"https:\/\/portfolio.uqac.ca\/michelperron\/\" class=\"more-link\">Continuer la lecture de <span class=\"screen-reader-text\">Pr\u00e9sentation<\/span>  <span class=\"meta-nav\">&rarr;<\/span><\/a><\/p>\n","protected":false},"author":104,"featured_media":0,"parent":0,"menu_order":0,"comment_status":"closed","ping_status":"closed","template":"","meta":{"footnotes":""},"tags":[6],"_links":{"self":[{"href":"https:\/\/portfolio.uqac.ca\/michelperron\/wp-json\/wp\/v2\/pages\/4"}],"collection":[{"href":"https:\/\/portfolio.uqac.ca\/michelperron\/wp-json\/wp\/v2\/pages"}],"about":[{"href":"https:\/\/portfolio.uqac.ca\/michelperron\/wp-json\/wp\/v2\/types\/page"}],"author":[{"embeddable":true,"href":"https:\/\/portfolio.uqac.ca\/michelperron\/wp-json\/wp\/v2\/users\/104"}],"replies":[{"embeddable":true,"href":"https:\/\/portfolio.uqac.ca\/michelperron\/wp-json\/wp\/v2\/comments?post=4"}],"version-history":[{"count":26,"href":"https:\/\/portfolio.uqac.ca\/michelperron\/wp-json\/wp\/v2\/pages\/4\/revisions"}],"predecessor-version":[{"id":162,"href":"https:\/\/portfolio.uqac.ca\/michelperron\/wp-json\/wp\/v2\/pages\/4\/revisions\/162"}],"wp:attachment":[{"href":"https:\/\/portfolio.uqac.ca\/michelperron\/wp-json\/wp\/v2\/media?parent=4"}],"wp:term":[{"taxonomy":"post_tag","embeddable":true,"href":"https:\/\/portfolio.uqac.ca\/michelperron\/wp-json\/wp\/v2\/tags?post=4"}],"curies":[{"name":"wp","href":"https:\/\/api.w.org\/{rel}","templated":true}]}}