{"id":214,"date":"2019-10-29T15:28:52","date_gmt":"2019-10-29T19:28:52","guid":{"rendered":"http:\/\/portfolio-pre.uqac.ca\/mustaphafahmi\/?page_id=214"},"modified":"2019-10-29T15:29:21","modified_gmt":"2019-10-29T19:29:21","slug":"biographie","status":"publish","type":"page","link":"https:\/\/portfolio.uqac.ca\/mustaphafahmi\/presentatio\/biographie\/","title":{"rendered":"Biographie"},"content":{"rendered":"<p>D\u00e9tenant un Doctorat (Ph. D.) en litt\u00e9rature anglaise de l&#8217;Universit\u00e9 de Montr\u00e9al (une partie \u00e0 McGill), Mustapha\u00a0Fahmi\u00a0est un sp\u00e9cialiste de la Renaissance anglaise et plus particuli\u00e8rement de l&#8217;\u0153uvre de\u00a0Shakespeare. Il est l&#8217;auteur de plusieurs ouvrages dont\u00a0<em>Shakespeare&#8217;s\u00a0Poetic\u00a0Wisdom,<\/em>\u00a0<em>The\u00a0Purpose\u00a0of\u00a0Playing,\u00a0Dwelling\u00a0in the Forest of Arden\u00a0<\/em>ainsi que de trois recueils de po\u00e9sie en arabe. Son tout dernier livre\u00a0<em>La le\u00e7on de\u00a0Rosalinde<\/em>\u00a0(un recueil de r\u00e9flexions philosophiques) a re\u00e7u en 2018 le prix du meilleur livre de sa cat\u00e9gorie lors de 54e \u00e9dition du Salon du livre du Saguenay-Lac-Saint-Jean. Son article &#8220;Man&#8217;s Chief Good&#8221;, une lecture philosophique du personnage shakespearien, est paru dans le prestigieux\u00a0<em>Shakespearean\u00a0International\u00a0Yearbook<\/em>\u00a0(2008), une anthologie annuelle qui regroupe les \u00e9crits les plus importants au monde dans le domaine des \u00e9tudes shakespeariennes.\u00a0\u00a0Le Professeur\u00a0Fahmi\u00a0a donn\u00e9 des conf\u00e9rences sur Shakespeare partout dans le monde, y compris au c\u00e9l\u00e8bre Shakespeare Institute de l&#8217;Universit\u00e9 de Birmingham, reconnu comme le temple des \u00e9tudes shakespeariennes. La qualit\u00e9 de l&#8217;enseignement de M.\u00a0Fahmi\u00a0lui a valu deux nominations au Prix d&#8217;excellence du r\u00e9seau des Universit\u00e9s du Qu\u00e9bec (2008 et 2012), un prix qui reconnait surtout l&#8217;originalit\u00e9 dans le domaine de l&#8217;enseignement. Mustapha Fahmi est le r\u00e9cipiendaire du Prix Distinction litt\u00e9raire 2019 d\u00e9cern\u00e9 par le Salon du livre du Saguenay-Lac-Saint-Jean.<\/p>\n","protected":false},"excerpt":{"rendered":"<p>D\u00e9tenant un Doctorat (Ph. D.) en litt\u00e9rature anglaise de l&#8217;Universit\u00e9 de Montr\u00e9al (une partie \u00e0 McGill), Mustapha\u00a0Fahmi\u00a0est un sp\u00e9cialiste de la Renaissance anglaise et plus particuli\u00e8rement de l&#8217;\u0153uvre de\u00a0Shakespeare. Il est l&#8217;auteur de plusieurs ouvrages dont\u00a0Shakespeare&#8217;s\u00a0Poetic\u00a0Wisdom,\u00a0The\u00a0Purpose\u00a0of\u00a0Playing,\u00a0Dwelling\u00a0in the Forest of Arden\u00a0ainsi que de trois recueils de po\u00e9sie en arabe. Son tout dernier livre\u00a0La le\u00e7on de\u00a0Rosalinde\u00a0(un recueil &hellip; <a href=\"https:\/\/portfolio.uqac.ca\/mustaphafahmi\/presentatio\/biographie\/\" class=\"more-link\">Continuer la lecture de <span class=\"screen-reader-text\">Biographie<\/span>  <span class=\"meta-nav\">&rarr;<\/span><\/a><\/p>\n","protected":false},"author":256,"featured_media":0,"parent":4,"menu_order":0,"comment_status":"closed","ping_status":"closed","template":"","meta":{"footnotes":""},"tags":[],"_links":{"self":[{"href":"https:\/\/portfolio.uqac.ca\/mustaphafahmi\/wp-json\/wp\/v2\/pages\/214"}],"collection":[{"href":"https:\/\/portfolio.uqac.ca\/mustaphafahmi\/wp-json\/wp\/v2\/pages"}],"about":[{"href":"https:\/\/portfolio.uqac.ca\/mustaphafahmi\/wp-json\/wp\/v2\/types\/page"}],"author":[{"embeddable":true,"href":"https:\/\/portfolio.uqac.ca\/mustaphafahmi\/wp-json\/wp\/v2\/users\/256"}],"replies":[{"embeddable":true,"href":"https:\/\/portfolio.uqac.ca\/mustaphafahmi\/wp-json\/wp\/v2\/comments?post=214"}],"version-history":[{"count":1,"href":"https:\/\/portfolio.uqac.ca\/mustaphafahmi\/wp-json\/wp\/v2\/pages\/214\/revisions"}],"predecessor-version":[{"id":215,"href":"https:\/\/portfolio.uqac.ca\/mustaphafahmi\/wp-json\/wp\/v2\/pages\/214\/revisions\/215"}],"up":[{"embeddable":true,"href":"https:\/\/portfolio.uqac.ca\/mustaphafahmi\/wp-json\/wp\/v2\/pages\/4"}],"wp:attachment":[{"href":"https:\/\/portfolio.uqac.ca\/mustaphafahmi\/wp-json\/wp\/v2\/media?parent=214"}],"wp:term":[{"taxonomy":"post_tag","embeddable":true,"href":"https:\/\/portfolio.uqac.ca\/mustaphafahmi\/wp-json\/wp\/v2\/tags?post=214"}],"curies":[{"name":"wp","href":"https:\/\/api.w.org\/{rel}","templated":true}]}}