{"id":217,"date":"2019-10-29T15:32:14","date_gmt":"2019-10-29T19:32:14","guid":{"rendered":"http:\/\/portfolio-pre.uqac.ca\/mustaphafahmi\/?page_id=217"},"modified":"2019-11-01T09:00:03","modified_gmt":"2019-11-01T13:00:03","slug":"livres","status":"publish","type":"page","link":"https:\/\/portfolio.uqac.ca\/mustaphafahmi\/publications\/livres\/","title":{"rendered":"Livres"},"content":{"rendered":"<h1 style=\"text-align: center\"><strong><em>La le\u00e7on de\u00a0Rosalinde<\/em><\/strong><\/h1>\n<p style=\"text-align: center\">(La Peuplade, 2018)<\/p>\n<p><a href=\"https:\/\/portfolio.uqac.ca\/mustaphafahmi\/files\/2019\/10\/rosalinde.png\"><img loading=\"lazy\" decoding=\"async\" class=\"alignnone size-medium wp-image-222 aligncenter\" src=\"https:\/\/portfolio.uqac.ca\/mustaphafahmi\/files\/2019\/10\/rosalinde-200x300.png\" alt=\"\" width=\"200\" height=\"300\" srcset=\"https:\/\/portfolio.uqac.ca\/mustaphafahmi\/files\/2019\/10\/rosalinde-200x300.png 200w, https:\/\/portfolio.uqac.ca\/mustaphafahmi\/files\/2019\/10\/rosalinde-768x1152.png 768w, https:\/\/portfolio.uqac.ca\/mustaphafahmi\/files\/2019\/10\/rosalinde-683x1024.png 683w, https:\/\/portfolio.uqac.ca\/mustaphafahmi\/files\/2019\/10\/rosalinde.png 1500w\" sizes=\"(max-width: 200px) 100vw, 200px\" \/><\/a><\/p>\n<p>Outre le Prix du meilleur livre de sa cat\u00e9gorie au Salon du livre du Saguenay-Lac-Saint-Jean en 2018,\u00a0<em>La le\u00e7on de\u00a0Rosalinde<\/em>\u00a0a eu droit \u00e0 une r\u00e9ception exceptionnelle et unanime de la part de la critique au Canada, en France et au Maroc. Il a \u00e9t\u00e9, par exemple, choix du mois de la prestigieuse revue fran\u00e7aise\u00a0<em>Philosophie Magazine<\/em>, un des \u00e9v\u00e9nements\u00a0culturels de l&#8217;ann\u00e9e selon\u00a0<em>Le Progr\u00e8s<\/em>\u00a0et livre de la semaine pour plusieurs journaux et librairies, y compris la l\u00e9gendaire librairie parisienne\u00a0Delamain. \u00ab Un livre qui demande de s\u2019assoir entre deux gestes pour prendre conscience de ce que nous sommes en train de faire ou de dire&#8221;, dit Yvon Par\u00e9 dans\u00a0<em>Litt\u00e9rature du Qu\u00e9bec<\/em>. Dans Le Devoir,\u00a0Dominic\u00a0Tardif parle d\u2019un \u00ab recueil de br\u00e8ves r\u00e9flexions o\u00f9 l\u2019auteur distille goute \u00e0 goute son \u00e9poustouflant savoir avec l\u2019\u00e9l\u00e9gance du sage qui, en compagnie de badauds, jaserait sur un banc de parc. \u00bb Pour Jacques\u00a0Lanct\u00f4t\u00a0du Journal de Montr\u00e9al,\u00a0<em>La le\u00e7on de\u00a0Rosalinde<\/em>\u00a0est \u00ab comme une oasis au milieu des autres terres o\u00f9 se cultivent la mauvaise foi et le cynisme \u00bb. La chroniqueuse vedette du Devoir, Odile Chouinard, en a fait son coup de c\u0153ur de la semaine : \u00ab L\u2019auteur, dit-elle, grand shakespearien, enseigne \u00e0 l\u2019Universit\u00e9 du Qu\u00e9bec \u00e0 Chicoutimi. Et ses r\u00e9flexions inspir\u00e9es, l\u2019\u00e9tendue de ses r\u00e9f\u00e9rences culturelles, la p\u00e9n\u00e9tration de son esprit m\u00eal\u00e9es \u00e0 une simplicit\u00e9 de ton et \u00e0 une \u00e9thique de vie m\u2019ont fait ronronner de bonheur \u00bb.\u00a0<em>La le\u00e7on de\u00a0Rosalinde<\/em>\u00a0continue de susciter de l&#8217;int\u00e9r\u00eat partout dans la francophonie. La revue fran\u00e7aise\u00a0<em>Psychologie Clinique<\/em>\u00a0lui a consacr\u00e9 trois pages compl\u00e8tes dans son num\u00e9ro Printemps 2019, alors qu&#8217;une anthologie publi\u00e9e en France en ao\u00fbt 2019,\u00a0<em>Les \u00e9crivains marocains du monde<\/em>,\u00a0lui consacre pas\u00a0moins de 16 pages.<\/p>\n<h1 style=\"text-align: center\"><em>Dwelling in the Forest of Arden<\/em><\/h1>\n<p style=\"text-align: center\">(Two Continents Publishing, 2014)<\/p>\n<p><a href=\"https:\/\/portfolio.uqac.ca\/mustaphafahmi\/files\/2019\/10\/Dwelling.png\"><img loading=\"lazy\" decoding=\"async\" class=\"alignnone size-medium wp-image-231 aligncenter\" src=\"https:\/\/portfolio.uqac.ca\/mustaphafahmi\/files\/2019\/10\/Dwelling-188x300.png\" alt=\"\" width=\"188\" height=\"300\" srcset=\"https:\/\/portfolio.uqac.ca\/mustaphafahmi\/files\/2019\/10\/Dwelling-188x300.png 188w, https:\/\/portfolio.uqac.ca\/mustaphafahmi\/files\/2019\/10\/Dwelling-768x1227.png 768w, https:\/\/portfolio.uqac.ca\/mustaphafahmi\/files\/2019\/10\/Dwelling-641x1024.png 641w, https:\/\/portfolio.uqac.ca\/mustaphafahmi\/files\/2019\/10\/Dwelling.png 824w\" sizes=\"(max-width: 188px) 100vw, 188px\" \/><\/a><\/p>\n<h1 style=\"text-align: center\"><strong><em>The Purpose of Playing<\/em><\/strong><\/h1>\n<p style=\"text-align: center\">(Two Continents Publishing, 2008)<\/p>\n<p><a href=\"https:\/\/portfolio.uqac.ca\/mustaphafahmi\/files\/2019\/10\/purpose.jpg\"><img loading=\"lazy\" decoding=\"async\" class=\"alignnone size-medium wp-image-221 aligncenter\" src=\"https:\/\/portfolio.uqac.ca\/mustaphafahmi\/files\/2019\/10\/purpose-199x300.jpg\" alt=\"\" width=\"199\" height=\"300\" srcset=\"https:\/\/portfolio.uqac.ca\/mustaphafahmi\/files\/2019\/10\/purpose-199x300.jpg 199w, https:\/\/portfolio.uqac.ca\/mustaphafahmi\/files\/2019\/10\/purpose.jpg 360w\" sizes=\"(max-width: 199px) 100vw, 199px\" \/><\/a><\/p>\n<p>&#8220;Mustapha Fahmi has a unique perspective on Shakespeare.&#8221;<\/p>\n<p>&#8211; Christy Desmet, University of Georgia<strong>\u00a0\u00a0<\/strong><\/p>\n<h1 style=\"text-align: center\"><strong><em>Shakespeare&#8217;s Poetic Wisdom<\/em><\/strong><\/h1>\n<p style=\"text-align: center\">(Two Continents Publishing, 2003)<\/p>\n<p><a href=\"https:\/\/portfolio.uqac.ca\/mustaphafahmi\/files\/2019\/10\/identity.jpg\"><img loading=\"lazy\" decoding=\"async\" class=\"alignnone size-medium wp-image-220 aligncenter\" src=\"https:\/\/portfolio.uqac.ca\/mustaphafahmi\/files\/2019\/10\/identity-202x300.jpg\" alt=\"\" width=\"202\" height=\"300\" srcset=\"https:\/\/portfolio.uqac.ca\/mustaphafahmi\/files\/2019\/10\/identity-202x300.jpg 202w, https:\/\/portfolio.uqac.ca\/mustaphafahmi\/files\/2019\/10\/identity.jpg 360w\" sizes=\"(max-width: 202px) 100vw, 202px\" \/><\/a><\/p>\n<p>&#8220;Dr Fahmi&#8217;s book has uncommon merits in modern Shakespearean criticism: it is perceptive, persuasive, unpretentious, and intelligible to and respectful of the reader. I recommend the book not only to undergraduate students, but also to their teachers.&#8221;<\/p>\n<p>&#8211; Michael L. Hays<\/p>\n","protected":false},"excerpt":{"rendered":"<p>La le\u00e7on de\u00a0Rosalinde (La Peuplade, 2018) Outre le Prix du meilleur livre de sa cat\u00e9gorie au Salon du livre du Saguenay-Lac-Saint-Jean en 2018,\u00a0La le\u00e7on de\u00a0Rosalinde\u00a0a eu droit \u00e0 une r\u00e9ception exceptionnelle et unanime de la part de la critique au Canada, en France et au Maroc. Il a \u00e9t\u00e9, par exemple, choix du mois de &hellip; <a href=\"https:\/\/portfolio.uqac.ca\/mustaphafahmi\/publications\/livres\/\" class=\"more-link\">Continuer la lecture de <span class=\"screen-reader-text\">Livres<\/span>  <span class=\"meta-nav\">&rarr;<\/span><\/a><\/p>\n","protected":false},"author":256,"featured_media":0,"parent":20,"menu_order":0,"comment_status":"closed","ping_status":"closed","template":"","meta":{"footnotes":""},"tags":[],"_links":{"self":[{"href":"https:\/\/portfolio.uqac.ca\/mustaphafahmi\/wp-json\/wp\/v2\/pages\/217"}],"collection":[{"href":"https:\/\/portfolio.uqac.ca\/mustaphafahmi\/wp-json\/wp\/v2\/pages"}],"about":[{"href":"https:\/\/portfolio.uqac.ca\/mustaphafahmi\/wp-json\/wp\/v2\/types\/page"}],"author":[{"embeddable":true,"href":"https:\/\/portfolio.uqac.ca\/mustaphafahmi\/wp-json\/wp\/v2\/users\/256"}],"replies":[{"embeddable":true,"href":"https:\/\/portfolio.uqac.ca\/mustaphafahmi\/wp-json\/wp\/v2\/comments?post=217"}],"version-history":[{"count":6,"href":"https:\/\/portfolio.uqac.ca\/mustaphafahmi\/wp-json\/wp\/v2\/pages\/217\/revisions"}],"predecessor-version":[{"id":233,"href":"https:\/\/portfolio.uqac.ca\/mustaphafahmi\/wp-json\/wp\/v2\/pages\/217\/revisions\/233"}],"up":[{"embeddable":true,"href":"https:\/\/portfolio.uqac.ca\/mustaphafahmi\/wp-json\/wp\/v2\/pages\/20"}],"wp:attachment":[{"href":"https:\/\/portfolio.uqac.ca\/mustaphafahmi\/wp-json\/wp\/v2\/media?parent=217"}],"wp:term":[{"taxonomy":"post_tag","embeddable":true,"href":"https:\/\/portfolio.uqac.ca\/mustaphafahmi\/wp-json\/wp\/v2\/tags?post=217"}],"curies":[{"name":"wp","href":"https:\/\/api.w.org\/{rel}","templated":true}]}}