{"id":232,"date":"2022-12-06T15:27:31","date_gmt":"2022-12-06T20:27:31","guid":{"rendered":"http:\/\/portfolio-pre.uqac.ca\/oliviermorissette\/?page_id=232"},"modified":"2025-08-07T11:14:50","modified_gmt":"2025-08-07T15:14:50","slug":"opportunites","status":"publish","type":"page","link":"https:\/\/portfolio.uqac.ca\/oliviermorissette\/opportunites\/","title":{"rendered":"Opportunit\u00e9s"},"content":{"rendered":"<p>Dans la pr\u00e9sente section, vous trouverez les projets recherche pour lesquels je suis activement \u00e0 la recherche de personnes\u00a0souhaitant les r\u00e9aliser. Il y a toujours d&#8217;autres projets en pr\u00e9paration qui ne sont pas affich\u00e9s.<\/p>\n<p>Si la section ne contient pas de projets, c&#8217;est que je ne suis pas en recrutement actif.\u00a0 Par contre, il est toujours possible de me contacter par courriel afin de voir si d&#8217;autres projets seront disponibles prochainement. Lorsque vous me contactez, SVP, joindre un relev\u00e9 de note, un court CV et une liste de vos int\u00e9r\u00eats en recherche (optionnelle).<\/p>\n<p>Si vous \u00eates curieux de conna\u00eetre mes m\u00e9thodes de travail ou d&#8217;encadrement, je vous invite \u00e0 consulter le <a href=\"https:\/\/docs.google.com\/document\/d\/17SYWRMgSjPmswAuxOAKI51BmEbZ6zABnVvuCGv6ZLIg\/edit?usp=sharing\">Guide de laboratoire<\/a> que j&#8217;ai produit et qui vous exposera la majorit\u00e9 des proc\u00e9dure en vigueur au sein de mon \u00e9quipe de recherche.<\/p>\n<h2>Projets<\/h2>\n<p><strong><span class=\"case-uppercase\">IMPACT DES BRIS DE CONNECTIVIT\u00c9S SAISONNIERS SUR LA STRUCTURE G\u00c9N\u00c9TIQUE DES POPULATIONS D&#8217;OMBLES DE FONTAINE EN RUISSEAUX<\/span><\/strong><\/p>\n<p><a href=\"https:\/\/portfolio.uqac.ca\/oliviermorissette\/files\/2025\/08\/annonce_SAFO_connectivite.jpg\"><img loading=\"lazy\" decoding=\"async\" class=\"alignnone  wp-image-305\" src=\"https:\/\/portfolio.uqac.ca\/oliviermorissette\/files\/2025\/08\/annonce_SAFO_connectivite-238x300.jpg\" alt=\"\" width=\"511\" height=\"644\" srcset=\"https:\/\/portfolio.uqac.ca\/oliviermorissette\/files\/2025\/08\/annonce_SAFO_connectivite-238x300.jpg 238w, https:\/\/portfolio.uqac.ca\/oliviermorissette\/files\/2025\/08\/annonce_SAFO_connectivite.jpg 720w\" sizes=\"(max-width: 511px) 100vw, 511px\" \/><\/a><\/p>\n<p>&nbsp;<\/p>\n","protected":false},"excerpt":{"rendered":"<p>Dans la pr\u00e9sente section, vous trouverez les projets recherche pour lesquels je suis activement \u00e0 la recherche de personnes\u00a0souhaitant les r\u00e9aliser. Il y a toujours d&#8217;autres projets en pr\u00e9paration qui ne sont pas affich\u00e9s. Si la section ne contient pas de projets, c&#8217;est que je ne suis pas en recrutement actif.\u00a0 Par contre, il est &hellip; <a href=\"https:\/\/portfolio.uqac.ca\/oliviermorissette\/opportunites\/\" class=\"more-link\">Continuer la lecture de <span class=\"screen-reader-text\">Opportunit\u00e9s<\/span>  <span class=\"meta-nav\">&rarr;<\/span><\/a><\/p>\n","protected":false},"author":348,"featured_media":0,"parent":0,"menu_order":0,"comment_status":"closed","ping_status":"closed","template":"","meta":{"footnotes":""},"tags":[],"_links":{"self":[{"href":"https:\/\/portfolio.uqac.ca\/oliviermorissette\/wp-json\/wp\/v2\/pages\/232"}],"collection":[{"href":"https:\/\/portfolio.uqac.ca\/oliviermorissette\/wp-json\/wp\/v2\/pages"}],"about":[{"href":"https:\/\/portfolio.uqac.ca\/oliviermorissette\/wp-json\/wp\/v2\/types\/page"}],"author":[{"embeddable":true,"href":"https:\/\/portfolio.uqac.ca\/oliviermorissette\/wp-json\/wp\/v2\/users\/348"}],"replies":[{"embeddable":true,"href":"https:\/\/portfolio.uqac.ca\/oliviermorissette\/wp-json\/wp\/v2\/comments?post=232"}],"version-history":[{"count":12,"href":"https:\/\/portfolio.uqac.ca\/oliviermorissette\/wp-json\/wp\/v2\/pages\/232\/revisions"}],"predecessor-version":[{"id":306,"href":"https:\/\/portfolio.uqac.ca\/oliviermorissette\/wp-json\/wp\/v2\/pages\/232\/revisions\/306"}],"wp:attachment":[{"href":"https:\/\/portfolio.uqac.ca\/oliviermorissette\/wp-json\/wp\/v2\/media?parent=232"}],"wp:term":[{"taxonomy":"post_tag","embeddable":true,"href":"https:\/\/portfolio.uqac.ca\/oliviermorissette\/wp-json\/wp\/v2\/tags?post=232"}],"curies":[{"name":"wp","href":"https:\/\/api.w.org\/{rel}","templated":true}]}}