{"id":170,"date":"2024-11-11T10:34:50","date_gmt":"2024-11-11T15:34:50","guid":{"rendered":"https:\/\/portfolio-temp.uqac.ca\/olivierriffon\/?page_id=170"},"modified":"2024-11-11T10:34:50","modified_gmt":"2024-11-11T15:34:50","slug":"offre-labo-equite-climat","status":"publish","type":"page","link":"https:\/\/portfolio.uqac.ca\/olivierriffon\/offre-labo-equite-climat\/","title":{"rendered":"Offre Labo \u00c9quit\u00e9 Climat"},"content":{"rendered":"<h4><span style=\"color: #6b8915;\">Titre du projet de recherche<\/span><\/h4>\n<p>Labo \u00c9quit\u00e9 Climat\u00a0: un laboratoire vivant sur l\u2019\u00e9quit\u00e9 dans l\u2019adaptation aux changements climatiques<\/p>\n<h4><span style=\"color: #6b8915;\">Programmes d&#8217;\u00e9tudes vis\u00e9s<\/span><\/h4>\n<ul>\n<li><a href=\"https:\/\/www.uqac.ca\/programme\/3593-m-en-etudes-et-interventions-regionales\/\" target=\"_blank\" rel=\"noopener\">Maitrise en \u00e9tudes et interventions r\u00e9gionales<\/a><\/li>\n<li><a href=\"https:\/\/www.uqac.ca\/programme\/1602-maitrise-en-societes-autodeterminations-et-developpement\/\" target=\"_blank\" rel=\"noopener\">Maitrise\u00a0en soci\u00e9t\u00e9, autod\u00e9termination et d\u00e9veloppement<\/a><\/li>\n<li><a href=\"https:\/\/www.uqac.ca\/programme\/2077-doctorat-en-developpement-regional-et-territorial\/\" target=\"_blank\" rel=\"noopener\">Doctorat en d\u00e9veloppement r\u00e9gional et territorial<\/a><\/li>\n<li><a href=\"https:\/\/www.uqac.ca\/programme\/2064-doctorat-en-sciences-humaines-appliquees\/\" target=\"_blank\" rel=\"noopener\">Doctorat en sciences humaines appliqu\u00e9es<\/a><\/li>\n<\/ul>\n<h4><span style=\"color: #6b8915;\">Structure de recherche associ\u00e9e au projet<\/span><\/h4>\n<ul>\n<li><a href=\"https:\/\/collectiflagora.org\/\" target=\"_blank\" rel=\"noopener\">LAGORA \u2013 Laboratoire de gouvernances alternatives \u2013 UQAC<\/a><\/li>\n<\/ul>\n<h4><span style=\"color: #6b8915;\">Description du projet<\/span><\/h4>\n<p>Cette recherche-action, sous forme de laboratoire vivant, vise \u00e0 coproduire une bo\u00eete \u00e0 outils pour l\u2019\u00e9quit\u00e9 dans l\u2019adaptation aux changements climatiques afin d\u2019accro\u00eetre les capacit\u00e9s en mati\u00e8re d\u2019adaptation \u00e9quitable. Il cherche \u00e0 identifier les lacunes de connaissances sur les in\u00e9galit\u00e9s produites ou accentu\u00e9es par les mesures d\u2019adaptation, \u00e0 documenter les processus de gouvernance et pratiques d\u2019adaptation impliqu\u00e9s dans le contexte qu\u00e9b\u00e9cois, et \u00e0 r\u00e9fl\u00e9chir aux formes d\u2019outils et de r\u00e9cits d\u2019exp\u00e9riences favorisant la construction des capacit\u00e9s des participant.e.s et des organisations \u00e0 prendre action face aux enjeux d\u2019\u00e9quit\u00e9 dans l\u2019adaptation aux changements climatiques.<\/p>\n<h4><span style=\"color: #6b8915;\">Domaine de recherche<\/span><\/h4>\n<p>Adaptation aux changements climatiques, justice, \u00e9quit\u00e9, laboratoire vivant, dynamiques de transformations sociales.<\/p>\n<h4><span style=\"color: #6b8915;\">Direction de recherche<\/span><\/h4>\n<p>Olivier Riffon, professeur en \u00e9co-conseil<br \/>\nCourriel :\u00a0<a href=\"mailto:oriffon@uqac.ca\">oriffon@uqac.ca<\/a><\/p>\n<h4><span style=\"color: #6b8915;\">Profil de l&#8217;\u00e9tudiant recherch\u00e9<\/span><\/h4>\n<p>\u00catre \u00e9tudiant \u00e0 temps plein dans un des programmes cibl\u00e9s.<\/p>\n<h4><span style=\"color: #6b8915;\">Exigences et conditions<\/span><\/h4>\n<p>Autonomie, curiosit\u00e9, sens de l\u2019initiative et bonnes comp\u00e9tences en recherche qualitative (exp\u00e9rience d\u00e9montr\u00e9e), bonnes comp\u00e9tences interpersonnelles.<\/p>\n<h4><span style=\"color: #6b8915;\">Financement<\/span><\/h4>\n<p>30\u00a0000 $ de MITACS<\/p>\n<h4><span style=\"color: #6b8915;\">Date du d\u00e9but du projet ou trimestre cibl\u00e9<\/span><\/h4>\n<p>Janvier 2025 id\u00e9alement, ou septembre 2025<\/p>\n<h4><span style=\"color: #6b8915;\">Comment postuler<\/span><\/h4>\n<p>Envoyer un CV complet ainsi qu\u2019une lettre de motivation expliquant l\u2019exp\u00e9rience de recherche (sciences humaines et sociales, approches qualitatives), ainsi que l\u2019int\u00e9r\u00eat pour la th\u00e9matique cibl\u00e9e.<\/p>\n<p><a href=\"mailto:muproulx@uqac.ca\"><img loading=\"lazy\" decoding=\"async\" class=\"alignnone wp-image-230 alignleft\" src=\"https:\/\/portfolio.uqac.ca\/mousajavidani-en\/files\/2023\/07\/email-alert-custom-2.png\" alt=\"\" width=\"76\" height=\"76\" \/><\/a><br \/>\nFaites parvenir un courriel \u00e0\u00a0<a href=\"mailto:oriffon@uqac.ca\" target=\"_blank\" rel=\"noopener\">oriffon@uqac.ca<\/a><br \/>\navec tous les documents exig\u00e9s.<\/p>\n<h4><span style=\"color: #6b8915;\">Documents exig\u00e9s<\/span><\/h4>\n<ul>\n<li>Lettre de motivation<\/li>\n<li>Curriculum vitae<\/li>\n<\/ul>\n","protected":false},"excerpt":{"rendered":"<p>Titre du projet de recherche Labo \u00c9quit\u00e9 Climat\u00a0: un laboratoire vivant sur l\u2019\u00e9quit\u00e9 dans l\u2019adaptation aux changements climatiques Programmes d&#8217;\u00e9tudes vis\u00e9s Maitrise en \u00e9tudes et interventions r\u00e9gionales Maitrise\u00a0en soci\u00e9t\u00e9, autod\u00e9termination et d\u00e9veloppement Doctorat en d\u00e9veloppement r\u00e9gional et territorial Doctorat en sciences humaines appliqu\u00e9es Structure de recherche associ\u00e9e au projet LAGORA \u2013 Laboratoire de gouvernances alternatives &hellip; <a href=\"https:\/\/portfolio.uqac.ca\/olivierriffon\/offre-labo-equite-climat\/\" class=\"more-link\">Continuer la lecture de <span class=\"screen-reader-text\">Offre Labo \u00c9quit\u00e9 Climat<\/span>  <span class=\"meta-nav\">&rarr;<\/span><\/a><\/p>\n","protected":false},"author":89,"featured_media":0,"parent":0,"menu_order":0,"comment_status":"closed","ping_status":"closed","template":"","meta":{"footnotes":""},"tags":[],"_links":{"self":[{"href":"https:\/\/portfolio.uqac.ca\/olivierriffon\/wp-json\/wp\/v2\/pages\/170"}],"collection":[{"href":"https:\/\/portfolio.uqac.ca\/olivierriffon\/wp-json\/wp\/v2\/pages"}],"about":[{"href":"https:\/\/portfolio.uqac.ca\/olivierriffon\/wp-json\/wp\/v2\/types\/page"}],"author":[{"embeddable":true,"href":"https:\/\/portfolio.uqac.ca\/olivierriffon\/wp-json\/wp\/v2\/users\/89"}],"replies":[{"embeddable":true,"href":"https:\/\/portfolio.uqac.ca\/olivierriffon\/wp-json\/wp\/v2\/comments?post=170"}],"version-history":[{"count":1,"href":"https:\/\/portfolio.uqac.ca\/olivierriffon\/wp-json\/wp\/v2\/pages\/170\/revisions"}],"predecessor-version":[{"id":171,"href":"https:\/\/portfolio.uqac.ca\/olivierriffon\/wp-json\/wp\/v2\/pages\/170\/revisions\/171"}],"wp:attachment":[{"href":"https:\/\/portfolio.uqac.ca\/olivierriffon\/wp-json\/wp\/v2\/media?parent=170"}],"wp:term":[{"taxonomy":"post_tag","embeddable":true,"href":"https:\/\/portfolio.uqac.ca\/olivierriffon\/wp-json\/wp\/v2\/tags?post=170"}],"curies":[{"name":"wp","href":"https:\/\/api.w.org\/{rel}","templated":true}]}}