{"id":18,"date":"2017-10-06T14:44:16","date_gmt":"2017-10-06T18:44:16","guid":{"rendered":"http:\/\/portfolio-pre.uqac.ca\/gabarit\/?page_id=18"},"modified":"2018-08-07T10:53:34","modified_gmt":"2018-08-07T14:53:34","slug":"enseignement","status":"publish","type":"page","link":"https:\/\/portfolio.uqac.ca\/olivierriffon\/enseignement\/","title":{"rendered":"Enseignement"},"content":{"rendered":"<ul>\n<li>1ECC808 : D\u00e9veloppement durable : outils d&#8217;analyse<\/li>\n<li>1ECC856 : Outils de l&#8217;\u00e9co-conseil<\/li>\n<li>1ECC813 et 1ECC814 : Nature et port\u00e9e des probl\u00e9matiques socio-\u00e9cologiques I et II<\/li>\n<li><span style=\"line-height: 1.5\">1ECC845 et 1ECC 846 : Approche transdisciplinaire en \u00e9co-conseil I et II\u00a0<\/span><\/li>\n<li>1ECC854 : \u00c9co-conseil dans les organisations<\/li>\n<li>1ECC830 et 1ECC836 : Mission professionnelle I et II<\/li>\n<li><span style=\"line-height: 1.5\">6GIN308 : Impacts des projets d&#8217;ing\u00e9nierie<\/span><\/li>\n<li>6SCT851 : D\u00e9veloppement durable des projets g\u00e9ologiques<\/li>\n<li>4SOC116 : Sociologie de l&#8217;environnement<\/li>\n<\/ul>\n","protected":false},"excerpt":{"rendered":"<p>1ECC808 : D\u00e9veloppement durable : outils d&#8217;analyse 1ECC856 : Outils de l&#8217;\u00e9co-conseil 1ECC813 et 1ECC814 : Nature et port\u00e9e des probl\u00e9matiques socio-\u00e9cologiques I et II 1ECC845 et 1ECC 846 : Approche transdisciplinaire en \u00e9co-conseil I et II\u00a0 1ECC854 : \u00c9co-conseil dans les organisations 1ECC830 et 1ECC836 : Mission professionnelle I et II 6GIN308 : Impacts &hellip; <a href=\"https:\/\/portfolio.uqac.ca\/olivierriffon\/enseignement\/\" class=\"more-link\">Continuer la lecture de <span class=\"screen-reader-text\">Enseignement<\/span>  <span class=\"meta-nav\">&rarr;<\/span><\/a><\/p>\n","protected":false},"author":89,"featured_media":0,"parent":0,"menu_order":0,"comment_status":"closed","ping_status":"closed","template":"","meta":{"footnotes":""},"tags":[],"_links":{"self":[{"href":"https:\/\/portfolio.uqac.ca\/olivierriffon\/wp-json\/wp\/v2\/pages\/18"}],"collection":[{"href":"https:\/\/portfolio.uqac.ca\/olivierriffon\/wp-json\/wp\/v2\/pages"}],"about":[{"href":"https:\/\/portfolio.uqac.ca\/olivierriffon\/wp-json\/wp\/v2\/types\/page"}],"author":[{"embeddable":true,"href":"https:\/\/portfolio.uqac.ca\/olivierriffon\/wp-json\/wp\/v2\/users\/89"}],"replies":[{"embeddable":true,"href":"https:\/\/portfolio.uqac.ca\/olivierriffon\/wp-json\/wp\/v2\/comments?post=18"}],"version-history":[{"count":5,"href":"https:\/\/portfolio.uqac.ca\/olivierriffon\/wp-json\/wp\/v2\/pages\/18\/revisions"}],"predecessor-version":[{"id":142,"href":"https:\/\/portfolio.uqac.ca\/olivierriffon\/wp-json\/wp\/v2\/pages\/18\/revisions\/142"}],"wp:attachment":[{"href":"https:\/\/portfolio.uqac.ca\/olivierriffon\/wp-json\/wp\/v2\/media?parent=18"}],"wp:term":[{"taxonomy":"post_tag","embeddable":true,"href":"https:\/\/portfolio.uqac.ca\/olivierriffon\/wp-json\/wp\/v2\/tags?post=18"}],"curies":[{"name":"wp","href":"https:\/\/api.w.org\/{rel}","templated":true}]}}