{"id":27,"date":"2022-12-21T09:25:17","date_gmt":"2022-12-21T14:25:17","guid":{"rendered":"http:\/\/portfolio-pre.uqac.ca\/gabarit\/?page_id=27"},"modified":"2023-03-09T14:53:52","modified_gmt":"2023-03-09T19:53:52","slug":"curriculum-vitae","status":"publish","type":"page","link":"https:\/\/portfolio.uqac.ca\/pascalfortin\/curriculum-vitae\/","title":{"rendered":"Curriculum vitae"},"content":{"rendered":"<h2><strong>\u00c9tudes et dipl\u00f4mes<\/strong><\/h2>\n<h5>Postdoctorat en g\u00e9nie logiciel et des technologies de l\u2019information (2021-2022)<\/h5>\n<p>Groupe de recherche en exp\u00e9rience haptique, avec le professeur Vincent L\u00e9vesque<br \/>\n\u00c9cole de technologie sup\u00e9rieure<br \/>\nMontr\u00e9al, QC, Canada<\/p>\n<h5>PhD en g\u00e9nie \u00e9lectrique et informatique (2016-2021)<\/h5>\n<p>Shared Reality Lab, avec le professeur Jeremy Cooperstock<br \/>\nUniversit\u00e9 McGill<br \/>\nMontr\u00e9al, QC, Canada<\/p>\n<h5>Baccalaur\u00e9at en g\u00e9nie \u00e9lectrique (2011-2015)<\/h5>\n<p>Universit\u00e9 du Qu\u00e9bec \u00e0 Chicoutimi<br \/>\nSaguenay, QC, Canada<\/p>\n<h2><strong><br \/>\nDistinctions et bourses<br \/>\n<\/strong><\/h2>\n<ul>\n<li>Bourse postdoctorale, Conseil de recherches en sciences naturelles et en g\u00e9nie du Canada (CRSNG)<\/li>\n<li>Outstanding Reviewer Award, <em>IEEE Haptics Symposium 2020<\/em><\/li>\n<li>Best Paper Honorable Mention Award (top 5 %), <em>ACM CHI 2019<\/em><\/li>\n<li>1re et 2e place dans la 1re et 2 phase du Wireless Innovation for a Networked Society (WINS) Challenge, <em>National Science Fondation (NSF) et fondation Mozilla<\/em><\/li>\n<li>Bourse doctorale (B2X), Fonds de recherche du Qu\u00e9bec \u2013 Nature et technologies (FRQNT)<\/li>\n<li>Bourse doctorale Les Vadasz, <em>Fondation Les Vadasz<\/em> via Universit\u00e9 McGill<\/li>\n<li>Bourse doctorale Hydro-Qu\u00e9bec, <em>Hydro-Qu\u00e9bec<\/em> via Universit\u00e9 McGill<\/li>\n<li>Bourse d\u2019innovation et commercialisation TechAccelR, <em>McGill Engineering Innovation and Entrepreneurship Centre<\/em>, Universit\u00e9 McGill<\/li>\n<\/ul>\n<h2><strong><br \/>\nAffiliations professionnelles<\/strong><\/h2>\n<ul>\n<li>Membre IEEE<\/li>\n<li>Membre ACM<\/li>\n<li>Membre et co-instructeur CanHaptics<\/li>\n<\/ul>\n<h2><strong><br \/>\nActivit\u00e9s<\/strong><\/h2>\n<ul>\n<li>Membre r\u00e9gulier du Comit\u00e9 d\u2019\u00e9thique \u00e0 la recherche (C\u00c9R) (2023 \u00e0 aujourd&#8217;hui)<\/li>\n<li>Mentorat du Club de comp\u00e9tition informatique de l\u2019UQAC, volet r\u00e9alit\u00e9 virtuelle et interactions humain-machine (2023 \u00e0 aujourd&#8217;hui)<\/li>\n<\/ul>\n","protected":false},"excerpt":{"rendered":"<p>\u00c9tudes et dipl\u00f4mes Postdoctorat en g\u00e9nie logiciel et des technologies de l\u2019information (2021-2022) Groupe de recherche en exp\u00e9rience haptique, avec le professeur Vincent L\u00e9vesque \u00c9cole de technologie sup\u00e9rieure Montr\u00e9al, QC, Canada PhD en g\u00e9nie \u00e9lectrique et informatique (2016-2021) Shared Reality Lab, avec le professeur Jeremy Cooperstock Universit\u00e9 McGill Montr\u00e9al, QC, Canada Baccalaur\u00e9at en g\u00e9nie \u00e9lectrique &hellip; <a href=\"https:\/\/portfolio.uqac.ca\/pascalfortin\/curriculum-vitae\/\" class=\"more-link\">Continuer la lecture de <span class=\"screen-reader-text\">Curriculum vitae<\/span>  <span class=\"meta-nav\">&rarr;<\/span><\/a><\/p>\n","protected":false},"author":89,"featured_media":0,"parent":0,"menu_order":0,"comment_status":"closed","ping_status":"closed","template":"","meta":{"footnotes":""},"tags":[],"_links":{"self":[{"href":"https:\/\/portfolio.uqac.ca\/pascalfortin\/wp-json\/wp\/v2\/pages\/27"}],"collection":[{"href":"https:\/\/portfolio.uqac.ca\/pascalfortin\/wp-json\/wp\/v2\/pages"}],"about":[{"href":"https:\/\/portfolio.uqac.ca\/pascalfortin\/wp-json\/wp\/v2\/types\/page"}],"author":[{"embeddable":true,"href":"https:\/\/portfolio.uqac.ca\/pascalfortin\/wp-json\/wp\/v2\/users\/89"}],"replies":[{"embeddable":true,"href":"https:\/\/portfolio.uqac.ca\/pascalfortin\/wp-json\/wp\/v2\/comments?post=27"}],"version-history":[{"count":10,"href":"https:\/\/portfolio.uqac.ca\/pascalfortin\/wp-json\/wp\/v2\/pages\/27\/revisions"}],"predecessor-version":[{"id":203,"href":"https:\/\/portfolio.uqac.ca\/pascalfortin\/wp-json\/wp\/v2\/pages\/27\/revisions\/203"}],"wp:attachment":[{"href":"https:\/\/portfolio.uqac.ca\/pascalfortin\/wp-json\/wp\/v2\/media?parent=27"}],"wp:term":[{"taxonomy":"post_tag","embeddable":true,"href":"https:\/\/portfolio.uqac.ca\/pascalfortin\/wp-json\/wp\/v2\/tags?post=27"}],"curies":[{"name":"wp","href":"https:\/\/api.w.org\/{rel}","templated":true}]}}