{"id":173,"date":"2017-02-11T20:31:50","date_gmt":"2017-02-12T01:31:50","guid":{"rendered":"http:\/\/portfolio-pre.uqac.ca\/paulbedard\/?page_id=173"},"modified":"2025-02-13T10:26:03","modified_gmt":"2025-02-13T15:26:03","slug":"etudiants","status":"publish","type":"page","link":"https:\/\/portfolio.uqac.ca\/paulbedard\/etudiants\/","title":{"rendered":"\u00c9tudiants"},"content":{"rendered":"<p><strong>Postodoc<\/strong><\/p>\n<ul>\n<li><strong>S\u00e9gol\u00e8ne Vandevelde (2022-2025)<\/strong> (en codirection avec Adelphine Bonneau (U. Sherbrooke))<br \/>\n\u00c9tude des encroutements associ\u00e9s aux peintures rupestres<\/li>\n<li><strong>Ghazanfar Latif (2021-2023)\u00a0<\/strong>(en codirection avec\u00a0<strong>Kevin Bouchard et Julien Maitre; d\u00e9pt. informatique et math\u00e9matique)<\/strong><br \/>\nIntelligence artificielle pour la reconnaissance optique des min\u00e9raux<\/li>\n<li><strong>Hugues Longu\u00e9p\u00e9e (2020)<\/strong><br \/>\nMat\u00e9riaux de r\u00e9f\u00e9rence pour la reconnaissance optique des min\u00e9raux<\/li>\n<li><strong>Charley Duran (2018-2019)<\/strong><br \/>\nReconnaissance optique des min\u00e9raux<\/li>\n<li><strong>Julien Maitre (2018)<\/strong><br \/>\nUtilisation de l&#8217;intelligence artificielle pour la reconnaissance optique de min\u00e9raux<\/li>\n<li><strong>Patrick T. Simard (2016)<\/strong><br \/>\nReconnaissance optique des grains d&#8217;or<\/li>\n<\/ul>\n<p><strong>Doctorat<\/strong><\/p>\n<ul>\n<li><strong>Diana Marcela S\u00e1nchez Celis (en cours)<\/strong><br \/>\n\u00c9tudes quantitatives des caract\u00e9ristiques morphologiques et g\u00e9ochimiques des pyrochlores, magn\u00e9tites et pyrites de la carbonatite de Saint-Honor\u00e9.<\/li>\n<li><strong>Nils van Weelderen (en cours)<br \/>\n<\/strong>\u00c9tude des m\u00e9canismes de concentration du niobium dans la carbonatite de Saint-Honor\u00e9<\/li>\n<li><strong>Arnaud Back (en cours)<\/strong><br \/>\nAcquisition et quantification des textures p\u00e9trographiques\u00a0\u00e0 l&#8217;aide\u00a0de l&#8217;apprentissage profond.<\/li>\n<li><strong>Dany Savard (en cours)<\/strong> (en\u00a0codirection avec Sarah Dare)<br \/>\nD\u00e9veloppement d&#8217;une m\u00e9thodologie pour un syst\u00e8me d&#8217;analyse par ablation laser femtoseconde coupl\u00e9 \u00e0 un spectrom\u00e8tre de masse \u00e0 temps de vol<\/li>\n<\/ul>\n<p><strong>Maitrise<\/strong><\/p>\n<ul>\n<li><strong>R\u00e9mi Lahue (en cours)<\/strong><br \/>\nQuantification de la taille des paillettes de graphite en lame mince.<\/li>\n<li><strong>David S\u00e9n\u00e9chal (2025)<\/strong><br \/>\n\u00c9tude des transformation physique de l&#8217;apatite comme engrais biologique<\/li>\n<li><strong>Charles St-Laurent (2024)<\/strong><br \/>\nCarbonatite de Girardville (en collaboration avec le Minist\u00e8re des richesses naturelles du Qu\u00e9bec).<\/li>\n<li><strong>Julien Huguet (2019)<\/strong> (en codirection; directeur principal Lucie Mathieu)<br \/>\nCaract\u00e9risation min\u00e9ralogique et chimique du pluton de Chevrillon et de sa relation avec son encaissant s\u00e9dimentaire (r\u00e9gion de Chibougamau, Qu\u00e9bec)<\/li>\n<li><strong>Donovan Desjardins<\/strong> (2022)<br \/>\nP\u00e9trographie et g\u00e9ochimie des pyrochlore de la carbonatite de Saint-Honor\u00e9<\/li>\n<li><strong>Ludivine Mathieu<\/strong> (2018)<br \/>\nReconnaissance optique automatis\u00e9e de sulfures et de grenats<\/li>\n<li><strong>Jean-Fran\u00e7ois Boivin<\/strong>\u00a0(abandon)<br \/>\nFabrication et caract\u00e9risation d&#8217;un mat\u00e9riau de r\u00e9f\u00e9rence pour les grains d&#8217;or dans les concentr\u00e9s de min\u00e9raux lourds<\/li>\n<li><strong>Jo\u00eblle Thiboutot-Goyette<\/strong> (2017)<br \/>\n\u00c9tude de la contamination des formations de fer de Fermont<\/li>\n<li><strong>Dany Desroches<\/strong> (2018)<br \/>\nAd\u00e9quation de la fluorescence X portative pour \u00e9valuer la qualit\u00e9 du quartz d&#8217;une usine de ferrosilicium<\/li>\n<li><strong>Jonathan Tremblay<\/strong> (2017)<br \/>\nColumbitisation du pyrochlore dans la carbonatite de Saint-Honor\u00e9<\/li>\n<li><strong>Alexandre N\u00e9ron<\/strong> (2015)<br \/>\nCaract\u00e9risation de la min\u00e9ralisation de la zone \u00e0 terres rares de la carbonatite de Saint-Honor\u00e9, Qu\u00e9bec, Canada<\/li>\n<\/ul>\n<p><strong>Projet de fin d&#8217;\u00e9tudes<\/strong><\/p>\n<ul>\n<li><strong>David S\u00e9n\u00e9chal (2022) (codirection avec Julien Walter)<\/strong><br \/>\n\u00c9tude des transformation physique de l&#8217;apatite comme engrais biologique<\/li>\n<li><strong>Karim Simard et Pierre St-Hilaire<\/strong> (2018)<br \/>\n<span lang=\"FR\">Conception d\u2019un protocole d\u2019estimation du CO<sub>2\u00a0<\/sub>s\u00e9questr\u00e9 passivement dans les r\u00e9sidus de bauxite<\/span><\/li>\n<li><strong>David Morel<\/strong>\u00a0(2017)<br \/>\nConception d&#8217;un protocole d&#8217;\u00e9tude des tills pour l&#8217;exploration min\u00e9rale<\/li>\n<li><b>\u00c9milie Dos Santos<\/b> (2017)<br \/>\nConception d\u2019indices de fertilit\u00e9 pour les carbonatites \u00e0 niobium et terres rares \u00e0 l\u2019aide de la g\u00e9ochimie des lamprophyres<\/li>\n<li><strong>David Brunette<\/strong> (2017)<br \/>\nP\u00e9trographie et g\u00e9ochimie\u00a0des carbonates de la carbonatite de Saint-Honor\u00e9<\/li>\n<li><strong>Karolan Tremblay<\/strong> (2017)<br \/>\n\u00c9tude sur le protocole de la r\u00e9cup\u00e9ration des grains d\u2019or dans la fraction ultrafine (&lt;5 \u00b5m) des tills.<\/li>\n<li><strong>Guillaume Ratth\u00e9<\/strong> (2014)<br \/>\nCaract\u00e9risation des enclaves de sy\u00e9nites du Complexe alcalin de Saint-Honor\u00e9<\/li>\n<li><strong>Fran\u00e7ois Downey<\/strong> (2013)<br \/>\nCaract\u00e9risation de la magn\u00e9tite du gisement de niobium de Niobec, Saint-Honor\u00e9<br \/>\nCodirection : Damien Gaboury<\/li>\n<li><strong>Francis Guay<\/strong> (2013)<br \/>\n\u00c9tude du rapport S\/Se dans les sulfates et les sulfures de la zone \u00e0 terres rares de la carbonatite de Saint-Honor\u00e9<\/li>\n<li><strong>Sandra Lalancette<\/strong> (2013)<br \/>\n\u00c9valuation des performances de l\u2019analyseur XRF portatif<\/li>\n<li><strong>Louis-Mathieu Tremblay<\/strong> (2013)<br \/>\nCaract\u00e9risation p\u00e9trographique et g\u00e9ochimique de la baryte de la zone \u00e0 terres rares du complexe alcalin de Saint-Honor\u00e9 &#8211; d\u00e9veloppement d\u2019une m\u00e9thode d\u2019analyse par LA-ICP-MS pour les \u00e9l\u00e9ments traces appliqu\u00e9e \u00e0 la baryte<\/li>\n<li><strong>Gabrielle Rochefort<\/strong> (2012)<br \/>\nAnalyse et optimisation des param\u00e8tres du LA-ICP-MS pour une cartographie chimique<\/li>\n<li><strong>Lou Millot<\/strong> (2012)<br \/>\nCaract\u00e9risation et quantification de la contamination lors du broyage au \u00ab\u00a0Shatterbox\u00a08530\u00bb (broyeur \u00e0 anneau en Carbure de Tungst\u00e8ne)<\/li>\n<\/ul>\n<p><strong>Stagiaires internationaux<\/strong><\/p>\n<ul>\n<li>Caroline Da Costa Gon\u00e7alvez (2017; Br\u00e9sil)<\/li>\n<\/ul>\n","protected":false},"excerpt":{"rendered":"<p>Postodoc S\u00e9gol\u00e8ne Vandevelde (2022-2025) (en codirection avec Adelphine Bonneau (U. Sherbrooke)) \u00c9tude des encroutements associ\u00e9s aux peintures rupestres Ghazanfar Latif (2021-2023)\u00a0(en codirection avec\u00a0Kevin Bouchard et Julien Maitre; d\u00e9pt. informatique et math\u00e9matique) Intelligence artificielle pour la reconnaissance optique des min\u00e9raux Hugues Longu\u00e9p\u00e9e (2020) Mat\u00e9riaux de r\u00e9f\u00e9rence pour la reconnaissance optique des min\u00e9raux Charley Duran (2018-2019) Reconnaissance &hellip; <a href=\"https:\/\/portfolio.uqac.ca\/paulbedard\/etudiants\/\" class=\"more-link\">Continuer la lecture de <span class=\"screen-reader-text\">\u00c9tudiants<\/span>  <span class=\"meta-nav\">&rarr;<\/span><\/a><\/p>\n","protected":false},"author":160,"featured_media":0,"parent":0,"menu_order":0,"comment_status":"closed","ping_status":"closed","template":"","meta":{"footnotes":""},"tags":[],"_links":{"self":[{"href":"https:\/\/portfolio.uqac.ca\/paulbedard\/wp-json\/wp\/v2\/pages\/173"}],"collection":[{"href":"https:\/\/portfolio.uqac.ca\/paulbedard\/wp-json\/wp\/v2\/pages"}],"about":[{"href":"https:\/\/portfolio.uqac.ca\/paulbedard\/wp-json\/wp\/v2\/types\/page"}],"author":[{"embeddable":true,"href":"https:\/\/portfolio.uqac.ca\/paulbedard\/wp-json\/wp\/v2\/users\/160"}],"replies":[{"embeddable":true,"href":"https:\/\/portfolio.uqac.ca\/paulbedard\/wp-json\/wp\/v2\/comments?post=173"}],"version-history":[{"count":23,"href":"https:\/\/portfolio.uqac.ca\/paulbedard\/wp-json\/wp\/v2\/pages\/173\/revisions"}],"predecessor-version":[{"id":377,"href":"https:\/\/portfolio.uqac.ca\/paulbedard\/wp-json\/wp\/v2\/pages\/173\/revisions\/377"}],"wp:attachment":[{"href":"https:\/\/portfolio.uqac.ca\/paulbedard\/wp-json\/wp\/v2\/media?parent=173"}],"wp:term":[{"taxonomy":"post_tag","embeddable":true,"href":"https:\/\/portfolio.uqac.ca\/paulbedard\/wp-json\/wp\/v2\/tags?post=173"}],"curies":[{"name":"wp","href":"https:\/\/api.w.org\/{rel}","templated":true}]}}