{"id":27,"date":"2019-07-18T09:07:10","date_gmt":"2019-07-18T13:07:10","guid":{"rendered":"http:\/\/portfolio-pre.uqac.ca\/gabarit\/?page_id=27"},"modified":"2021-11-04T21:06:17","modified_gmt":"2021-11-05T01:06:17","slug":"curriculum-vitae","status":"publish","type":"page","link":"https:\/\/portfolio.uqac.ca\/philippeboigey\/curriculum-vitae\/","title":{"rendered":"Curriculum vitae"},"content":{"rendered":"<h2><strong>Dipl\u00f4mes<\/strong><\/h2>\n<p style=\"text-align: justify\"><strong>2009-2015\u00a0 <\/strong>Doctorat en Sciences de Gestion,\u00a0D.Sc. , (mention tr\u00e8s honorable avec les f\u00e9licitations du jury) , mention Strat\u00e9gie, Universit\u00e9 de Toulouse Capitole I. Titre de la th\u00e8se \u00ab\u00a0Essai de mod\u00e9lisation de la complexit\u00e9 sociale des projets\u00a0\u00bb.<\/p>\n<p style=\"text-align: justify\"><strong>2010-2012\u00a0 \u00a0<\/strong>Dipl\u00f4me de troisi\u00e8me cycle de recherche, d\u00e9cern\u00e9 par l\u2019\u00e9cole doctorale de l\u2019IAE de l\u2019Universit\u00e9 de Toulouse\u00a0 Capitole I.<\/p>\n<p style=\"text-align: justify\"><strong>2010-2011\u00a0<\/strong>S<em>ystem Dynamics &#8211; Advanced Diploma (postgraduate, Master II)<\/em>, Universitat Polit\u00e8cnica de Catalunya, Barcelone, Espagne.<\/p>\n<p style=\"text-align: justify\"><strong>2008-2009\u00a0<\/strong>Master parcours Recherche (Master II compl\u00e9mentaire), IAE de l\u2019Universit\u00e9 de Toulouse\u00a0 Capitole I.<\/p>\n<p style=\"text-align: justify\"><strong>2006-2007<\/strong>\u00a0Master Management (Master II) de la qualit\u00e9, BEM Bordeaux, d\u00e9partement ISMQ. Sujet du m\u00e9moire \u00ab\u00a0Ordre et d\u00e9sordre dans les organisations\u00a0\u00bb, avec les f\u00e9licitations du jury et publication dans les cahiers de recherche.<\/p>\n<p style=\"text-align: justify\">Obtention de deux certificats\u00a0 professionnels : Certificat de Formation \u00e0 \u00ab\u00a0l&#8217;Audit EFQM\u00a0\u00bb, et Certificat de Formation \u00e0 \u00ab\u00a0l&#8217;Audit interne Qualit\u00e9\u00a0\u00bb.<\/p>\n<p style=\"text-align: justify\"><strong>2006-2007\u00a0 <\/strong><em>System Dynamics Diploma (graduate, Master I)<\/em>, Universitat Polit\u00e8cnica de Catalunya, Barcelone, Espagne.<\/p>\n<h2>Implications\u00a0et affiliations\u00a0acad\u00e9miques<strong><br \/>\n<\/strong><\/h2>\n<ul>\n<li>Responsable du laboratoire d\u2019\u00e9tudes multidisciplinaires en gestion de projet (<a href=\"https:\/\/www.uqac.ca\/lemgp\/\" target=\"_blank\">LemGP<\/a>),<\/li>\n<li>Membre du comit\u00e9 scientifique de la Revue <a href=\"https:\/\/revues.uqac.ca\/index.php\/ad_machina\">Ad Machina<\/a>, UQAC,<\/li>\n<li style=\"text-align: justify\"><em>Administrateur du Project Management Institute (PMI), <a href=\"https:\/\/pmiquebec.qc.ca\/\">Chapitre de Levis-Qu\u00e9bec<\/a>,<\/em><\/li>\n<li style=\"text-align: justify\">Membre de la <em>System Dynamics Society<\/em> (SDS),<\/li>\n<li style=\"text-align: justify\">Membre fondateur de la chaire Entrepreneuriat de l\u2019Universit\u00e9 Paul Sabatier \u2013 Toulouse III,<\/li>\n<li style=\"text-align: justify\"><em>Reviewer<\/em> pour <em>l\u2019International Conference of the System Dynamics Society<\/em> depuis 2016,<\/li>\n<li style=\"text-align: justify\"><em>Reviewer<\/em> pour la conf\u00e9rence EURopean Academy of Management depuis 2017,<\/li>\n<li style=\"text-align: justify\">Secr\u00e9taire de la Soci\u00e9t\u00e9 Europ\u00e9enne de Projectique.<\/li>\n<\/ul>\n<h2><\/h2>\n","protected":false},"excerpt":{"rendered":"<p>Dipl\u00f4mes 2009-2015\u00a0 Doctorat en Sciences de Gestion,\u00a0D.Sc. , (mention tr\u00e8s honorable avec les f\u00e9licitations du jury) , mention Strat\u00e9gie, Universit\u00e9 de Toulouse Capitole I. Titre de la th\u00e8se \u00ab\u00a0Essai de mod\u00e9lisation de la complexit\u00e9 sociale des projets\u00a0\u00bb. 2010-2012\u00a0 \u00a0Dipl\u00f4me de troisi\u00e8me cycle de recherche, d\u00e9cern\u00e9 par l\u2019\u00e9cole doctorale de l\u2019IAE de l\u2019Universit\u00e9 de Toulouse\u00a0 Capitole &hellip; <a href=\"https:\/\/portfolio.uqac.ca\/philippeboigey\/curriculum-vitae\/\" class=\"more-link\">Continuer la lecture de <span class=\"screen-reader-text\">Curriculum vitae<\/span>  <span class=\"meta-nav\">&rarr;<\/span><\/a><\/p>\n","protected":false},"author":89,"featured_media":0,"parent":0,"menu_order":0,"comment_status":"closed","ping_status":"closed","template":"","meta":{"footnotes":""},"tags":[],"_links":{"self":[{"href":"https:\/\/portfolio.uqac.ca\/philippeboigey\/wp-json\/wp\/v2\/pages\/27"}],"collection":[{"href":"https:\/\/portfolio.uqac.ca\/philippeboigey\/wp-json\/wp\/v2\/pages"}],"about":[{"href":"https:\/\/portfolio.uqac.ca\/philippeboigey\/wp-json\/wp\/v2\/types\/page"}],"author":[{"embeddable":true,"href":"https:\/\/portfolio.uqac.ca\/philippeboigey\/wp-json\/wp\/v2\/users\/89"}],"replies":[{"embeddable":true,"href":"https:\/\/portfolio.uqac.ca\/philippeboigey\/wp-json\/wp\/v2\/comments?post=27"}],"version-history":[{"count":18,"href":"https:\/\/portfolio.uqac.ca\/philippeboigey\/wp-json\/wp\/v2\/pages\/27\/revisions"}],"predecessor-version":[{"id":223,"href":"https:\/\/portfolio.uqac.ca\/philippeboigey\/wp-json\/wp\/v2\/pages\/27\/revisions\/223"}],"wp:attachment":[{"href":"https:\/\/portfolio.uqac.ca\/philippeboigey\/wp-json\/wp\/v2\/media?parent=27"}],"wp:term":[{"taxonomy":"post_tag","embeddable":true,"href":"https:\/\/portfolio.uqac.ca\/philippeboigey\/wp-json\/wp\/v2\/tags?post=27"}],"curies":[{"name":"wp","href":"https:\/\/api.w.org\/{rel}","templated":true}]}}