{"id":4,"date":"2019-07-18T09:07:10","date_gmt":"2019-07-18T13:07:10","guid":{"rendered":"http:\/\/portfolio-pre.uqac.ca\/gabarit\/?page_id=4"},"modified":"2021-11-04T21:14:50","modified_gmt":"2021-11-05T01:14:50","slug":"presentatio","status":"publish","type":"page","link":"https:\/\/portfolio.uqac.ca\/philippeboigey\/","title":{"rendered":"Pr\u00e9sentation"},"content":{"rendered":"<h2>Philippe Boigey<\/h2>\n<p style=\"text-align: justify\">Professeur en management de projet, au d\u00e9partement des sciences \u00e9conomiques et administratives.<br \/>\nDirecteur, Doctorat en Management de Projets (DMP), UQAC<br \/>\nResponsable du Laboratoire d\u2019Etudes<br \/>\nMultidisciplinaires en Gestion de Projet (<a href=\"https:\/\/www.uqac.ca\/lemgp\/\">LemGP<\/a>)<br \/>\nAdministrateur du <a href=\"https:\/\/pmiquebec.qc.ca\/\">PMI, Chapitre L\u00e9vis-Qu\u00e9bec<\/a><\/p>\n<h2>Champs d&#8217;int\u00e9r\u00eat<\/h2>\n<ul>\n<li>Gestion de projet et co-construction<\/li>\n<li>Gestion des parties prenantes<\/li>\n<li>Complexit\u00e9 des projets<\/li>\n<li>Mod\u00e9lisation et simulation des projets<\/li>\n<li>Approche syst\u00e9mique des projets<\/li>\n<\/ul>\n","protected":false},"excerpt":{"rendered":"<p>Philippe Boigey Professeur en management de projet, au d\u00e9partement des sciences \u00e9conomiques et administratives. Directeur, Doctorat en Management de Projets (DMP), UQAC Responsable du Laboratoire d\u2019Etudes Multidisciplinaires en Gestion de Projet (LemGP) Administrateur du PMI, Chapitre L\u00e9vis-Qu\u00e9bec Champs d&#8217;int\u00e9r\u00eat Gestion de projet et co-construction Gestion des parties prenantes Complexit\u00e9 des projets Mod\u00e9lisation et simulation des &hellip; <a href=\"https:\/\/portfolio.uqac.ca\/philippeboigey\/\" class=\"more-link\">Continuer la lecture de <span class=\"screen-reader-text\">Pr\u00e9sentation<\/span>  <span class=\"meta-nav\">&rarr;<\/span><\/a><\/p>\n","protected":false},"author":89,"featured_media":0,"parent":0,"menu_order":0,"comment_status":"closed","ping_status":"closed","template":"","meta":{"footnotes":""},"tags":[],"_links":{"self":[{"href":"https:\/\/portfolio.uqac.ca\/philippeboigey\/wp-json\/wp\/v2\/pages\/4"}],"collection":[{"href":"https:\/\/portfolio.uqac.ca\/philippeboigey\/wp-json\/wp\/v2\/pages"}],"about":[{"href":"https:\/\/portfolio.uqac.ca\/philippeboigey\/wp-json\/wp\/v2\/types\/page"}],"author":[{"embeddable":true,"href":"https:\/\/portfolio.uqac.ca\/philippeboigey\/wp-json\/wp\/v2\/users\/89"}],"replies":[{"embeddable":true,"href":"https:\/\/portfolio.uqac.ca\/philippeboigey\/wp-json\/wp\/v2\/comments?post=4"}],"version-history":[{"count":18,"href":"https:\/\/portfolio.uqac.ca\/philippeboigey\/wp-json\/wp\/v2\/pages\/4\/revisions"}],"predecessor-version":[{"id":221,"href":"https:\/\/portfolio.uqac.ca\/philippeboigey\/wp-json\/wp\/v2\/pages\/4\/revisions\/221"}],"wp:attachment":[{"href":"https:\/\/portfolio.uqac.ca\/philippeboigey\/wp-json\/wp\/v2\/media?parent=4"}],"wp:term":[{"taxonomy":"post_tag","embeddable":true,"href":"https:\/\/portfolio.uqac.ca\/philippeboigey\/wp-json\/wp\/v2\/tags?post=4"}],"curies":[{"name":"wp","href":"https:\/\/api.w.org\/{rel}","templated":true}]}}