{"id":27,"date":"2020-06-02T11:22:41","date_gmt":"2020-06-02T15:22:41","guid":{"rendered":"http:\/\/portfolio-pre.uqac.ca\/gabarit\/?page_id=27"},"modified":"2023-09-18T16:09:47","modified_gmt":"2023-09-18T20:09:47","slug":"curriculum-vitae","status":"publish","type":"page","link":"https:\/\/portfolio.uqac.ca\/realdaigneault\/curriculum-vitae\/","title":{"rendered":"Curriculum vitae"},"content":{"rendered":"<h2><strong>Dipl\u00f4mes<\/strong><\/h2>\n<table style=\"height: 231px\" width=\"738\">\n<tbody>\n<tr>\n<td width=\"120\">1987-1991<\/td>\n<td width=\"521\"><strong>Doctorat en G\u00e9ologie de l&#8217;Universit\u00e9 Laval de Qu\u00e9bec<\/strong> portant sur l&#8217;\u00e9volution structurale du segment de roches vertes arch\u00e9ennes de la r\u00e9gion de Chibougamau.<\/td>\n<\/tr>\n<tr>\n<td width=\"120\">1980-1983<\/td>\n<td width=\"521\"><strong>Ma\u00eetrise en Sciences Appliqu\u00e9es de l&#8217;\u00c9cole Polytechnique de Montr\u00e9al<\/strong> portant sur la g\u00e9ologie et la g\u00e9ochimie de la Mine d&#8217;or Lamaque, Val-d&#8217;Or.<\/td>\n<\/tr>\n<tr>\n<td width=\"120\">1977-1980<\/td>\n<td width=\"521\"><strong>Baccalaur\u00e9at en G\u00e9ologie de l&#8217;Universit\u00e9 de Montr\u00e9al<\/strong><\/td>\n<\/tr>\n<\/tbody>\n<\/table>\n<h2><strong><br \/>\nExp\u00e9rience\u00a0<\/strong>professionnelle<\/h2>\n<table width=\"646\">\n<tbody>\n<tr>\n<td width=\"118\">2020 \u2013 2023<\/td>\n<td width=\"528\"><strong>Directeur de l\u2019Unit\u00e9 d\u2019enseignement en Sciences de la Terre (programmes de g\u00e9ologie, g\u00e9nie g\u00e9ologique, Ma\u00eetrise en g\u00e9nie g\u00e9ologique et en g\u00e9ologie, Ma\u00eetrise professionnelle en exploration min\u00e9rale, Doctorat en Sciences de la Terre et de L\u2019Atmosph\u00e8re)<\/strong><\/td>\n<\/tr>\n<tr>\n<td width=\"118\">2021<\/td>\n<td width=\"528\"><strong>Vice-recteur int\u00e9rimaire aux partenariats, aux affaires internationales et autochtones \u2013 Universit\u00e9 du\u00a0 Qu\u00e9bec\u00a0 \u00e0 Chicoutimi<\/strong><\/td>\n<\/tr>\n<tr>\n<td width=\"118\">2018 &#8211; 2020<\/td>\n<td width=\"528\"><strong>Vice-recteur int\u00e9rimaire \u00e0 l\u2019enseignement, la recherche et la cr\u00e9ation\u00a0 &#8211; Universit\u00e9 du\u00a0 Qu\u00e9bec\u00a0 \u00e0 Chicoutimi<\/strong><\/td>\n<\/tr>\n<tr>\n<td width=\"118\">De 1991<\/p>\n<p>jusqu&#8217;\u00e0 pr\u00e9sent<\/td>\n<td width=\"528\"><strong>Professeur r\u00e9gulier &#8211; Universit\u00e9 du\u00a0 Qu\u00e9bec\u00a0 \u00e0 Chicoutimi<\/strong>\u00a0\u00a0\u00a0 Enseignement des cours de g\u00e9ologie structurale, G\u00e9omatique appliqu\u00e9e, camp de planim\u00e9trie, camp de Pr\u00e9cambrien et de g\u00e9ologie mini\u00e8re.<\/td>\n<\/tr>\n<tr>\n<td width=\"118\">De 1988\u00a0 \u00e0\u00a0 1991<\/td>\n<td width=\"528\"><strong>Professeur-chercheur sous octroi &#8211; Universit\u00e9 du Qu\u00e9bec \u00e0 Chicoutimi\u00a0\u00a0 <\/strong>Projets de recherche sur les zones de failles de la Sous-province de l&#8217;Abitibi en collaboration avec l&#8217;industrie min\u00e9rale et le minist\u00e8re de l&#8217;\u00c9nergie et des Ressources du Qu\u00e9bec.<\/td>\n<\/tr>\n<tr>\n<td width=\"118\">De 1982 \u00e0 1988<\/p>\n<p>&nbsp;<\/td>\n<td width=\"528\"><strong>G\u00e9ologue &#8211; chef de projet au minist\u00e8re de l&#8217;\u00c9nergie et des Ressources du Qu\u00e9bec\u00a0 &#8211; <\/strong>Cartographie g\u00e9ologique de la r\u00e9gion de Chibougamau dans la Sous-province d\u2019Abitibi.<\/td>\n<\/tr>\n<\/tbody>\n<\/table>\n<p>&nbsp;<\/p>\n<h2>\u00a0Autres fonctions<\/h2>\n<table style=\"height: 47px\" width=\"478\">\n<tbody>\n<tr>\n<td width=\"93\"><strong>2002 &#8211; 2019<\/strong><\/td>\n<td width=\"372\"><strong>Directeur du Centre d\u2019\u00c9tudes sur les Ressources min\u00e9rales (CERM)<\/strong><\/td>\n<\/tr>\n<\/tbody>\n<\/table>\n<p><a href=\"https:\/\/portfolio.uqac.ca\/realdaigneault\/files\/2020\/06\/CERM.png\"><img loading=\"lazy\" decoding=\"async\" class=\"alignnone size-large wp-image-230\" src=\"https:\/\/portfolio.uqac.ca\/realdaigneault\/files\/2020\/06\/CERM-1024x600.png\" alt=\"\" width=\"474\" height=\"278\" srcset=\"https:\/\/portfolio.uqac.ca\/realdaigneault\/files\/2020\/06\/CERM-1024x600.png 1024w, https:\/\/portfolio.uqac.ca\/realdaigneault\/files\/2020\/06\/CERM-300x176.png 300w, https:\/\/portfolio.uqac.ca\/realdaigneault\/files\/2020\/06\/CERM-768x450.png 768w, https:\/\/portfolio.uqac.ca\/realdaigneault\/files\/2020\/06\/CERM.png 1108w\" sizes=\"(max-width: 474px) 100vw, 474px\" \/><\/a><\/p>\n<table>\n<tbody>\n<tr>\n<td width=\"91\"><strong>1999 \u00a0&#8211;\u00a0 2019<\/strong><\/td>\n<td width=\"373\"><strong>Directeur Coordonnateur du Consortium de recherche en exploration min\u00e9rale (CONSOREM)<\/strong><\/td>\n<\/tr>\n<\/tbody>\n<\/table>\n<h2><a href=\"https:\/\/portfolio.uqac.ca\/realdaigneault\/files\/2020\/06\/CERM.png\"><img loading=\"lazy\" decoding=\"async\" class=\"alignnone size-large wp-image-230\" src=\"https:\/\/portfolio.uqac.ca\/realdaigneault\/files\/2020\/06\/CERM-1024x600.png\" alt=\"\" width=\"474\" height=\"278\" srcset=\"https:\/\/portfolio.uqac.ca\/realdaigneault\/files\/2020\/06\/CERM-1024x600.png 1024w, https:\/\/portfolio.uqac.ca\/realdaigneault\/files\/2020\/06\/CERM-300x176.png 300w, https:\/\/portfolio.uqac.ca\/realdaigneault\/files\/2020\/06\/CERM-768x450.png 768w, https:\/\/portfolio.uqac.ca\/realdaigneault\/files\/2020\/06\/CERM.png 1108w\" sizes=\"(max-width: 474px) 100vw, 474px\" \/><\/a><\/h2>\n<table style=\"height: 71px\" width=\"474\">\n<tbody>\n<tr>\n<td width=\"136\"><strong>2009 &#8211;\u00a0 2019<\/strong><\/td>\n<td width=\"328\"><strong>Co-coordonnateur du PACES-UQAC (avec Alain Rouleau jusqu\u2019en 2016 puis avec Romain Chesnaux jusqu&#8217;en 2019)<\/strong><\/td>\n<\/tr>\n<\/tbody>\n<\/table>\n<h2><a href=\"https:\/\/portfolio.uqac.ca\/realdaigneault\/files\/2020\/06\/paces.png\"><img loading=\"lazy\" decoding=\"async\" class=\"alignnone size-large wp-image-233\" src=\"https:\/\/portfolio.uqac.ca\/realdaigneault\/files\/2020\/06\/paces-1024x467.png\" alt=\"\" width=\"474\" height=\"216\" srcset=\"https:\/\/portfolio.uqac.ca\/realdaigneault\/files\/2020\/06\/paces-1024x467.png 1024w, https:\/\/portfolio.uqac.ca\/realdaigneault\/files\/2020\/06\/paces-300x137.png 300w, https:\/\/portfolio.uqac.ca\/realdaigneault\/files\/2020\/06\/paces-768x350.png 768w, https:\/\/portfolio.uqac.ca\/realdaigneault\/files\/2020\/06\/paces.png 1121w\" sizes=\"(max-width: 474px) 100vw, 474px\" \/><\/a><\/h2>\n<h2><strong>Distinctions et bourses<\/strong><\/h2>\n<p><strong>2013<\/strong> \u00a0\u00a0\u00a0\u00a0\u00a0\u00a0\u00a0\u00a0\u00a0\u00a0\u00a0\u00a0\u00a0\u00a0\u00a0\u00a0\u00a0\u00a0\u00a0\u00a0\u00a0\u00a0\u00a0 <strong>Grand M\u00e9rite C\u00f4me-Carbonneau<\/strong><strong>. Ordre des g\u00e9ologues du Qu\u00e9bec<\/strong>. Accord\u00e9 en reconnaissance de r\u00e9alisations exceptionnelles dans le d\u00e9veloppement des sciences de la Terre.<\/p>\n<p><strong>2011<\/strong> \u00a0\u00a0\u00a0\u00a0\u00a0\u00a0\u00a0\u00a0\u00a0\u00a0\u00a0\u00a0\u00a0\u00a0\u00a0\u00a0\u00a0\u00a0\u00a0\u00a0\u00a0\u00a0\u00a0 <strong>Prix Jean Descarreaux 2011<\/strong> &#8211; <strong>Association de l&#8217;exploration min\u00e9rale du Qu\u00e9bec<\/strong>. Donn\u00e9 pour une contribution significative \u00e0 l&#8217;exploration min\u00e9rale.<\/p>\n<p><strong>1997\u00a0\u00a0\u00a0\u00a0\u00a0\u00a0\u00a0\u00a0\u00a0\u00a0\u00a0\u00a0\u00a0\u00a0\u00a0\u00a0\u00a0\u00a0\u00a0\u00a0\u00a0\u00a0\u00a0\u00a0 Co-r\u00e9cipiendaire de la m\u00e9daille Barlow de l&#8217;Institut Canadien des Mines et de la M\u00e9tallurgie<\/strong> pour la publication sur les veines aurif\u00e8res de la mine G\u00e9ant Dormant, Abitibi, Qu\u00e9bec.<\/p>\n<p><strong>1996\u00a0 \u00a0\u00a0\u00a0\u00a0\u00a0\u00a0\u00a0\u00a0\u00a0\u00a0\u00a0\u00a0\u00a0\u00a0\u00a0\u00a0\u00a0\u00a0\u00a0\u00a0\u00a0 Prix Jean Descarreaux de l&#8217;Association des prospecteurs du Qu\u00e9bec &#8211; <\/strong>Donn\u00e9 pour une contribution significative \u00e0 l&#8217;exploration min\u00e9rale.<\/p>\n<p><strong>1995<\/strong>\u00a0\u00a0\u00a0\u00a0\u00a0\u00a0\u00a0\u00a0\u00a0\u00a0\u00a0\u00a0\u00a0\u00a0\u00a0\u00a0\u00a0\u00a0\u00a0\u00a0\u00a0\u00a0\u00a0\u00a0 <strong>Co-r\u00e9cipiendaire de la m\u00e9daille Barlow de l&#8217;Institut Canadien des Mines et de la M\u00e9tallurgie<\/strong> pour la publication de Lavalli\u00e8re et al. sur les chemin\u00e9es de sulfures massifs de la r\u00e9gion de Matagami, Qu\u00e9bec.<\/p>\n<p><strong>1984 \u00a0\u00a0\u00a0\u00a0\u00a0\u00a0\u00a0\u00a0\u00a0\u00a0\u00a0\u00a0\u00a0\u00a0\u00a0\u00a0\u00a0\u00a0\u00a0\u00a0\u00a0\u00a0\u00a0 1<sup>er<\/sup> Marteau d&#8217;Or<\/strong> au S\u00e9minaire d&#8217;information du Minist\u00e8re des Ressources Naturelles. Pris remis pour la meilleure photo pr\u00e9sentation.<\/p>\n<h2><strong>Titres de comp\u00e9tences<\/strong><\/h2>\n<table>\n<tbody>\n<tr>\n<td width=\"97\">Titre<\/td>\n<td width=\"80\">No<\/td>\n<td width=\"175\">Ordre<\/td>\n<td width=\"84\">Ann\u00e9e<\/td>\n<\/tr>\n<tr>\n<td width=\"97\">Ing\u00e9nieur<\/td>\n<td width=\"80\">120932<\/td>\n<td width=\"175\">Ordre des ing\u00e9nieurs du Qu\u00e9bec<\/td>\n<td width=\"84\">2000<\/td>\n<\/tr>\n<tr>\n<td width=\"97\">G\u00e9ologue<\/td>\n<td width=\"80\">0305<\/td>\n<td width=\"175\">Ordre des g\u00e9ologues du Qu\u00e9bec<\/td>\n<td width=\"84\">1998<\/td>\n<\/tr>\n<\/tbody>\n<\/table>\n<h2><strong>\u00a0<\/strong><\/h2>\n","protected":false},"excerpt":{"rendered":"<p>Dipl\u00f4mes 1987-1991 Doctorat en G\u00e9ologie de l&#8217;Universit\u00e9 Laval de Qu\u00e9bec portant sur l&#8217;\u00e9volution structurale du segment de roches vertes arch\u00e9ennes de la r\u00e9gion de Chibougamau. 1980-1983 Ma\u00eetrise en Sciences Appliqu\u00e9es de l&#8217;\u00c9cole Polytechnique de Montr\u00e9al portant sur la g\u00e9ologie et la g\u00e9ochimie de la Mine d&#8217;or Lamaque, Val-d&#8217;Or. 1977-1980 Baccalaur\u00e9at en G\u00e9ologie de l&#8217;Universit\u00e9 de &hellip; <a href=\"https:\/\/portfolio.uqac.ca\/realdaigneault\/curriculum-vitae\/\" class=\"more-link\">Continuer la lecture de <span class=\"screen-reader-text\">Curriculum vitae<\/span>  <span class=\"meta-nav\">&rarr;<\/span><\/a><\/p>\n","protected":false},"author":89,"featured_media":0,"parent":0,"menu_order":0,"comment_status":"closed","ping_status":"closed","template":"","meta":{"footnotes":""},"tags":[],"_links":{"self":[{"href":"https:\/\/portfolio.uqac.ca\/realdaigneault\/wp-json\/wp\/v2\/pages\/27"}],"collection":[{"href":"https:\/\/portfolio.uqac.ca\/realdaigneault\/wp-json\/wp\/v2\/pages"}],"about":[{"href":"https:\/\/portfolio.uqac.ca\/realdaigneault\/wp-json\/wp\/v2\/types\/page"}],"author":[{"embeddable":true,"href":"https:\/\/portfolio.uqac.ca\/realdaigneault\/wp-json\/wp\/v2\/users\/89"}],"replies":[{"embeddable":true,"href":"https:\/\/portfolio.uqac.ca\/realdaigneault\/wp-json\/wp\/v2\/comments?post=27"}],"version-history":[{"count":12,"href":"https:\/\/portfolio.uqac.ca\/realdaigneault\/wp-json\/wp\/v2\/pages\/27\/revisions"}],"predecessor-version":[{"id":257,"href":"https:\/\/portfolio.uqac.ca\/realdaigneault\/wp-json\/wp\/v2\/pages\/27\/revisions\/257"}],"wp:attachment":[{"href":"https:\/\/portfolio.uqac.ca\/realdaigneault\/wp-json\/wp\/v2\/media?parent=27"}],"wp:term":[{"taxonomy":"post_tag","embeddable":true,"href":"https:\/\/portfolio.uqac.ca\/realdaigneault\/wp-json\/wp\/v2\/tags?post=27"}],"curies":[{"name":"wp","href":"https:\/\/api.w.org\/{rel}","templated":true}]}}