{"id":4,"date":"2020-06-02T11:22:41","date_gmt":"2020-06-02T15:22:41","guid":{"rendered":"http:\/\/portfolio-pre.uqac.ca\/gabarit\/?page_id=4"},"modified":"2020-07-07T09:12:46","modified_gmt":"2020-07-07T13:12:46","slug":"presentatio","status":"publish","type":"page","link":"https:\/\/portfolio.uqac.ca\/realdaigneault\/","title":{"rendered":"Pr\u00e9sentation"},"content":{"rendered":"<h2>R\u00e9al Daigneault,\u00a0 ing. g\u00e9o. Ph.D.<\/h2>\n<p>Professeur au d\u00e9partement des Sciences Appliqu\u00e9es (DSA)<\/p>\n<p>Unit\u00e9 d&#8217;enseignement en Sciences de la Terre (UESCT)<\/p>\n<p>Centre d&#8217;\u00e9tudes sur les ressources min\u00e9rales (CERM)<\/p>\n<h2>Champs d&#8217;int\u00e9r\u00eat<\/h2>\n<ul>\n<li>G\u00e9ologie structurale<\/li>\n<li>Analyse des terrains pr\u00e9cambriens<\/li>\n<li>Architecture et mouvement des failles et des zones de cisaillement<\/li>\n<li>Histoire g\u00e9ologique de la r\u00e9gion Saguenay-Lac-Saint-Jean<\/li>\n<li>Eaux souterraines<\/li>\n<li>G\u00e9omatique appliqu\u00e9e<\/li>\n<li>Exploration min\u00e9rale<\/li>\n<\/ul>\n<p>&nbsp;<\/p>\n","protected":false},"excerpt":{"rendered":"<p>R\u00e9al Daigneault,\u00a0 ing. g\u00e9o. Ph.D. Professeur au d\u00e9partement des Sciences Appliqu\u00e9es (DSA) Unit\u00e9 d&#8217;enseignement en Sciences de la Terre (UESCT) Centre d&#8217;\u00e9tudes sur les ressources min\u00e9rales (CERM) Champs d&#8217;int\u00e9r\u00eat G\u00e9ologie structurale Analyse des terrains pr\u00e9cambriens Architecture et mouvement des failles et des zones de cisaillement Histoire g\u00e9ologique de la r\u00e9gion Saguenay-Lac-Saint-Jean Eaux souterraines G\u00e9omatique appliqu\u00e9e &hellip; <a href=\"https:\/\/portfolio.uqac.ca\/realdaigneault\/\" class=\"more-link\">Continuer la lecture de <span class=\"screen-reader-text\">Pr\u00e9sentation<\/span>  <span class=\"meta-nav\">&rarr;<\/span><\/a><\/p>\n","protected":false},"author":89,"featured_media":188,"parent":0,"menu_order":0,"comment_status":"closed","ping_status":"closed","template":"","meta":{"footnotes":""},"tags":[],"_links":{"self":[{"href":"https:\/\/portfolio.uqac.ca\/realdaigneault\/wp-json\/wp\/v2\/pages\/4"}],"collection":[{"href":"https:\/\/portfolio.uqac.ca\/realdaigneault\/wp-json\/wp\/v2\/pages"}],"about":[{"href":"https:\/\/portfolio.uqac.ca\/realdaigneault\/wp-json\/wp\/v2\/types\/page"}],"author":[{"embeddable":true,"href":"https:\/\/portfolio.uqac.ca\/realdaigneault\/wp-json\/wp\/v2\/users\/89"}],"replies":[{"embeddable":true,"href":"https:\/\/portfolio.uqac.ca\/realdaigneault\/wp-json\/wp\/v2\/comments?post=4"}],"version-history":[{"count":18,"href":"https:\/\/portfolio.uqac.ca\/realdaigneault\/wp-json\/wp\/v2\/pages\/4\/revisions"}],"predecessor-version":[{"id":194,"href":"https:\/\/portfolio.uqac.ca\/realdaigneault\/wp-json\/wp\/v2\/pages\/4\/revisions\/194"}],"wp:featuredmedia":[{"embeddable":true,"href":"https:\/\/portfolio.uqac.ca\/realdaigneault\/wp-json\/wp\/v2\/media\/188"}],"wp:attachment":[{"href":"https:\/\/portfolio.uqac.ca\/realdaigneault\/wp-json\/wp\/v2\/media?parent=4"}],"wp:term":[{"taxonomy":"post_tag","embeddable":true,"href":"https:\/\/portfolio.uqac.ca\/realdaigneault\/wp-json\/wp\/v2\/tags?post=4"}],"curies":[{"name":"wp","href":"https:\/\/api.w.org\/{rel}","templated":true}]}}