{"id":18,"date":"2018-08-29T14:12:59","date_gmt":"2018-08-29T18:12:59","guid":{"rendered":"http:\/\/portfolio-pre.uqac.ca\/gabarit\/?page_id=18"},"modified":"2025-11-13T12:24:57","modified_gmt":"2025-11-13T17:24:57","slug":"enseignement","status":"publish","type":"page","link":"https:\/\/portfolio.uqac.ca\/remimorinchasse\/enseignement\/","title":{"rendered":"Enseignement"},"content":{"rendered":"<ul>\n<li>1ECC811 : Gestion des gaz \u00e0 effet de serre (GES) [contribution]<\/li>\n<li>2ECO102 : Environnement \u00e9conomique de l&#8217;entreprise<\/li>\n<li>2ECO205 : \u00c9conomie manag\u00e9riale<\/li>\n<li>2ECO600 : \u00c9conomie internationale<\/li>\n<li>2MGO704 : Environnement de l&#8217;organisation<\/li>\n<li>2MGO706 : M\u00e9thodes d&#8217;analyse des donn\u00e9es<\/li>\n<li>2MGO712 : L&#8217;entreprise et la mondialisation<\/li>\n<li>4ESR838B : Ph\u00e9nom\u00e8ne r\u00e9gional II : concepts et outils d&#8217;analyse (\u00e9conomique)<\/li>\n<\/ul>\n","protected":false},"excerpt":{"rendered":"<p>1ECC811 : Gestion des gaz \u00e0 effet de serre (GES) [contribution] 2ECO102 : Environnement \u00e9conomique de l&#8217;entreprise 2ECO205 : \u00c9conomie manag\u00e9riale 2ECO600 : \u00c9conomie internationale 2MGO704 : Environnement de l&#8217;organisation 2MGO706 : M\u00e9thodes d&#8217;analyse des donn\u00e9es 2MGO712 : L&#8217;entreprise et la mondialisation 4ESR838B : Ph\u00e9nom\u00e8ne r\u00e9gional II : concepts et outils d&#8217;analyse (\u00e9conomique)<\/p>\n","protected":false},"author":89,"featured_media":0,"parent":0,"menu_order":0,"comment_status":"closed","ping_status":"closed","template":"","meta":{"footnotes":""},"tags":[],"_links":{"self":[{"href":"https:\/\/portfolio.uqac.ca\/remimorinchasse\/wp-json\/wp\/v2\/pages\/18"}],"collection":[{"href":"https:\/\/portfolio.uqac.ca\/remimorinchasse\/wp-json\/wp\/v2\/pages"}],"about":[{"href":"https:\/\/portfolio.uqac.ca\/remimorinchasse\/wp-json\/wp\/v2\/types\/page"}],"author":[{"embeddable":true,"href":"https:\/\/portfolio.uqac.ca\/remimorinchasse\/wp-json\/wp\/v2\/users\/89"}],"replies":[{"embeddable":true,"href":"https:\/\/portfolio.uqac.ca\/remimorinchasse\/wp-json\/wp\/v2\/comments?post=18"}],"version-history":[{"count":7,"href":"https:\/\/portfolio.uqac.ca\/remimorinchasse\/wp-json\/wp\/v2\/pages\/18\/revisions"}],"predecessor-version":[{"id":228,"href":"https:\/\/portfolio.uqac.ca\/remimorinchasse\/wp-json\/wp\/v2\/pages\/18\/revisions\/228"}],"wp:attachment":[{"href":"https:\/\/portfolio.uqac.ca\/remimorinchasse\/wp-json\/wp\/v2\/media?parent=18"}],"wp:term":[{"taxonomy":"post_tag","embeddable":true,"href":"https:\/\/portfolio.uqac.ca\/remimorinchasse\/wp-json\/wp\/v2\/tags?post=18"}],"curies":[{"name":"wp","href":"https:\/\/api.w.org\/{rel}","templated":true}]}}