{"id":27,"date":"2021-06-03T15:50:20","date_gmt":"2021-06-03T19:50:20","guid":{"rendered":"http:\/\/portfolio-pre.uqac.ca\/gabarit\/?page_id=27"},"modified":"2022-09-07T14:19:57","modified_gmt":"2022-09-07T18:19:57","slug":"curriculum-vitae","status":"publish","type":"page","link":"https:\/\/portfolio.uqac.ca\/reneelucesimard\/curriculum-vitae\/","title":{"rendered":"Curriculum vitae"},"content":{"rendered":"<h2><strong>Dipl\u00f4mes<\/strong><\/h2>\n<p>2005 &#8211; Doctorat en Sciences de la Terre &#8211; Universit\u00e9 de Dalhousie, Halifax, Nouvelle \u00c9cosse<br \/>\nSp\u00e9cialisations: Volcanologie, G\u00e9ochimie, Tectonique<\/p>\n<p>2000 &#8211; Baccalaur\u00e9at en G\u00e9nie G\u00e9ologique &#8211; Universit\u00e9 du Qu\u00e9bec \u00e0 Chicoutimi (UQAC), Chicoutimi, Qu\u00e9bec<\/p>\n<h2><strong><br \/>\nDistinctions et bourses<br \/>\n<\/strong><\/h2>\n<ul>\n<li>Bourse d\u2019\u00e9tude post doctorales du FCAR (d\u00e9clin\u00e9e en raison de l\u2019acceptation d\u2019un poste de professeur assistant, Universit\u00e9 de Brandon), 2005<\/li>\n<li>Bourse d\u2019\u00e9tudes gradu\u00e9es du CRSNG (PGS B; Doctorat), 2003-2004<\/li>\n<li>Bourse d\u2019\u00e9tudes gradu\u00e9es du CRSNG (PGS A; Ma\u00eetrise), 2000-2002<\/li>\n<\/ul>\n<h2><strong><br \/>\nAffiliations professionnelles<\/strong><\/h2>\n<p>G\u00e9ologue Professionnel (G\u00e9o) &#8211;\u00a0Ordre des G\u00e9ologues du Qu\u00e9bec<\/p>\n<p>Ing\u00e9nieur (Ing) &#8211; Ordre des Ing\u00e9nieurs du Qu\u00e9bec<\/p>\n<h2><strong><br \/>\nExp\u00e9riences\u00a0<\/strong>professionnelles<strong><br \/>\n<\/strong><\/h2>\n<p>2021- &#8230;\u00a0 \u00a0 \u00a0 \u00a0 &#8211;\u00a0 \u00a0 \u00a0 \u00a0 \u00a0 \u00a0Professeur r\u00e9gulier, D\u00e9partement des sciences appliqu\u00e9es, Unit\u00e9 d&#8217;Enseignement des Sciences de la Terre &#8211;\u00a0Universit\u00e9 du Qu\u00e9bec \u00e0 Chicoutimi, Qu\u00e9bec<\/p>\n<p>2019-2021 &#8211;\u00a0 \u00a0 \u00a0 \u00a0 \u00a0 Responsable de laboratoires et Auxiliaire d\u2019enseignement en Sciences de la Terre &#8211;\u00a0\u00a0Universit\u00e9 du Qu\u00e9bec \u00e0 Chicoutimi, Qu\u00e9bec<\/p>\n<p>2018-2019 &#8211;\u00a0 \u00a0 \u00a0 \u00a0 \u00a0 Directrice g\u00e9n\u00e9rale &#8211; Commission G\u00e9ologique de l\u2019Ontario<\/p>\n<p>2016-2019 &#8211;\u00a0 \u00a0 \u00a0 \u00a0 \u00a0 Gestionnaire\u00a0(cartographie, laboratoire) &#8211;\u00a0Commission G\u00e9ologique de l\u2019Ontario<\/p>\n<p>2015-2016 &#8211;\u00a0 \u00a0 \u00a0 \u00a0 \u00a0 G\u00e9ologue du Pr\u00e9cambrien (Structure d\u2019impact de Sudbury)\u00a0&#8211;\u00a0Commission G\u00e9ologique de l\u2019Ontario<\/p>\n<p>2012-2015 &#8211;\u00a0 \u00a0 \u00a0 \u00a0 \u00a0 G\u00e9ologue de Project\/Exploration (Ni-Cu, PGEs, VMS) &#8211; Northern Shield Resources<\/p>\n<p>2006-2012 &#8211;\u00a0 \u00a0 \u00a0 \u00a0 \u00a0 G\u00e9ologue du Pr\u00e9cambrien &#8211; Commission g\u00e9ologique du Manitoba<\/p>\n<p>2005-2006 &#8211;\u00a0 \u00a0 \u00a0 \u00a0 \u00a0 \u00a0Professeur, D\u00e9partement de G\u00e9ologie &#8211; Brandon University, Manitoba<\/p>\n","protected":false},"excerpt":{"rendered":"<p>Dipl\u00f4mes 2005 &#8211; Doctorat en Sciences de la Terre &#8211; Universit\u00e9 de Dalhousie, Halifax, Nouvelle \u00c9cosse Sp\u00e9cialisations: Volcanologie, G\u00e9ochimie, Tectonique 2000 &#8211; Baccalaur\u00e9at en G\u00e9nie G\u00e9ologique &#8211; Universit\u00e9 du Qu\u00e9bec \u00e0 Chicoutimi (UQAC), Chicoutimi, Qu\u00e9bec Distinctions et bourses Bourse d\u2019\u00e9tude post doctorales du FCAR (d\u00e9clin\u00e9e en raison de l\u2019acceptation d\u2019un poste de professeur assistant, Universit\u00e9 &hellip; <a href=\"https:\/\/portfolio.uqac.ca\/reneelucesimard\/curriculum-vitae\/\" class=\"more-link\">Continuer la lecture de <span class=\"screen-reader-text\">Curriculum vitae<\/span>  <span class=\"meta-nav\">&rarr;<\/span><\/a><\/p>\n","protected":false},"author":89,"featured_media":0,"parent":0,"menu_order":0,"comment_status":"closed","ping_status":"closed","template":"","meta":{"footnotes":""},"tags":[],"_links":{"self":[{"href":"https:\/\/portfolio.uqac.ca\/reneelucesimard\/wp-json\/wp\/v2\/pages\/27"}],"collection":[{"href":"https:\/\/portfolio.uqac.ca\/reneelucesimard\/wp-json\/wp\/v2\/pages"}],"about":[{"href":"https:\/\/portfolio.uqac.ca\/reneelucesimard\/wp-json\/wp\/v2\/types\/page"}],"author":[{"embeddable":true,"href":"https:\/\/portfolio.uqac.ca\/reneelucesimard\/wp-json\/wp\/v2\/users\/89"}],"replies":[{"embeddable":true,"href":"https:\/\/portfolio.uqac.ca\/reneelucesimard\/wp-json\/wp\/v2\/comments?post=27"}],"version-history":[{"count":10,"href":"https:\/\/portfolio.uqac.ca\/reneelucesimard\/wp-json\/wp\/v2\/pages\/27\/revisions"}],"predecessor-version":[{"id":241,"href":"https:\/\/portfolio.uqac.ca\/reneelucesimard\/wp-json\/wp\/v2\/pages\/27\/revisions\/241"}],"wp:attachment":[{"href":"https:\/\/portfolio.uqac.ca\/reneelucesimard\/wp-json\/wp\/v2\/media?parent=27"}],"wp:term":[{"taxonomy":"post_tag","embeddable":true,"href":"https:\/\/portfolio.uqac.ca\/reneelucesimard\/wp-json\/wp\/v2\/tags?post=27"}],"curies":[{"name":"wp","href":"https:\/\/api.w.org\/{rel}","templated":true}]}}