{"id":27,"date":"2012-07-24T12:57:18","date_gmt":"2012-07-24T12:57:18","guid":{"rendered":"http:\/\/portfolio-pre.uqac.ca\/gabarit\/?page_id=27"},"modified":"2021-02-05T18:36:46","modified_gmt":"2021-02-05T23:36:46","slug":"curriculum-vitae","status":"publish","type":"page","link":"https:\/\/portfolio.uqac.ca\/rezajafariaminabadi\/curriculum-vitae\/","title":{"rendered":"Curriculum vitae"},"content":{"rendered":"<p><strong>Dipl\u00f4mes : <\/strong><\/p>\n<p>Dipl\u00f4me 1:\u00a0Docteur en G\u00e9nie des Proc\u00e9d\u00e9s et Hautes Technologies (Ph.D.),\u00a0Universit\u00e9 Pierre et Marie Curie (Paris 6)- Paris, France.<\/p>\n<p>Dipl\u00f4me 2: M. Sc. G\u00e9nie Chimique<br \/>\nSharif University of Technology, Tehran, Iran.<\/p>\n<p>Dipl\u00f4me 3: Dipl\u00f4me d\u2019ing\u00e9nieur de g\u00e9nie Chimie (p\u00e9trochimie)<br \/>\nIsfahan University of Technology, Isfahan, Iran.<\/p>\n<p>&nbsp;<\/p>\n<p><strong>\u00a0<\/strong><\/p>\n<p>&nbsp;<\/p>\n","protected":false},"excerpt":{"rendered":"<p>Dipl\u00f4mes : Dipl\u00f4me 1:\u00a0Docteur en G\u00e9nie des Proc\u00e9d\u00e9s et Hautes Technologies (Ph.D.),\u00a0Universit\u00e9 Pierre et Marie Curie (Paris 6)- Paris, France. Dipl\u00f4me 2: M. Sc. G\u00e9nie Chimique Sharif University of Technology, Tehran, Iran. Dipl\u00f4me 3: Dipl\u00f4me d\u2019ing\u00e9nieur de g\u00e9nie Chimie (p\u00e9trochimie) Isfahan University of Technology, Isfahan, Iran. &nbsp; \u00a0 &nbsp;<\/p>\n","protected":false},"author":15,"featured_media":0,"parent":0,"menu_order":0,"comment_status":"closed","ping_status":"closed","template":"","meta":{"footnotes":""},"tags":[],"_links":{"self":[{"href":"https:\/\/portfolio.uqac.ca\/rezajafariaminabadi\/wp-json\/wp\/v2\/pages\/27"}],"collection":[{"href":"https:\/\/portfolio.uqac.ca\/rezajafariaminabadi\/wp-json\/wp\/v2\/pages"}],"about":[{"href":"https:\/\/portfolio.uqac.ca\/rezajafariaminabadi\/wp-json\/wp\/v2\/types\/page"}],"author":[{"embeddable":true,"href":"https:\/\/portfolio.uqac.ca\/rezajafariaminabadi\/wp-json\/wp\/v2\/users\/15"}],"replies":[{"embeddable":true,"href":"https:\/\/portfolio.uqac.ca\/rezajafariaminabadi\/wp-json\/wp\/v2\/comments?post=27"}],"version-history":[{"count":6,"href":"https:\/\/portfolio.uqac.ca\/rezajafariaminabadi\/wp-json\/wp\/v2\/pages\/27\/revisions"}],"predecessor-version":[{"id":181,"href":"https:\/\/portfolio.uqac.ca\/rezajafariaminabadi\/wp-json\/wp\/v2\/pages\/27\/revisions\/181"}],"wp:attachment":[{"href":"https:\/\/portfolio.uqac.ca\/rezajafariaminabadi\/wp-json\/wp\/v2\/media?parent=27"}],"wp:term":[{"taxonomy":"post_tag","embeddable":true,"href":"https:\/\/portfolio.uqac.ca\/rezajafariaminabadi\/wp-json\/wp\/v2\/tags?post=27"}],"curies":[{"name":"wp","href":"https:\/\/api.w.org\/{rel}","templated":true}]}}