{"id":27,"date":"2012-07-24T12:57:18","date_gmt":"2012-07-24T12:57:18","guid":{"rendered":"http:\/\/portfolio-pre.uqac.ca\/gabarit\/?page_id=27"},"modified":"2026-04-05T16:57:17","modified_gmt":"2026-04-05T20:57:17","slug":"curriculum-vitae","status":"publish","type":"page","link":"https:\/\/portfolio.uqac.ca\/rodrigueebata\/curriculum-vitae\/","title":{"rendered":"Curriculum vitae"},"content":{"rendered":"<h2><strong>Dipl\u00f4mes<\/strong><\/h2>\n<ol>\n<li>\u00a0Doctorat en droit des affaires, Universit\u00e9 Laval (2022)<br \/>\nTitre de th\u00e8se: La gestion des risques juridiques par les microentreprises au Qu\u00e9bec : repenser la r\u00e9solution des conflits pour assurer leur p\u00e9rennit\u00e9. Statut du dipl\u00f4me: Obtenu<\/li>\n<li>Ma\u00eetrise en droit des affaires, Universit\u00e9 de Montr\u00e9al<br \/>\nTitre de th\u00e8se: La r\u00e9solution du contrat de vente en droit OHADA : d&#8217;une r\u00e9forme \u00e0 l&#8217;autre. Statut du dipl\u00f4me: Obtenu<\/li>\n<li>\u00c9quivalent du Baccalaur\u00e9at, Licence en droit et \u00e9conomie-gestion, Droit, Universit\u00e9 de Montr\u00e9al et Universit\u00e9 Lyon<br \/>\nIII &#8211; Jean Moulin. Statut du dipl\u00f4me: Obtenu.<\/li>\n<\/ol>\n<h2><strong><br \/>\nDistinctions et bourses<br \/>\n<\/strong><\/h2>\n<ol>\n<li>Bourse d\u2019excellence du fonds Yvon Martineau &#8211; 8 000 $, Centre d&#8217;\u00e9tudes en droit \u00e9conomique (C\u00c9D\u00c9), Universit\u00e9 Laval (2020)<\/li>\n<li>Bourse d\u2019excellence du fonds Paule-Gauthier-Cabinet d&#8217;avocats Stein Monast ( gouvernance d&#8217;entreprise) -2 500 $ (2019)<br \/>\nBourse citoyens du monde Fondation famille Choquette 10 000 $ (2019)<\/li>\n<li>Meilleur m\u00e9moire de d\u00e9fense, Concours international d\u2019arbitrage Willem C. Vis, Vienne, Autriche\u00a0 (2012).<\/li>\n<\/ol>\n<h2><strong><br \/>\nAffiliations professionnelles<\/strong><\/h2>\n<ol>\n<li>Administrateur agr\u00e9\u00e9, Ordre des administrateurs agr\u00e9\u00e9s du Qu\u00e9bec (2023)<\/li>\n<li>Avocat, Barreau du Qu\u00e9bec (2018)<\/li>\n<\/ol>\n<h2>Activit\u00e9s<\/h2>\n<ol>\n<li>Professeur en droit des affaires, DSEA, UQAC (2023)<\/li>\n<li>Professeur \u00e0 temps partiel de droit de l&#8217;entreprise<br \/>\nSection de droit civil, Universit\u00e9 d&#8217;Ottawa (2022)<\/li>\n<li>Avocat en milieu communautaire<br \/>\nCentre de justice de proximit\u00e9 de l&#8217;Outaouais (2021)<\/li>\n<li>Charg\u00e9 de cours en droit de l&#8217;entreprise<br \/>\nFacult\u00e9 de droit, Universit\u00e9 Laval (2017-2019)<\/li>\n<li>Assistant de recherche \u00e0 l&#8217;\u00c9cole nationale d&#8217;administration publique (ENAP), Service aux organisations (2018)<\/li>\n<\/ol>\n","protected":false},"excerpt":{"rendered":"<p>Dipl\u00f4mes \u00a0Doctorat en droit des affaires, Universit\u00e9 Laval (2022) Titre de th\u00e8se: La gestion des risques juridiques par les microentreprises au Qu\u00e9bec : repenser la r\u00e9solution des conflits pour assurer leur p\u00e9rennit\u00e9. Statut du dipl\u00f4me: Obtenu Ma\u00eetrise en droit des affaires, Universit\u00e9 de Montr\u00e9al Titre de th\u00e8se: La r\u00e9solution du contrat de vente en droit &hellip; <a href=\"https:\/\/portfolio.uqac.ca\/rodrigueebata\/curriculum-vitae\/\" class=\"more-link\">Continuer la lecture de <span class=\"screen-reader-text\">Curriculum vitae<\/span>  <span class=\"meta-nav\">&rarr;<\/span><\/a><\/p>\n","protected":false},"author":406,"featured_media":0,"parent":0,"menu_order":0,"comment_status":"closed","ping_status":"closed","template":"","meta":{"footnotes":""},"tags":[],"_links":{"self":[{"href":"https:\/\/portfolio.uqac.ca\/rodrigueebata\/wp-json\/wp\/v2\/pages\/27"}],"collection":[{"href":"https:\/\/portfolio.uqac.ca\/rodrigueebata\/wp-json\/wp\/v2\/pages"}],"about":[{"href":"https:\/\/portfolio.uqac.ca\/rodrigueebata\/wp-json\/wp\/v2\/types\/page"}],"author":[{"embeddable":true,"href":"https:\/\/portfolio.uqac.ca\/rodrigueebata\/wp-json\/wp\/v2\/users\/406"}],"replies":[{"embeddable":true,"href":"https:\/\/portfolio.uqac.ca\/rodrigueebata\/wp-json\/wp\/v2\/comments?post=27"}],"version-history":[{"count":8,"href":"https:\/\/portfolio.uqac.ca\/rodrigueebata\/wp-json\/wp\/v2\/pages\/27\/revisions"}],"predecessor-version":[{"id":285,"href":"https:\/\/portfolio.uqac.ca\/rodrigueebata\/wp-json\/wp\/v2\/pages\/27\/revisions\/285"}],"wp:attachment":[{"href":"https:\/\/portfolio.uqac.ca\/rodrigueebata\/wp-json\/wp\/v2\/media?parent=27"}],"wp:term":[{"taxonomy":"post_tag","embeddable":true,"href":"https:\/\/portfolio.uqac.ca\/rodrigueebata\/wp-json\/wp\/v2\/tags?post=27"}],"curies":[{"name":"wp","href":"https:\/\/api.w.org\/{rel}","templated":true}]}}