{"id":162,"date":"2019-03-14T16:12:52","date_gmt":"2019-03-14T20:12:52","guid":{"rendered":"http:\/\/portfolio-pre.uqac.ca\/gabarit\/?page_id=162"},"modified":"2025-12-16T11:30:09","modified_gmt":"2025-12-16T16:30:09","slug":"publications-2","status":"publish","type":"page","link":"https:\/\/portfolio.uqac.ca\/rosalierainville\/publications-2\/","title":{"rendered":"Publications"},"content":{"rendered":"<h2>Livre\u00a0:<\/h2>\n<p>Rainville, R. (2027). <em>Cultiver autrement\u00a0: Une sociologie des modes de vie alternatifs, <\/em>Presses de l\u2019Universit\u00e9 Laval (PUL), coll. \u00ab\u00a0Sociologie contemporaine\u00a0\u00bb.<\/p>\n<h2>Articles revus par les pairs\u00a0:<\/h2>\n<p>Rainville, R. (2024). \u00ab\u00a0Cultiver la sobri\u00e9t\u00e9 : la subsistance au c\u0153ur des modes de vie agricoles et alimentaires alternatifs\u00a0\u00bb, <em>Lien social et Politiques<\/em>, num\u00e9ro sp\u00e9cial \u00ab Qu\u2019est-ce qu\u2019une vie sobre?\u00a0\u00bb, No 93, p.199-217. <a href=\"https:\/\/www.erudit.org\/fr\/revues\/lsp\/2024-n93-lsp09809\/1115795ar\/\">https:\/\/www.erudit.org\/fr\/revues\/lsp\/2024-n93-lsp09809\/1115795ar\/<\/a><\/p>\n<p>Rainville, R. (2019). \u00ab\u00a0L\u2019\u00e9thique du terroir : un nouveau rapport au territoire et \u00e0 la soci\u00e9t\u00e9\u00a0\u00bb, <em>Ethica, <\/em>Volume 23, No 1, pp. 81-103. <a href=\"https:\/\/www.uqar.ca\/app\/uploads\/2024\/05\/04-rainville.pdf\">https:\/\/www.uqar.ca\/app\/uploads\/2024\/05\/04-rainville.pdf<\/a><\/p>\n<h2>Recensions d\u2019ouvrage\u00a0:<\/h2>\n<p>Rainville, R. (2024). \u00ab\u00a0Recension de l\u2019ouvrage de Genevi\u00e8ve Pruvost, <em>La subsistance au quotidien. Conter ce qui compte<\/em>, Paris, La D\u00e9couverte, coll. L&#8217;horizon des possibles, 2024\u00a0\u00bb, <em>Anthropologie et Soci\u00e9t\u00e9s<\/em>, No 49-1, <a href=\"https:\/\/www.erudit.org\/fr\/revues\/as\/2025-v49-n1-as010219\/1119577ar\/\">https:\/\/www.erudit.org\/fr\/revues\/as\/2025-v49-n1-as010219\/1119577ar\/<\/a><\/p>\n<p>Rainville, R. (2023). \u00ab\u00a0Recension de l\u2019ouvrage de Estelle Del\u00e9age, <em>Paysans alternatifs, semeurs d\u2019avenir<\/em>, Lormont, Le bord de l\u2019eau, 2023\u00a0\u00bb, <em>Lectures Liens-socio<\/em>, <a href=\"https:\/\/journals.openedition.org\/lectures\/60761\">https:\/\/journals.openedition.org\/lectures\/60761<\/a><\/p>\n<h2>Th\u00e8se de doctorat et m\u00e9moire de ma\u00eetrise\u00a0:<\/h2>\n<p>Rainville, R. (2024). \u00ab\u00a0Cultiver autrement\u00a0: une sociologie des initiatives agricoles et alimentaires alternatives au Qu\u00e9bec\u00a0\u00bb, Th\u00e8se de doctorat, sociologie, UQAM <a href=\"https:\/\/archipel.uqam.ca\/18516\/\">https:\/\/archipel.uqam.ca\/18516\/<\/a><\/p>\n<p>Rainville, R. (2016). \u00ab La r\u00e9silience par le terroir\u00a0: Une sociologie du bien-vivre dans les Hautes-Laurentides \u00bb, M\u00e9moire de ma\u00eetrise, sociologie, UdeM <a href=\"http:\/\/hdl.handle.net\/1866\/18847\">http:\/\/hdl.handle.net\/1866\/18847<\/a><\/p>\n","protected":false},"excerpt":{"rendered":"<p>Livre\u00a0: Rainville, R. (2027). Cultiver autrement\u00a0: Une sociologie des modes de vie alternatifs, Presses de l\u2019Universit\u00e9 Laval (PUL), coll. \u00ab\u00a0Sociologie contemporaine\u00a0\u00bb. Articles revus par les pairs\u00a0: Rainville, R. (2024). \u00ab\u00a0Cultiver la sobri\u00e9t\u00e9 : la subsistance au c\u0153ur des modes de vie agricoles et alimentaires alternatifs\u00a0\u00bb, Lien social et Politiques, num\u00e9ro sp\u00e9cial \u00ab Qu\u2019est-ce qu\u2019une vie &hellip; <a href=\"https:\/\/portfolio.uqac.ca\/rosalierainville\/publications-2\/\" class=\"more-link\">Continuer la lecture de <span class=\"screen-reader-text\">Publications<\/span>  <span class=\"meta-nav\">&rarr;<\/span><\/a><\/p>\n","protected":false},"author":89,"featured_media":0,"parent":0,"menu_order":0,"comment_status":"closed","ping_status":"closed","template":"","meta":{"footnotes":""},"tags":[],"_links":{"self":[{"href":"https:\/\/portfolio.uqac.ca\/rosalierainville\/wp-json\/wp\/v2\/pages\/162"}],"collection":[{"href":"https:\/\/portfolio.uqac.ca\/rosalierainville\/wp-json\/wp\/v2\/pages"}],"about":[{"href":"https:\/\/portfolio.uqac.ca\/rosalierainville\/wp-json\/wp\/v2\/types\/page"}],"author":[{"embeddable":true,"href":"https:\/\/portfolio.uqac.ca\/rosalierainville\/wp-json\/wp\/v2\/users\/89"}],"replies":[{"embeddable":true,"href":"https:\/\/portfolio.uqac.ca\/rosalierainville\/wp-json\/wp\/v2\/comments?post=162"}],"version-history":[{"count":6,"href":"https:\/\/portfolio.uqac.ca\/rosalierainville\/wp-json\/wp\/v2\/pages\/162\/revisions"}],"predecessor-version":[{"id":239,"href":"https:\/\/portfolio.uqac.ca\/rosalierainville\/wp-json\/wp\/v2\/pages\/162\/revisions\/239"}],"wp:attachment":[{"href":"https:\/\/portfolio.uqac.ca\/rosalierainville\/wp-json\/wp\/v2\/media?parent=162"}],"wp:term":[{"taxonomy":"post_tag","embeddable":true,"href":"https:\/\/portfolio.uqac.ca\/rosalierainville\/wp-json\/wp\/v2\/tags?post=162"}],"curies":[{"name":"wp","href":"https:\/\/api.w.org\/{rel}","templated":true}]}}