{"id":18,"date":"2012-07-23T20:05:15","date_gmt":"2012-07-23T20:05:15","guid":{"rendered":"http:\/\/portfolio-pre.uqac.ca\/gabarit\/?page_id=18"},"modified":"2025-12-16T11:30:36","modified_gmt":"2025-12-16T16:30:36","slug":"enseignement","status":"publish","type":"page","link":"https:\/\/portfolio.uqac.ca\/rosalierainville\/enseignement\/","title":{"rendered":"Enseignement"},"content":{"rendered":"<h2>\u00c0 la ma\u00eetrise\u00a0:<\/h2>\n<ul>\n<li><a href=\"https:\/\/programmes.uqac.ca\/4ESR812\">4ESR812<\/a> : Agriculture, alimentation et soci\u00e9t\u00e9<\/li>\n<\/ul>\n<h2><strong>Au doctorat\u00a0: <\/strong><\/h2>\n<ul>\n<li style=\"list-style-type: none;\">\n<ul>\n<li><a href=\"https:\/\/programmes.uqac.ca\/SHA7055\">SHA7055<\/a>: S\u00e9minaire sur l&#8217;interdisciplinarit\u00e9<\/li>\n<li><a href=\"https:\/\/programmes.uqac.ca\/SHA7015\">SHA7015<\/a>: \u00c9pist\u00e9mologie : sciences humaines appliqu\u00e9es<\/li>\n<li><a href=\"https:\/\/programmes.uqac.ca\/ddr9042\">DDR9042<\/a> : S\u00e9minaire th\u00e9matique en d\u00e9veloppement r\u00e9gional et territorial<\/li>\n<\/ul>\n<\/li>\n<\/ul>\n","protected":false},"excerpt":{"rendered":"<p>\u00c0 la ma\u00eetrise\u00a0: 4ESR812 : Agriculture, alimentation et soci\u00e9t\u00e9 Au doctorat\u00a0: SHA7055: S\u00e9minaire sur l&#8217;interdisciplinarit\u00e9 SHA7015: \u00c9pist\u00e9mologie : sciences humaines appliqu\u00e9es DDR9042 : S\u00e9minaire th\u00e9matique en d\u00e9veloppement r\u00e9gional et territorial<\/p>\n","protected":false},"author":89,"featured_media":0,"parent":0,"menu_order":0,"comment_status":"closed","ping_status":"closed","template":"","meta":{"footnotes":""},"tags":[],"_links":{"self":[{"href":"https:\/\/portfolio.uqac.ca\/rosalierainville\/wp-json\/wp\/v2\/pages\/18"}],"collection":[{"href":"https:\/\/portfolio.uqac.ca\/rosalierainville\/wp-json\/wp\/v2\/pages"}],"about":[{"href":"https:\/\/portfolio.uqac.ca\/rosalierainville\/wp-json\/wp\/v2\/types\/page"}],"author":[{"embeddable":true,"href":"https:\/\/portfolio.uqac.ca\/rosalierainville\/wp-json\/wp\/v2\/users\/89"}],"replies":[{"embeddable":true,"href":"https:\/\/portfolio.uqac.ca\/rosalierainville\/wp-json\/wp\/v2\/comments?post=18"}],"version-history":[{"count":27,"href":"https:\/\/portfolio.uqac.ca\/rosalierainville\/wp-json\/wp\/v2\/pages\/18\/revisions"}],"predecessor-version":[{"id":240,"href":"https:\/\/portfolio.uqac.ca\/rosalierainville\/wp-json\/wp\/v2\/pages\/18\/revisions\/240"}],"wp:attachment":[{"href":"https:\/\/portfolio.uqac.ca\/rosalierainville\/wp-json\/wp\/v2\/media?parent=18"}],"wp:term":[{"taxonomy":"post_tag","embeddable":true,"href":"https:\/\/portfolio.uqac.ca\/rosalierainville\/wp-json\/wp\/v2\/tags?post=18"}],"curies":[{"name":"wp","href":"https:\/\/api.w.org\/{rel}","templated":true}]}}