{"id":25,"date":"2012-07-24T12:43:40","date_gmt":"2012-07-24T12:43:40","guid":{"rendered":"http:\/\/portfolio-pre.uqac.ca\/gabarit\/?page_id=25"},"modified":"2025-12-16T11:29:16","modified_gmt":"2025-12-16T16:29:16","slug":"communications","status":"publish","type":"page","link":"https:\/\/portfolio.uqac.ca\/rosalierainville\/communications\/","title":{"rendered":"Communications"},"content":{"rendered":"<h2>Conf\u00e9renci\u00e8re dans le cadre de colloques scientifiques<\/h2>\n<p>Rainville, R. (2025). \u00ab Les petites coop\u00e9ratives agricoles et les fiducies d&#8217;utilit\u00e9 sociale agro\u00e9cologiques (FUSA) : des approches collaboratives qui transforment les dynamiques socio-territoriales \u00bb, Congr\u00e8s de l&#8217;ACFAS, Colloque 31\u00a0: Les ruralit\u00e9s en transition : diversit\u00e9 des enjeux et approches collaboratives innovantes, Montr\u00e9al.<\/p>\n<p>Rainville, R. (2024). \u00ab Les pratiques de r\u00e9sistance des paysans alternatifs comme forme de radicalit\u00e9 d\u00e9mocratique \u00bb, Colloque Ethnographies de la d\u00e9mocratie radicale, Universit\u00e9 de Caen Normandie, France.<\/p>\n<p>Rainville, R. (2023). \u00ab Cultiver, vivre et habiter autrement le territoire : L\u2019exemple des r\u00e9sistances agricoles et alimentaires au Qu\u00e9bec \u00bb, Congr\u00e8s de l\u2019ACFAS, Colloque 630\u00a0: Transitions \u00e9nerg\u00e9tiques et agroalimentaires \u00bb, Montr\u00e9al.<\/p>\n<p>Rainville, R. (2022). \u00ab Une ethnographie des modes de vie terroiristes : enjeux et d\u00e9fis m\u00e9thodologiques \u00bb, Congr\u00e8s de l\u2019ACFAS, Colloque 455\u00a0: Les enjeux actuels de l\u2019exp\u00e9rience de terrain \u00bb, Montr\u00e9al.<\/p>\n<p>Rainville, R. (2022). \u00ab Les initiatives agricoles et alimentaires li\u00e9es au terroir au Qu\u00e9bec : de nouvelles mani\u00e8res d\u2019habiter et de cultiver le territoire \u00bb, Congr\u00e8s de l\u2019ACFAS, Colloque 408\u00a0: Des territoires en transition : les multiples facettes du d\u00e9veloppement territorial \u00bb, Montr\u00e9al.<\/p>\n<p>Rainville, R. (2021). \u00ab Les initiatives agricoles et alimentaires li\u00e9es au terroir: une autre mani\u00e8re de cultiver et d\u2019habiter le territoire? \u00bb, Congr\u00e8s de l\u2019Association internationale des sociologues de langue fran\u00e7aise (AISLF), CR17\u00a0: Sociologie et anthropologie de l\u2019alimentation\u00a0\u00bb, Montr\u00e9al.<\/p>\n<p>Rainville, R. (2021). \u00ab Enqu\u00eater sur les initiatives agricoles et alimentaires li\u00e9es au terroir au Qu\u00e9bec : une approche m\u00e9thodologique qualitative \u00bb, Colloque du Laboratoire de recherches ethnographiques du Qu\u00e9bec \u00bb (LABREQ), UQAM, Montr\u00e9al.<\/p>\n<p>Rainville, R. (2018). \u00ab\u00a0Les initiatives li\u00e9es au terroir au Qu\u00e9bec : des pratiques et des repr\u00e9sentations entre pass\u00e9 et futur\u00a0\u00bb, Congr\u00e8s de l\u2019Institut d\u2019histoire de l\u2019Am\u00e9rique fran\u00e7aise (IHAF), UQTR, Drummondville.<\/p>\n<p>Rainville, R. (2018). \u00ab Les initiatives agroalimentaires li\u00e9es au terroir au Qu\u00e9bec : quelles pratiques et repr\u00e9sentations sociales?\u00a0\u00bb, Colloque du Laboratoire de recherches ethnographiques du Qu\u00e9bec \u00bb (LABREQ), UQAM, Montr\u00e9al.<\/p>\n<p>Rainville, R. (2016). \u00ab Le terroir : un outil de red\u00e9finition du vivre ensemble\u00a0\u00bb, Congr\u00e8s de l&#8217;Association internationale des sociologues de langue fran\u00e7aise (AISLF), CR17\u00a0: Sociologie et anthropologie de l\u2019alimentation, Montr\u00e9al.<\/p>\n<p>Rainville, R. (2016). \u00ab Construire l\u2019avenir d\u2019une r\u00e9gion par le terroir: l&#8217;exemple des Hautes-Laurentides\u00a0\u00bb, Colloque \u00c9tudes du fait alimentaire en Am\u00e9rique, UQAM, Montr\u00e9al.<\/p>\n<p>Rainville, R. (2013). \u00ab Les modes de consommation et de production alternatifs : quand le biologique, le local et l\u2019\u00e9quitable structurent l\u2019acte alimentaire \u00bb, Colloque des \u00e9tudiants de cycles sup\u00e9rieurs du d\u00e9partement de sociologie de l&#8217;Universit\u00e9 de Montr\u00e9al, UdeM.<\/p>\n<h2>Conf\u00e9rences sur invitation<\/h2>\n<p>Rainville, R. (2023). \u00ab L\u2019agriculture industrielle et l\u2019engagement dans des modes de vie alternatifs\u00a0\u00bb, conf\u00e9renci\u00e8re invit\u00e9e dans le s\u00e9minaire \u00ab\u00a0Nature, environnement et anthropoc\u00e8ne\u00a0\u00bb (ANT7002), ULaval, Qu\u00e9bec.<\/p>\n<p>Rainville, R. (2023). \u00ab Les initiatives agricoles et alimentaires alternatives : Une nouvelle ar\u00e8ne d\u2019engagement?\u00a0\u00bb, conf\u00e9renci\u00e8re invit\u00e9e dans le s\u00e9minaire \u00ab Sociologie de l&#8217;environnement \u00bb (SOL6242), UdeM, Montr\u00e9al.<\/p>\n<p>Rainville, R. (2021). \u00ab Le marketing du terroir \u00bb, conf\u00e9renci\u00e8re invit\u00e9e dans le cours \u00ab\u00a0Tourisme et loisirs gourmands \u00bb (EUT5507), ESG-UQAM, Montr\u00e9al.<\/p>\n<p>Rainville, R. (2021). \u00ab La question du terroir et des nouvelles mani\u00e8res d&#8217;habiter le territoire\u00a0\u00bb, conf\u00e9renci\u00e8re invit\u00e9e dans le s\u00e9minaire \u00ab\u00a0Sociologie de l&#8217;environnement \u00bb (SOL6242), UdeM, Montr\u00e9al.<\/p>\n<p>Rainville, R. (2019). \u00ab Le terroir comme nouveau champ de recherche en sociologie \u00bb, conf\u00e9renci\u00e8re invit\u00e9e au Colloque anniversaire du Certificat en gestion et pratiques socioculturelles de la gastronomie de l\u2019UQAM.<\/p>\n<p>Rainville, R. (2018). \u00ab Le terroir au Qu\u00e9bec : Quels enjeux sociaux?\u00a0\u00bb, conf\u00e9renci\u00e8re invit\u00e9e dans le cours \u00ab\u00a0Terroir et d\u00e9veloppement local \u00bb (EUT5508), UQAM, Montr\u00e9al.<\/p>\n<p>Rainville, R. (2017). \u00ab La r\u00e9silience par le terroir : Une sociologie du bien-vivre dans les Hautes- Laurentides \u00bb, conf\u00e9renci\u00e8re invit\u00e9e pour le prix George Henry-L\u00e9vesque pour le meilleur m\u00e9moire de maitrise 2016 de l\u2019ACSALF.<\/p>\n<p>Rainville, R. (2016). \u00ab Les pratiques alternatives de consommation alimentaire : entre d\u00e9veloppement durable et d\u00e9croissance soutenable \u00bb, conf\u00e9renci\u00e8re invit\u00e9e dans le cours \u00ab\u00a0Sociologie de l&#8217;environnement\u00a0\u00bb (SOL2200), UdeM, Montr\u00e9al.<\/p>\n<h2><strong>Tables rondes et \u00e9v\u00e8nements grand public<\/strong><\/h2>\n<p>Rainville, R. (2025). \u00ab\u00a0Vers une agriculture collective. Les fiducies d&#8217;utilit\u00e9 sociale agro\u00e9cologiques (FUSA) solutions pour demain !\u00a0\u00bb, co-organisation et participation \u00e0 la table-ronde sur les FUSA, en collaboration avec le DSHS UQAC et le GRIDEQ UQAR, Chicoutimi.<\/p>\n<p>Rainville, R. (2019). \u00ab L\u2019\u00e9tude sociologique du terroir dans la r\u00e9gion des Hautes-Laurentides \u00bb, Pr\u00e9sentation lors de l\u2019Assembl\u00e9e g\u00e9n\u00e9rale annuelle de l\u2019UPA, Ferme-Neuve.<\/p>\n","protected":false},"excerpt":{"rendered":"<p>Conf\u00e9renci\u00e8re dans le cadre de colloques scientifiques Rainville, R. (2025). \u00ab Les petites coop\u00e9ratives agricoles et les fiducies d&#8217;utilit\u00e9 sociale agro\u00e9cologiques (FUSA) : des approches collaboratives qui transforment les dynamiques socio-territoriales \u00bb, Congr\u00e8s de l&#8217;ACFAS, Colloque 31\u00a0: Les ruralit\u00e9s en transition : diversit\u00e9 des enjeux et approches collaboratives innovantes, Montr\u00e9al. Rainville, R. (2024). \u00ab Les &hellip; <a href=\"https:\/\/portfolio.uqac.ca\/rosalierainville\/communications\/\" class=\"more-link\">Continuer la lecture de <span class=\"screen-reader-text\">Communications<\/span>  <span class=\"meta-nav\">&rarr;<\/span><\/a><\/p>\n","protected":false},"author":89,"featured_media":0,"parent":0,"menu_order":0,"comment_status":"closed","ping_status":"closed","template":"","meta":{"footnotes":""},"tags":[],"_links":{"self":[{"href":"https:\/\/portfolio.uqac.ca\/rosalierainville\/wp-json\/wp\/v2\/pages\/25"}],"collection":[{"href":"https:\/\/portfolio.uqac.ca\/rosalierainville\/wp-json\/wp\/v2\/pages"}],"about":[{"href":"https:\/\/portfolio.uqac.ca\/rosalierainville\/wp-json\/wp\/v2\/types\/page"}],"author":[{"embeddable":true,"href":"https:\/\/portfolio.uqac.ca\/rosalierainville\/wp-json\/wp\/v2\/users\/89"}],"replies":[{"embeddable":true,"href":"https:\/\/portfolio.uqac.ca\/rosalierainville\/wp-json\/wp\/v2\/comments?post=25"}],"version-history":[{"count":11,"href":"https:\/\/portfolio.uqac.ca\/rosalierainville\/wp-json\/wp\/v2\/pages\/25\/revisions"}],"predecessor-version":[{"id":238,"href":"https:\/\/portfolio.uqac.ca\/rosalierainville\/wp-json\/wp\/v2\/pages\/25\/revisions\/238"}],"wp:attachment":[{"href":"https:\/\/portfolio.uqac.ca\/rosalierainville\/wp-json\/wp\/v2\/media?parent=25"}],"wp:term":[{"taxonomy":"post_tag","embeddable":true,"href":"https:\/\/portfolio.uqac.ca\/rosalierainville\/wp-json\/wp\/v2\/tags?post=25"}],"curies":[{"name":"wp","href":"https:\/\/api.w.org\/{rel}","templated":true}]}}